000
CDUS41 KCLE 292225
CLICAK


CLIMATE REPORT
NATIONAL WEATHER SERVICE CLEVELAND OH
524 PM EST THU DEC 29 2016


...................................

...THE AKRON CANTON OH CLIMATE SUMMARY FOR DECEMBER 29 2016...
VALID TODAY AS OF 0500 PM LOCAL TIME.

CLIMATE NORMAL PERIOD 1981 TO 2010
CLIMATE RECORD PERIOD 1887 TO 2016


WEATHER ITEM   OBSERVED TIME   RECORD YEAR NORMAL DEPARTURE LAST
                VALUE   (LST)  VALUE       VALUE  FROM      YEAR
                                                  NORMAL
..................................................................
TEMPERATURE (F)
 TODAY
  MAXIMUM         39    359 PM  65    1889  34      5       52
  MINIMUM         33   1243 AM  -5    1961  21     12       38
                                      1924
  AVERAGE         36                        27      9       45

PRECIPITATION (IN)
  TODAY            0.04                      0.09  -0.05     0.10
  MONTH TO DATE    2.95                      2.67   0.28     3.70
  SINCE DEC 1      2.95                      2.67   0.28     3.70
  SINCE JAN 1     38.60                     39.45  -0.85    41.23

SNOWFALL (IN)
  TODAY            0.6                       0.3    0.3      0.0
  MONTH TO DATE    7.3                       9.4   -2.1      0.2
  SINCE DEC 1      7.3                       9.4   -2.1      0.2
  SINCE JUL 1      9.4                      12.8   -3.4      0.2
  SNOW DEPTH       0

DEGREE DAYS
 HEATING
  TODAY           29                        38     -9       20
  MONTH TO DATE  997                       997      0      593
  SINCE DEC 1    997                       997      0      593
  SINCE JUL 1   1875                      2256   -381     1473

 COOLING
  TODAY            0                         0      0        0
  MONTH TO DATE    0                         0      0        0
  SINCE DEC 1      0                         0      0        0
  SINCE JAN 1   1133                       652    481      958
..................................................................


WIND (MPH)
  HIGHEST WIND SPEED    23   HIGHEST WIND DIRECTION     W (260)
  HIGHEST GUST SPEED    31   HIGHEST GUST DIRECTION     W (280)


SKY COVER
  POSSIBLE SUNSHINE  MM
  AVERAGE SKY COVER 0.9


WEATHER CONDITIONS
 THE FOLLOWING WEATHER WAS RECORDED TODAY.
  LIGHT RAIN
  SNOW
  LIGHT SNOW
  FOG
  HAZE


RELATIVE HUMIDITY (PERCENT)
 HIGHEST    82           100 AM
 LOWEST     54           400 PM
 AVERAGE    68

..........................................................


THE AKRON CANTON OH CLIMATE NORMALS FOR TOMORROW
                         NORMAL    RECORD    YEAR
 MAXIMUM TEMPERATURE (F)   34        62      1972
 MINIMUM TEMPERATURE (F)   20        -6      1917


SUNRISE AND SUNSET
DECEMBER 29 2016......SUNRISE   750 AM EST   SUNSET   506 PM EST
DECEMBER 30 2016......SUNRISE   750 AM EST   SUNSET   507 PM EST


-  INDICATES NEGATIVE NUMBERS.
R  INDICATES RECORD WAS SET OR TIED.
MM INDICATES DATA IS MISSING.
T  INDICATES TRACE AMOUNT.




$$
