000
CDUS41 KCLE 180542
CLICAK


CLIMATE REPORT
NATIONAL WEATHER SERVICE CLEVELAND OH
142 AM EDT THU JUN 18 2015


...................................

...THE AKRON CANTON OH CLIMATE SUMMARY FOR JUNE 17 2015...

CLIMATE NORMAL PERIOD 1981 TO 2010
CLIMATE RECORD PERIOD 1887 TO 2015


WEATHER ITEM   OBSERVED TIME   RECORD YEAR NORMAL DEPARTURE LAST
                VALUE   (LST)  VALUE       VALUE  FROM      YEAR
                                                  NORMAL
..................................................................
TEMPERATURE (F)
 YESTERDAY
  MAXIMUM         76    349 PM  94    1957  79     -3       90
  MINIMUM         58    454 AM  40    1980  58      0       68
  AVERAGE         67                        68     -1       79

PRECIPITATION (IN)
  YESTERDAY        0.01                      0.13  -0.12     0.00
  MONTH TO DATE    4.04                      2.16   1.88     4.01
  SINCE JUN 1      4.04                      2.16   1.88     4.01
  SINCE JAN 1     20.45                     17.89   2.56    20.64

SNOWFALL (IN)
  YESTERDAY        0.0                       0.0    0.0      0.0
  MONTH TO DATE    0.0                       0.0    0.0      0.0
  SINCE JUN 1      0.0                       0.0    0.0      0.0
  SINCE JUL 1     59.8                      47.5   12.3     69.9
  SNOW DEPTH       0

DEGREE DAYS
 HEATING
  YESTERDAY        0                         1     -1        0
  MONTH TO DATE   21                        40    -19       15
  SINCE JUN 1     21                        40    -19       15
  SINCE JUL 1   6297                      6141    156     6422

 COOLING
  YESTERDAY        2                         5     -3       14
  MONTH TO DATE  111                        59     52       66
  SINCE JUN 1    111                        59     52       66
  SINCE JAN 1    255                       101    154      142
..................................................................


WIND (MPH)
  HIGHEST WIND SPEED    14   HIGHEST WIND DIRECTION     S (190)
  HIGHEST GUST SPEED    21   HIGHEST GUST DIRECTION    NW (320)
  AVERAGE WIND SPEED     7.0


SKY COVER
  POSSIBLE SUNSHINE  MM
  AVERAGE SKY COVER 0.9


WEATHER CONDITIONS
 THE FOLLOWING WEATHER WAS RECORDED YESTERDAY.
  LIGHT RAIN


RELATIVE HUMIDITY (PERCENT)
 HIGHEST    81          1100 PM
 LOWEST     50           500 PM
 AVERAGE    66

..........................................................


THE AKRON CANTON OH CLIMATE NORMALS FOR TODAY
                         NORMAL    RECORD    YEAR
 MAXIMUM TEMPERATURE (F)   79        96      1944
 MINIMUM TEMPERATURE (F)   59        39      1950


SUNRISE AND SUNSET
JUNE 18 2015..........SUNRISE   553 AM EDT   SUNSET   900 PM EDT
JUNE 19 2015..........SUNRISE   554 AM EDT   SUNSET   901 PM EDT


-  INDICATES NEGATIVE NUMBERS.
R  INDICATES RECORD WAS SET OR TIED.
MM INDICATES DATA IS MISSING.
T  INDICATES TRACE AMOUNT.




$$
