000
CDUS41 KCLE 310539
CLICAK


CLIMATE REPORT
NATIONAL WEATHER SERVICE CLEVELAND OH
1239 AM EST TUE JAN 31 2017


...................................

...THE AKRON CANTON OH CLIMATE SUMMARY FOR JANUARY 30 2017...

CLIMATE NORMAL PERIOD 1981 TO 2010
CLIMATE RECORD PERIOD 1887 TO 2017


WEATHER ITEM   OBSERVED TIME   RECORD YEAR NORMAL DEPARTURE LAST
                VALUE   (LST)  VALUE       VALUE  FROM      YEAR
                                                  NORMAL
..................................................................
TEMPERATURE (F)
 YESTERDAY
  MAXIMUM         26   1103 PM  66    2013  34     -8       56
  MINIMUM         23    827 PM  -6    1965  19      4       19
  AVERAGE         25                        26     -1       38

PRECIPITATION (IN)
  YESTERDAY        0.03                      0.08  -0.05     0.00
  MONTH TO DATE    5.95                      2.53   3.42     1.21
  SINCE DEC 1      8.95                      5.37   3.58     4.91
  SINCE JAN 1      5.95                      2.53   3.42     1.21

SNOWFALL (IN)
  YESTERDAY        0.6                       0.4    0.2      0.0
  MONTH TO DATE    6.4                      12.0   -5.6      6.1
  SINCE DEC 1     13.9                      22.2   -8.3      6.3
  SINCE JUL 1     16.0                      25.6   -9.6      6.3
  SNOW DEPTH       1

DEGREE DAYS
 HEATING
  YESTERDAY       40                        39      1       27
  MONTH TO DATE  926                      1168   -242     1155
  SINCE DEC 1   1992                      2239   -247     1807
  SINCE JUL 1   2870                      3498   -628     2687

 COOLING
  YESTERDAY        0                         0      0        0
  MONTH TO DATE    0                         0      0        0
  SINCE DEC 1      0                         0      0        0
  SINCE JAN 1      0                         0      0        0
..................................................................


WIND (MPH)
  HIGHEST WIND SPEED    21   HIGHEST WIND DIRECTION     W (280)
  HIGHEST GUST SPEED    25   HIGHEST GUST DIRECTION     W (280)
  AVERAGE WIND SPEED    11.0


SKY COVER
  POSSIBLE SUNSHINE  MM
  AVERAGE SKY COVER 0.9


WEATHER CONDITIONS
 THE FOLLOWING WEATHER WAS RECORDED YESTERDAY.
  LIGHT SNOW
  BLOWING SNOW


RELATIVE HUMIDITY (PERCENT)
 HIGHEST    81          1200 AM
 LOWEST     55          1200 PM
 AVERAGE    68

..........................................................


THE AKRON CANTON OH CLIMATE NORMALS FOR TODAY
                         NORMAL    RECORD    YEAR
 MAXIMUM TEMPERATURE (F)   34        62      2002
 MINIMUM TEMPERATURE (F)   19        -5      1948


SUNRISE AND SUNSET
JANUARY 31 2017.......SUNRISE   737 AM EST   SUNSET   542 PM EST
FEBRUARY  1 2017......SUNRISE   736 AM EST   SUNSET   543 PM EST


-  INDICATES NEGATIVE NUMBERS.
R  INDICATES RECORD WAS SET OR TIED.
MM INDICATES DATA IS MISSING.
T  INDICATES TRACE AMOUNT.




$$
