000
CDUS41 KCLE 030527
CLICAK


CLIMATE REPORT
NATIONAL WEATHER SERVICE CLEVELAND OH
126 AM EDT THU APR 3 2014


...................................

...THE AKRON CANTON OH CLIMATE SUMMARY FOR APRIL 2 2014...

CLIMATE NORMAL PERIOD 1981 TO 2010
CLIMATE RECORD PERIOD 1887 TO 2014


WEATHER ITEM   OBSERVED TIME   RECORD YEAR NORMAL DEPARTURE LAST
                VALUE   (LST)  VALUE       VALUE  FROM      YEAR
                                                  NORMAL
..................................................................
TEMPERATURE (F)
 YESTERDAY
  MAXIMUM         60    240 PM  82    2010  54      6       41
  MINIMUM         42    653 AM  16    1907  34      8       22
  AVERAGE         51                        44      7       32

PRECIPITATION (IN)
  YESTERDAY        T                         0.12  -0.12      T
  MONTH TO DATE    T                         0.24  -0.24      T
  SINCE MAR 1      2.58                      3.22  -0.64     2.06
  SINCE JAN 1      6.09                      8.14  -2.05     6.25

SNOWFALL (IN)
  YESTERDAY        0.0                       0.2   -0.2       T
  MONTH TO DATE    0.0                       0.4   -0.4       T
  SINCE MAR 1      9.7                       8.6    1.1     10.5
  SINCE JUL 1     69.0                      45.1   23.9     46.9
  SNOW DEPTH       0

DEGREE DAYS
 HEATING
  YESTERDAY       14                        21     -7       33
  MONTH TO DATE   20                        42    -22       59
  SINCE MAR 1   1036                       893    143     1002
  SINCE JUL 1   5859                      5437    422     5263

 COOLING
  YESTERDAY        0                         0      0        0
  MONTH TO DATE    0                         0      0        0
  SINCE MAR 1      0                         0      0        0
  SINCE JAN 1      0                         0      0        0
..................................................................


WIND (MPH)
  HIGHEST WIND SPEED    14   HIGHEST WIND DIRECTION    NW (300)
  HIGHEST GUST SPEED    14   HIGHEST GUST DIRECTION    NW (300)
  AVERAGE WIND SPEED     6.0


SKY COVER
  POSSIBLE SUNSHINE  MM
  AVERAGE SKY COVER 0.9


WEATHER CONDITIONS
 THE FOLLOWING WEATHER WAS RECORDED YESTERDAY.
  LIGHT RAIN


RELATIVE HUMIDITY (PERCENT)
 HIGHEST    57           600 AM
 LOWEST     31           200 PM
 AVERAGE    44

..........................................................


THE AKRON CANTON OH CLIMATE NORMALS FOR TODAY
                         NORMAL    RECORD    YEAR
 MAXIMUM TEMPERATURE (F)   55        80      2010
 MINIMUM TEMPERATURE (F)   35        16      1965


SUNRISE AND SUNSET
APRIL  3 2014.........SUNRISE   706 AM EDT   SUNSET   753 PM EDT
APRIL  4 2014.........SUNRISE   704 AM EDT   SUNSET   754 PM EDT


-  INDICATES NEGATIVE NUMBERS.
R  INDICATES RECORD WAS SET OR TIED.
MM INDICATES DATA IS MISSING.
T  INDICATES TRACE AMOUNT.




$$
