000
CDUS41 KCLE 092111
CLICAK


CLIMATE REPORT
NATIONAL WEATHER SERVICE CLEVELAND OH
511 PM EDT SAT AUG 9 2014


...................................

...THE AKRON CANTON OH CLIMATE SUMMARY FOR AUGUST 9 2014...
VALID TODAY AS OF 0500 PM LOCAL TIME.

CLIMATE NORMAL PERIOD 1981 TO 2010
CLIMATE RECORD PERIOD 1887 TO 2014


WEATHER ITEM   OBSERVED TIME   RECORD YEAR NORMAL DEPARTURE LAST
                VALUE   (LST)  VALUE       VALUE  FROM      YEAR
                                                  NORMAL
..................................................................
TEMPERATURE (F)
 TODAY
  MAXIMUM         82    355 PM  95    2001  81      1       80
  MINIMUM         57    529 AM  48    1922  61     -4       62
  AVERAGE         70                        71     -1       71

PRECIPITATION (IN)
  TODAY            0.00                      0.12  -0.12     0.03
  MONTH TO DATE    1.03                      1.09  -0.06     0.95
  SINCE JUN 1     14.47                      9.00   5.47    13.97
  SINCE JAN 1     31.10                     24.73   6.37    26.23

SNOWFALL (IN)
  TODAY            0.0                       0.0    0.0      0.0
  MONTH TO DATE    0.0                       0.0    0.0      0.0
  SINCE JUN 1      0.0                       0.0    0.0      0.0
  SINCE JUL 1      0.0                       0.0    0.0      0.0
  SNOW DEPTH       0

DEGREE DAYS
 HEATING
  TODAY            0                         0      0        0
  MONTH TO DATE    0                         0      0        0
  SINCE JUN 1     25                        55    -30       32
  SINCE JUL 1     10                         6      4        5

 COOLING
  TODAY            5                         7     -2        6
  MONTH TO DATE   50                        63    -13       46
  SINCE JUN 1    410                       420    -10      479
  SINCE JAN 1    486                       462     24      585
..................................................................


WIND (MPH)
  HIGHEST WIND SPEED    12   HIGHEST WIND DIRECTION     E (90)
  HIGHEST GUST SPEED    15   HIGHEST GUST DIRECTION     E (80)


SKY COVER
  POSSIBLE SUNSHINE  MM
  AVERAGE SKY COVER 0.5


WEATHER CONDITIONS
 THE FOLLOWING WEATHER WAS RECORDED TODAY.
  NO SIGNIFICANT WEATHER WAS OBSERVED.


RELATIVE HUMIDITY (PERCENT)
 HIGHEST    86           200 AM
 LOWEST     43           400 PM
 AVERAGE    65

..........................................................


THE AKRON CANTON OH CLIMATE NORMALS FOR TOMORROW
                         NORMAL    RECORD    YEAR
 MAXIMUM TEMPERATURE (F)   81        96      1911
 MINIMUM TEMPERATURE (F)   61        47      1972


SUNRISE AND SUNSET
AUGUST  9 2014........SUNRISE   630 AM EDT   SUNSET   832 PM EDT
AUGUST 10 2014........SUNRISE   631 AM EDT   SUNSET   831 PM EDT


-  INDICATES NEGATIVE NUMBERS.
R  INDICATES RECORD WAS SET OR TIED.
MM INDICATES DATA IS MISSING.
T  INDICATES TRACE AMOUNT.




$$
