000
CDUS41 KCLE 150527
CLICAK


CLIMATE REPORT
NATIONAL WEATHER SERVICE CLEVELAND OH
1227 AM EST MON DEC 15 2014


...................................

...THE AKRON CANTON OH CLIMATE SUMMARY FOR DECEMBER 14 2014...

CLIMATE NORMAL PERIOD 1981 TO 2010
CLIMATE RECORD PERIOD 1887 TO 2014


WEATHER ITEM   OBSERVED TIME   RECORD YEAR NORMAL DEPARTURE LAST
                VALUE   (LST)  VALUE       VALUE  FROM      YEAR
                                                  NORMAL
..................................................................
TEMPERATURE (F)
 YESTERDAY
  MAXIMUM         47    537 PM  63    1975  37     10       35
  MINIMUM         42    221 AM   0    1898  24     18       26
  AVERAGE         45                        31     14       31

PRECIPITATION (IN)
  YESTERDAY        0.01                      0.09  -0.08     0.48
  MONTH TO DATE    1.18                      1.36  -0.18     0.95
  SINCE DEC 1      1.18                      1.36  -0.18     0.95
  SINCE JAN 1     44.56                     38.14   6.42    39.65

SNOWFALL (IN)
  YESTERDAY        0.0                       0.3   -0.3      3.5
  MONTH TO DATE    0.4                       4.1   -3.7      7.2
  SINCE DEC 1      0.4                       4.1   -3.7      7.2
  SINCE JUL 1      8.4                       7.5    0.9     17.9
  SNOW DEPTH       0

DEGREE DAYS
 HEATING
  YESTERDAY       20                        34    -14       34
  MONTH TO DATE  427                       449    -22      480
  SINCE DEC 1    427                       449    -22      480
  SINCE JUL 1   1710                      1708      2     1730

 COOLING
  YESTERDAY        0                         0      0        0
  MONTH TO DATE    0                         0      0        0
  SINCE DEC 1      0                         0      0        0
  SINCE JAN 1    719                       652     67      829
..................................................................


WIND (MPH)
  HIGHEST WIND SPEED    16   HIGHEST WIND DIRECTION    NW (310)
  HIGHEST GUST SPEED    23   HIGHEST GUST DIRECTION    NW (300)
  AVERAGE WIND SPEED     7.2


SKY COVER
  POSSIBLE SUNSHINE  MM
  AVERAGE SKY COVER 1.0


WEATHER CONDITIONS
 THE FOLLOWING WEATHER WAS RECORDED YESTERDAY.
  LIGHT RAIN
  FOG
  HAZE


RELATIVE HUMIDITY (PERCENT)
 HIGHEST    92          1200 PM
 LOWEST     83           500 AM
 AVERAGE    88

..........................................................


THE AKRON CANTON OH CLIMATE NORMALS FOR TODAY
                         NORMAL    RECORD    YEAR
 MAXIMUM TEMPERATURE (F)   37        63      1971
 MINIMUM TEMPERATURE (F)   24        -5      1914


SUNRISE AND SUNSET
DECEMBER 15 2014......SUNRISE   743 AM EST   SUNSET   459 PM EST
DECEMBER 16 2014......SUNRISE   744 AM EST   SUNSET   459 PM EST


-  INDICATES NEGATIVE NUMBERS.
R  INDICATES RECORD WAS SET OR TIED.
MM INDICATES DATA IS MISSING.
T  INDICATES TRACE AMOUNT.




$$
