000
CDUS41 KCLE 062211
CLICAK


CLIMATE REPORT
NATIONAL WEATHER SERVICE CLEVELAND OH
511 PM EST SAT DEC 6 2014


...................................

...THE AKRON CANTON OH CLIMATE SUMMARY FOR DECEMBER 6 2014...
VALID TODAY AS OF 0500 PM LOCAL TIME.

CLIMATE NORMAL PERIOD 1981 TO 2010
CLIMATE RECORD PERIOD 1887 TO 2014


WEATHER ITEM   OBSERVED TIME   RECORD YEAR NORMAL DEPARTURE LAST
                VALUE   (LST)  VALUE       VALUE  FROM      YEAR
                                                  NORMAL
..................................................................
TEMPERATURE (F)
 TODAY
  MAXIMUM         41   1224 AM  67    1998  40      1       34
  MINIMUM         37    359 PM   5    1977  27     10       26
  AVERAGE         39                        34      5       30

PRECIPITATION (IN)
  TODAY            0.67                      0.10   0.57     0.27
  MONTH TO DATE    1.07                      0.59   0.48     0.35
  SINCE DEC 1      1.07                      0.59   0.48     0.35
  SINCE JAN 1     44.45                     37.37   7.08    39.05

SNOWFALL (IN)
  TODAY            0.0                       0.2   -0.2      2.5
  MONTH TO DATE    0.1                       1.5   -1.4      2.5
  SINCE DEC 1      0.1                       1.5   -1.4      2.5
  SINCE JUL 1      8.1                       4.9    3.2     13.2
  SNOW DEPTH       0

DEGREE DAYS
 HEATING
  TODAY           26                        32     -6       35
  MONTH TO DATE  182                       184     -2      147
  SINCE DEC 1    182                       184     -2      147
  SINCE JUL 1   1465                      1443     22     1397

 COOLING
  TODAY            0                         0      0        0
  MONTH TO DATE    0                         0      0        0
  SINCE DEC 1      0                         0      0        0
  SINCE JAN 1    719                       652     67      829
..................................................................


WIND (MPH)
  HIGHEST WIND SPEED    22   HIGHEST WIND DIRECTION     N (10)
  HIGHEST GUST SPEED    28   HIGHEST GUST DIRECTION     N (20)


SKY COVER
  POSSIBLE SUNSHINE  MM
  AVERAGE SKY COVER 1.0


WEATHER CONDITIONS
 THE FOLLOWING WEATHER WAS RECORDED TODAY.
  RAIN
  LIGHT RAIN
  FOG
  HAZE


RELATIVE HUMIDITY (PERCENT)
 HIGHEST    92           100 AM
 LOWEST     70           400 PM
 AVERAGE    81

..........................................................


THE AKRON CANTON OH CLIMATE NORMALS FOR TOMORROW
                         NORMAL    RECORD    YEAR
 MAXIMUM TEMPERATURE (F)   40        66      1998
 MINIMUM TEMPERATURE (F)   27         3      1958


SUNRISE AND SUNSET
DECEMBER  6 2014......SUNRISE   736 AM EST   SUNSET   458 PM EST
DECEMBER  7 2014......SUNRISE   737 AM EST   SUNSET   458 PM EST


-  INDICATES NEGATIVE NUMBERS.
R  INDICATES RECORD WAS SET OR TIED.
MM INDICATES DATA IS MISSING.
T  INDICATES TRACE AMOUNT.




$$
