000
CDUS41 KCLE 200545
CLICAK


CLIMATE REPORT
NATIONAL WEATHER SERVICE CLEVELAND OH
145 AM EDT WED AUG 20 2014


...................................

...THE AKRON CANTON OH CLIMATE SUMMARY FOR AUGUST 19 2014...

CLIMATE NORMAL PERIOD 1981 TO 2010
CLIMATE RECORD PERIOD 1887 TO 2014


WEATHER ITEM   OBSERVED TIME   RECORD YEAR NORMAL DEPARTURE LAST
                VALUE   (LST)  VALUE       VALUE  FROM      YEAR
                                                  NORMAL
..................................................................
TEMPERATURE (F)
 YESTERDAY
  MAXIMUM         86   1227 PM  95    1916  80      6       81
  MINIMUM         60    521 AM  47    1964  61     -1       61
                                      1953
                                      1943
  AVERAGE         73                        70      3       71

PRECIPITATION (IN)
  YESTERDAY        1.09                      0.11   0.98     0.00
  MONTH TO DATE    4.34                      2.21   2.13     0.95
  SINCE JUN 1     17.78                     10.12   7.66    13.97
  SINCE JAN 1     34.41                     25.85   8.56    26.23

SNOWFALL (IN)
  YESTERDAY        0.0                       0.0    0.0      0.0
  MONTH TO DATE    0.0                       0.0    0.0      0.0
  SINCE JUN 1      0.0                       0.0    0.0      0.0
  SINCE JUL 1      0.0                       0.0    0.0      0.0
  SNOW DEPTH       0

DEGREE DAYS
 HEATING
  YESTERDAY        0                         0      0        0
  MONTH TO DATE    6                         0      6        8
  SINCE JUN 1     31                        55    -24       40
  SINCE JUL 1     16                         6     10       13

 COOLING
  YESTERDAY        8                         6      2        6
  MONTH TO DATE   99                       123    -24       76
  SINCE JUN 1    459                       480    -21      509
  SINCE JAN 1    535                       522     13      615
..................................................................


WIND (MPH)
  HIGHEST WIND SPEED    26   HIGHEST WIND DIRECTION     N (340)
  HIGHEST GUST SPEED    33   HIGHEST GUST DIRECTION    NW (330)
  AVERAGE WIND SPEED     5.4


SKY COVER
  POSSIBLE SUNSHINE  MM
  AVERAGE SKY COVER 0.5


WEATHER CONDITIONS
 THE FOLLOWING WEATHER WAS RECORDED YESTERDAY.
  THUNDERSTORM
  LIGHT RAIN
  FOG


RELATIVE HUMIDITY (PERCENT)
 HIGHEST    90           300 AM
 LOWEST     47          1200 PM
 AVERAGE    69

..........................................................


THE AKRON CANTON OH CLIMATE NORMALS FOR TODAY
                         NORMAL    RECORD    YEAR
 MAXIMUM TEMPERATURE (F)   80        97      1916
 MINIMUM TEMPERATURE (F)   60        44      1949


SUNRISE AND SUNSET
AUGUST 20 2014........SUNRISE   641 AM EDT   SUNSET   817 PM EDT
AUGUST 21 2014........SUNRISE   642 AM EDT   SUNSET   815 PM EDT


-  INDICATES NEGATIVE NUMBERS.
R  INDICATES RECORD WAS SET OR TIED.
MM INDICATES DATA IS MISSING.
T  INDICATES TRACE AMOUNT.




$$
