000
CDUS41 KCLE 130545
CLICAK


CLIMATE REPORT
NATIONAL WEATHER SERVICE CLEVELAND OH
145 AM EDT WED MAY 13 2015


...................................

...THE AKRON CANTON OH CLIMATE SUMMARY FOR MAY 12 2015...

CLIMATE NORMAL PERIOD 1981 TO 2010
CLIMATE RECORD PERIOD 1887 TO 2015


WEATHER ITEM   OBSERVED TIME   RECORD YEAR NORMAL DEPARTURE LAST
                VALUE   (LST)  VALUE       VALUE  FROM      YEAR
                                                  NORMAL
..................................................................
TEMPERATURE (F)
 YESTERDAY
  MAXIMUM         67    115 PM  87    1991  68     -1       78
  MINIMUM         51   1159 PM  30    1907  47      4       62
  AVERAGE         59                        58      1       70

PRECIPITATION (IN)
  YESTERDAY        0.00                      0.14  -0.14     1.48
  MONTH TO DATE    0.22                      1.57  -1.35     2.07
  SINCE MAR 1      6.82                      8.10  -1.28    10.89
  SINCE JAN 1     12.30                     13.02  -0.72    14.40

SNOWFALL (IN)
  YESTERDAY        0.0                       0.0    0.0      0.0
  MONTH TO DATE    0.0                       0.1   -0.1      0.0
  SINCE MAR 1      6.9                      11.0   -4.1     10.6
  SINCE JUL 1     59.8                      47.5   12.3     69.9
  SNOW DEPTH       0

DEGREE DAYS
 HEATING
  YESTERDAY        6                         8     -2        0
  MONTH TO DATE   22                       113    -91       84
  SINCE MAR 1   1352                      1445    -93     1512
  SINCE JUL 1   6195                      5989    206     6335

 COOLING
  YESTERDAY        0                         1     -1        5
  MONTH TO DATE   59                         6     53       19
  SINCE MAR 1     61                        12     49       22
  SINCE JAN 1     61                        12     49       22
..................................................................


WIND (MPH)
  HIGHEST WIND SPEED    28   HIGHEST WIND DIRECTION     W (290)
  HIGHEST GUST SPEED    36   HIGHEST GUST DIRECTION     W (270)
  AVERAGE WIND SPEED    15.3


SKY COVER
  POSSIBLE SUNSHINE  MM
  AVERAGE SKY COVER 0.7


WEATHER CONDITIONS
 THE FOLLOWING WEATHER WAS RECORDED YESTERDAY.
  FOG


RELATIVE HUMIDITY (PERCENT)
 HIGHEST    93           100 AM
 LOWEST     42          1200 PM
 AVERAGE    68

..........................................................


THE AKRON CANTON OH CLIMATE NORMALS FOR TODAY
                         NORMAL    RECORD    YEAR
 MAXIMUM TEMPERATURE (F)   69        89      1991
 MINIMUM TEMPERATURE (F)   48        27      1996


SUNRISE AND SUNSET
MAY 13 2015...........SUNRISE   610 AM EDT   SUNSET   834 PM EDT
MAY 14 2015...........SUNRISE   609 AM EDT   SUNSET   835 PM EDT


-  INDICATES NEGATIVE NUMBERS.
R  INDICATES RECORD WAS SET OR TIED.
MM INDICATES DATA IS MISSING.
T  INDICATES TRACE AMOUNT.




$$
