000
CDUS41 KCLE 190544
CLICAK


CLIMATE REPORT
NATIONAL WEATHER SERVICE CLEVELAND OH
144 AM EDT TUE AUG 19 2014


...................................

...THE AKRON CANTON OH CLIMATE SUMMARY FOR AUGUST 18 2014...

CLIMATE NORMAL PERIOD 1981 TO 2010
CLIMATE RECORD PERIOD 1887 TO 2014


WEATHER ITEM   OBSERVED TIME   RECORD YEAR NORMAL DEPARTURE LAST
                VALUE   (LST)  VALUE       VALUE  FROM      YEAR
                                                  NORMAL
..................................................................
TEMPERATURE (F)
 YESTERDAY
  MAXIMUM         83    133 PM  93    1922  80      3       73
  MINIMUM         63   1159 PM  47    1981  61      2       57
  AVERAGE         73                        70      3       65

PRECIPITATION (IN)
  YESTERDAY        0.00                      0.12  -0.12      T
  MONTH TO DATE    3.25                      2.10   1.15     0.95
  SINCE JUN 1     16.69                     10.01   6.68    13.97
  SINCE JAN 1     33.32                     25.74   7.58    26.23

SNOWFALL (IN)
  YESTERDAY        0.0                       0.0    0.0      0.0
  MONTH TO DATE    0.0                       0.0    0.0      0.0
  SINCE JUN 1      0.0                       0.0    0.0      0.0
  SINCE JUL 1      0.0                       0.0    0.0      0.0
  SNOW DEPTH       0

DEGREE DAYS
 HEATING
  YESTERDAY        0                         0      0        0
  MONTH TO DATE    6                         0      6        8
  SINCE JUN 1     31                        55    -24       40
  SINCE JUL 1     16                         6     10       13

 COOLING
  YESTERDAY        8                         6      2        0
  MONTH TO DATE   91                       117    -26       70
  SINCE JUN 1    451                       474    -23      503
  SINCE JAN 1    527                       516     11      609
..................................................................


WIND (MPH)
  HIGHEST WIND SPEED    13   HIGHEST WIND DIRECTION    NE (60)
  HIGHEST GUST SPEED    17   HIGHEST GUST DIRECTION    NE (50)
  AVERAGE WIND SPEED     6.8


SKY COVER
  POSSIBLE SUNSHINE  MM
  AVERAGE SKY COVER 0.7


WEATHER CONDITIONS
 THE FOLLOWING WEATHER WAS RECORDED YESTERDAY.
  NO SIGNIFICANT WEATHER WAS OBSERVED.


RELATIVE HUMIDITY (PERCENT)
 HIGHEST    84           300 AM
 LOWEST     47           400 PM
 AVERAGE    66

..........................................................


THE AKRON CANTON OH CLIMATE NORMALS FOR TODAY
                         NORMAL    RECORD    YEAR
 MAXIMUM TEMPERATURE (F)   80        95      1916
 MINIMUM TEMPERATURE (F)   61        47      1964
                                             1953
                                             1943


SUNRISE AND SUNSET
AUGUST 19 2014........SUNRISE   640 AM EDT   SUNSET   818 PM EDT
AUGUST 20 2014........SUNRISE   641 AM EDT   SUNSET   817 PM EDT


-  INDICATES NEGATIVE NUMBERS.
R  INDICATES RECORD WAS SET OR TIED.
MM INDICATES DATA IS MISSING.
T  INDICATES TRACE AMOUNT.




$$
