000
CDUS41 KCLE 100545
CLICAK


CLIMATE REPORT
NATIONAL WEATHER SERVICE CLEVELAND OH
145 AM EDT TUE MAY 10 2016


...................................

...THE AKRON CANTON OH CLIMATE SUMMARY FOR MAY 9 2016...

CLIMATE NORMAL PERIOD 1981 TO 2010
CLIMATE RECORD PERIOD 1887 TO 2016


WEATHER ITEM   OBSERVED TIME   RECORD YEAR NORMAL DEPARTURE LAST
                VALUE   (LST)  VALUE       VALUE  FROM      YEAR
                                                  NORMAL
..................................................................
TEMPERATURE (F)
 YESTERDAY
  MAXIMUM         57    904 AM  88    2015  67    -10       88
                                      1936
  MINIMUM         41    447 AM  26    1966  46     -5       63
  AVERAGE         49                        57     -8       76

PRECIPITATION (IN)
  YESTERDAY        0.00                      0.13  -0.13     0.01
  MONTH TO DATE    0.81                      1.16  -0.35     0.11
  SINCE MAR 1      8.89                      7.69   1.20     6.71
  SINCE JAN 1     13.48                     12.61   0.87    12.19

SNOWFALL (IN)
  YESTERDAY        0.0                       0.0    0.0      0.0
  MONTH TO DATE    0.0                       0.1   -0.1      0.0
  SINCE MAR 1      7.5                      11.0   -3.5      6.9
  SINCE JUL 1     30.2                      47.5  -17.3     59.8
  SNOW DEPTH       0

DEGREE DAYS
 HEATING
  YESTERDAY       16                         9      7        0
  MONTH TO DATE   97                        88      9       16
  SINCE MAR 1   1210                      1420   -210     1346
  SINCE JUL 1   4857                      5964  -1107     6189

 COOLING
  YESTERDAY        0                         1     -1       11
  MONTH TO DATE    0                         3     -3       39
  SINCE MAR 1      0                         9     -9       41
  SINCE JAN 1      0                         9     -9       41
..................................................................


WIND (MPH)
  HIGHEST WIND SPEED    12   HIGHEST WIND DIRECTION    SW (230)
  HIGHEST GUST SPEED    13   HIGHEST GUST DIRECTION    SW (220)
  AVERAGE WIND SPEED     4.9


SKY COVER
  POSSIBLE SUNSHINE  MM
  AVERAGE SKY COVER 0.8


WEATHER CONDITIONS
 THE FOLLOWING WEATHER WAS RECORDED YESTERDAY.
  NO SIGNIFICANT WEATHER WAS OBSERVED.


RELATIVE HUMIDITY (PERCENT)
 HIGHEST    86           700 AM
 LOWEST     47           900 AM
 AVERAGE    67

..........................................................


THE AKRON CANTON OH CLIMATE NORMALS FOR TODAY
                         NORMAL    RECORD    YEAR
 MAXIMUM TEMPERATURE (F)   68        91      1936
 MINIMUM TEMPERATURE (F)   47        24      1966


SUNRISE AND SUNSET
MAY 10 2016...........SUNRISE   613 AM EDT   SUNSET   832 PM EDT
MAY 11 2016...........SUNRISE   612 AM EDT   SUNSET   833 PM EDT


-  INDICATES NEGATIVE NUMBERS.
R  INDICATES RECORD WAS SET OR TIED.
MM INDICATES DATA IS MISSING.
T  INDICATES TRACE AMOUNT.




$$
