000
CDUS41 KCLE 090543
CLICAK


CLIMATE REPORT
NATIONAL WEATHER SERVICE CLEVELAND OH
143 AM EDT SAT APR 9 2016


...................................

...THE AKRON CANTON OH CLIMATE SUMMARY FOR APRIL 8 2016...

CLIMATE NORMAL PERIOD 1981 TO 2010
CLIMATE RECORD PERIOD 1887 TO 2016


WEATHER ITEM   OBSERVED TIME   RECORD YEAR NORMAL DEPARTURE LAST
                VALUE   (LST)  VALUE       VALUE  FROM      YEAR
                                                  NORMAL
..................................................................
TEMPERATURE (F)
 YESTERDAY
  MAXIMUM         43    110 PM  80    2001  57    -14       68
  MINIMUM         30    307 AM  14    1972  36     -6       52
  AVERAGE         37                        46     -9       60

PRECIPITATION (IN)
  YESTERDAY        0.16                      0.12   0.04     0.31
  MONTH TO DATE    1.14                      0.95   0.19     1.80
  SINCE MAR 1      5.72                      3.93   1.79     4.56
  SINCE JAN 1     10.31                      8.85   1.46    10.04

SNOWFALL (IN)
  YESTERDAY        1.0                       0.1    0.9      0.0
  MONTH TO DATE    3.2                       1.2    2.0       T
  SINCE MAR 1      5.6                       9.4   -3.8      6.9
  SINCE JUL 1     28.3                      45.9  -17.6     59.8
  SNOW DEPTH       T

DEGREE DAYS
 HEATING
  YESTERDAY       28                        19      9        5
  MONTH TO DATE  202                       160     42      117
  SINCE MAR 1    804                      1011   -207     1045
  SINCE JUL 1   4451                      5555  -1104     5888

 COOLING
  YESTERDAY        0                         0      0        0
  MONTH TO DATE    0                         0      0        0
  SINCE MAR 1      0                         0      0        0
  SINCE JAN 1      0                         0      0        0
..................................................................


WIND (MPH)
  HIGHEST WIND SPEED    21   HIGHEST WIND DIRECTION     W (290)
  HIGHEST GUST SPEED    28   HIGHEST GUST DIRECTION    NW (310)
  AVERAGE WIND SPEED    11.6


SKY COVER
  POSSIBLE SUNSHINE  MM
  AVERAGE SKY COVER 0.9


WEATHER CONDITIONS
 THE FOLLOWING WEATHER WAS RECORDED YESTERDAY.
  LIGHT RAIN
  SNOW
  LIGHT SNOW
  FOG


RELATIVE HUMIDITY (PERCENT)
 HIGHEST    89          1200 AM
 LOWEST     43           100 PM
 AVERAGE    66

..........................................................


THE AKRON CANTON OH CLIMATE NORMALS FOR TODAY
                         NORMAL    RECORD    YEAR
 MAXIMUM TEMPERATURE (F)   57        80      2013
 MINIMUM TEMPERATURE (F)   37        15      1972


SUNRISE AND SUNSET
APRIL  9 2016.........SUNRISE   655 AM EDT   SUNSET   800 PM EDT
APRIL 10 2016.........SUNRISE   654 AM EDT   SUNSET   801 PM EDT


-  INDICATES NEGATIVE NUMBERS.
R  INDICATES RECORD WAS SET OR TIED.
MM INDICATES DATA IS MISSING.
T  INDICATES TRACE AMOUNT.




$$
