000
CDUS41 KCLE 312222
CLICAK


CLIMATE REPORT
NATIONAL WEATHER SERVICE CLEVELAND OH
522 PM EST TUE JAN 31 2017


...................................

...THE AKRON CANTON OH CLIMATE SUMMARY FOR JANUARY 31 2017...
VALID TODAY AS OF 0500 PM LOCAL TIME.

CLIMATE NORMAL PERIOD 1981 TO 2010
CLIMATE RECORD PERIOD 1887 TO 2017


WEATHER ITEM   OBSERVED TIME   RECORD YEAR NORMAL DEPARTURE LAST
                VALUE   (LST)  VALUE       VALUE  FROM      YEAR
                                                  NORMAL
..................................................................
TEMPERATURE (F)
 TODAY
  MAXIMUM         37    314 PM  62    2002  34      3       58
  MINIMUM         24    118 AM  -5    1948  19      5       46
  AVERAGE         31                        27      4       52

PRECIPITATION (IN)
  TODAY            0.17                      0.08   0.09     0.00
  MONTH TO DATE    6.12                      2.61   3.51     1.21
  SINCE DEC 1      9.12                      5.45   3.67     4.91
  SINCE JAN 1      6.12                      2.61   3.51     1.21

SNOWFALL (IN)
  TODAY            0.8                       0.4    0.4      0.0
  MONTH TO DATE    7.2                      12.4   -5.2      6.1
  SINCE DEC 1     14.7                      22.6   -7.9      6.3
  SINCE JUL 1     16.8                      26.0   -9.2      6.3
  SNOW DEPTH       1

DEGREE DAYS
 HEATING
  TODAY           34                        38     -4       13
  MONTH TO DATE  960                      1206   -246     1168
  SINCE DEC 1   2026                      2277   -251     1820
  SINCE JUL 1   2904                      3536   -632     2700

 COOLING
  TODAY            0                         0      0        0
  MONTH TO DATE    0                         0      0        0
  SINCE DEC 1      0                         0      0        0
  SINCE JAN 1      0                         0      0        0
..................................................................


WIND (MPH)
  HIGHEST WIND SPEED    21   HIGHEST WIND DIRECTION     W (260)
  HIGHEST GUST SPEED    29   HIGHEST GUST DIRECTION     W (260)


SKY COVER
  POSSIBLE SUNSHINE  MM
  AVERAGE SKY COVER 0.9


WEATHER CONDITIONS
 THE FOLLOWING WEATHER WAS RECORDED TODAY.
  LIGHT RAIN
  SNOW
  LIGHT SNOW
  FOG
  HAZE


RELATIVE HUMIDITY (PERCENT)
 HIGHEST    89           900 AM
 LOWEST     76           300 PM
 AVERAGE    83

..........................................................


THE AKRON CANTON OH CLIMATE NORMALS FOR TOMORROW
                         NORMAL    RECORD    YEAR
 MAXIMUM TEMPERATURE (F)   34        61      1989
 MINIMUM TEMPERATURE (F)   19        -5      1971


SUNRISE AND SUNSET
JANUARY 31 2017.......SUNRISE   737 AM EST   SUNSET   542 PM EST
FEBRUARY  1 2017......SUNRISE   736 AM EST   SUNSET   543 PM EST


-  INDICATES NEGATIVE NUMBERS.
R  INDICATES RECORD WAS SET OR TIED.
MM INDICATES DATA IS MISSING.
T  INDICATES TRACE AMOUNT.




$$
