000
CDUS41 KCLE 150527
CLICAK


CLIMATE REPORT
NATIONAL WEATHER SERVICE CLEVELAND OH
127 AM EDT SUN MAY 15 2016


...................................

...THE AKRON CANTON OH CLIMATE SUMMARY FOR MAY 14 2016...

CLIMATE NORMAL PERIOD 1981 TO 2010
CLIMATE RECORD PERIOD 1887 TO 2016


WEATHER ITEM   OBSERVED TIME   RECORD YEAR NORMAL DEPARTURE LAST
                VALUE   (LST)  VALUE       VALUE  FROM      YEAR
                                                  NORMAL
..................................................................
TEMPERATURE (F)
 YESTERDAY
  MAXIMUM         54    434 AM  90    1991  69    -15       67
                                      1962
  MINIMUM         40   1159 PM  31    1996  48     -8       36
  AVERAGE         47                        58    -11       52

PRECIPITATION (IN)
  YESTERDAY        0.34                      0.14   0.20     0.00
  MONTH TO DATE    1.33                      1.85  -0.52     0.22
  SINCE MAR 1      9.41                      8.38   1.03     6.82
  SINCE JAN 1     14.00                     13.30   0.70    12.30

SNOWFALL (IN)
  YESTERDAY        0.0                       0.0    0.0      0.0
  MONTH TO DATE    0.0                       0.1   -0.1      0.0
  SINCE MAR 1      7.5                      11.0   -3.5      6.9
  SINCE JUL 1     30.2                      47.5  -17.3     59.8
  SNOW DEPTH       0

DEGREE DAYS
 HEATING
  YESTERDAY       18                         8     10       13
  MONTH TO DATE  125                       129     -4       53
  SINCE MAR 1   1238                      1461   -223     1383
  SINCE JUL 1   4885                      6005  -1120     6226

 COOLING
  YESTERDAY        0                         1     -1        0
  MONTH TO DATE    1                         8     -7       59
  SINCE MAR 1      1                        14    -13       61
  SINCE JAN 1      1                        14    -13       61
..................................................................


WIND (MPH)
  HIGHEST WIND SPEED    25   HIGHEST WIND DIRECTION     W (290)
  HIGHEST GUST SPEED    35   HIGHEST GUST DIRECTION     W (290)
  AVERAGE WIND SPEED    12.4


SKY COVER
  POSSIBLE SUNSHINE  MM
  AVERAGE SKY COVER 1.0


WEATHER CONDITIONS
 THE FOLLOWING WEATHER WAS RECORDED YESTERDAY.
  RAIN
  LIGHT RAIN
  FOG
  HAZE


RELATIVE HUMIDITY (PERCENT)
 HIGHEST    89           600 AM
 LOWEST     71          1200 AM
 AVERAGE    80

..........................................................


THE AKRON CANTON OH CLIMATE NORMALS FOR TODAY
                         NORMAL    RECORD    YEAR
 MAXIMUM TEMPERATURE (F)   69        91      1991
 MINIMUM TEMPERATURE (F)   48        30      1910


SUNRISE AND SUNSET
MAY 15 2016...........SUNRISE   608 AM EDT   SUNSET   837 PM EDT
MAY 16 2016...........SUNRISE   607 AM EDT   SUNSET   838 PM EDT


-  INDICATES NEGATIVE NUMBERS.
R  INDICATES RECORD WAS SET OR TIED.
MM INDICATES DATA IS MISSING.
T  INDICATES TRACE AMOUNT.




$$
