000
CDUS41 KCLE 080528
CLICAK


CLIMATE REPORT
NATIONAL WEATHER SERVICE CLEVELAND OH
1227 AM EST MON DEC 8 2014


...................................

...THE AKRON CANTON OH CLIMATE SUMMARY FOR DECEMBER 7 2014...

CLIMATE NORMAL PERIOD 1981 TO 2010
CLIMATE RECORD PERIOD 1887 TO 2014


WEATHER ITEM   OBSERVED TIME   RECORD YEAR NORMAL DEPARTURE LAST
                VALUE   (LST)  VALUE       VALUE  FROM      YEAR
                                                  NORMAL
..................................................................
TEMPERATURE (F)
 YESTERDAY
  MAXIMUM         39    258 PM  66    1998  40     -1       28
  MINIMUM         26    636 AM   3    1958  27     -1       15
  AVERAGE         33                        33      0       22

PRECIPITATION (IN)
  YESTERDAY        0.00                      0.10  -0.10     0.01
  MONTH TO DATE    1.08                      0.69   0.39     0.36
  SINCE DEC 1      1.08                      0.69   0.39     0.36
  SINCE JAN 1     44.46                     37.47   6.99    39.06

SNOWFALL (IN)
  YESTERDAY        0.0                       0.3   -0.3      0.1
  MONTH TO DATE    0.1                       1.8   -1.7      2.6
  SINCE DEC 1      0.1                       1.8   -1.7      2.6
  SINCE JUL 1      8.1                       5.2    2.9     13.3
  SNOW DEPTH       0

DEGREE DAYS
 HEATING
  YESTERDAY       32                        32      0       43
  MONTH TO DATE  216                       216      0      190
  SINCE DEC 1    216                       216      0      190
  SINCE JUL 1   1499                      1475     24     1440

 COOLING
  YESTERDAY        0                         0      0        0
  MONTH TO DATE    0                         0      0        0
  SINCE DEC 1      0                         0      0        0
  SINCE JAN 1    719                       652     67      829
..................................................................


WIND (MPH)
  HIGHEST WIND SPEED    15   HIGHEST WIND DIRECTION    NE (30)
  HIGHEST GUST SPEED    17   HIGHEST GUST DIRECTION    NE (50)
  AVERAGE WIND SPEED     8.5


SKY COVER
  POSSIBLE SUNSHINE  MM
  AVERAGE SKY COVER 0.5


WEATHER CONDITIONS
 THE FOLLOWING WEATHER WAS RECORDED YESTERDAY.
  NO SIGNIFICANT WEATHER WAS OBSERVED.


RELATIVE HUMIDITY (PERCENT)
 HIGHEST    81           600 AM
 LOWEST     48           200 PM
 AVERAGE    65

..........................................................


THE AKRON CANTON OH CLIMATE NORMALS FOR TODAY
                         NORMAL    RECORD    YEAR
 MAXIMUM TEMPERATURE (F)   39        67      1966
 MINIMUM TEMPERATURE (F)   26         6      1977
                                             1942


SUNRISE AND SUNSET
DECEMBER  8 2014......SUNRISE   738 AM EST   SUNSET   458 PM EST
DECEMBER  9 2014......SUNRISE   739 AM EST   SUNSET   458 PM EST


-  INDICATES NEGATIVE NUMBERS.
R  INDICATES RECORD WAS SET OR TIED.
MM INDICATES DATA IS MISSING.
T  INDICATES TRACE AMOUNT.




$$
