000
CDUS41 KCLE 190526
CLICAK


CLIMATE REPORT
NATIONAL WEATHER SERVICE CLEVELAND OH
126 AM EDT THU MAR 19 2015


...................................

...THE AKRON CANTON OH CLIMATE SUMMARY FOR MARCH 18 2015...

CLIMATE NORMAL PERIOD 1981 TO 2010
CLIMATE RECORD PERIOD 1887 TO 2015


WEATHER ITEM   OBSERVED TIME   RECORD YEAR NORMAL DEPARTURE LAST
                VALUE   (LST)  VALUE       VALUE  FROM      YEAR
                                                  NORMAL
..................................................................
TEMPERATURE (F)
 YESTERDAY
  MAXIMUM         46    456 PM  75    2012  47     -1       54
  MINIMUM         21    450 AM   3    1916  29     -8       26
  AVERAGE         34                        38     -4       40

PRECIPITATION (IN)
  YESTERDAY        0.00                      0.10  -0.10     0.00
  MONTH TO DATE    1.87                      1.62   0.25     0.74
  SINCE MAR 1      1.87                      1.62   0.25     0.74
  SINCE JAN 1      7.35                      6.54   0.81     4.25

SNOWFALL (IN)
  YESTERDAY        0.0                       0.2   -0.2      0.0
  MONTH TO DATE    5.9                       5.5    0.4      5.2
  SINCE MAR 1      5.9                       5.5    0.4      5.2
  SINCE JUL 1     58.8                      42.0   16.8     64.5
  SNOW DEPTH       0

DEGREE DAYS
 HEATING
  YESTERDAY       31                        27      4       25
  MONTH TO DATE  559                       537     22      629
  SINCE MAR 1    559                       537     22      629
  SINCE JUL 1   5402                      5081    321     5452

 COOLING
  YESTERDAY        0                         0      0        0
  MONTH TO DATE    0                         0      0        0
  SINCE MAR 1      0                         0      0        0
  SINCE JAN 1      0                         0      0        0
..................................................................


WIND (MPH)
  HIGHEST WIND SPEED    20   HIGHEST WIND DIRECTION    NW (300)
  HIGHEST GUST SPEED    28   HIGHEST GUST DIRECTION     W (280)
  AVERAGE WIND SPEED     7.9


SKY COVER
  POSSIBLE SUNSHINE  MM
  AVERAGE SKY COVER 0.3


WEATHER CONDITIONS
 THE FOLLOWING WEATHER WAS RECORDED YESTERDAY.
  NO SIGNIFICANT WEATHER WAS OBSERVED.


RELATIVE HUMIDITY (PERCENT)
 HIGHEST    62           400 AM
 LOWEST     31           300 PM
 AVERAGE    47

..........................................................


THE AKRON CANTON OH CLIMATE NORMALS FOR TODAY
                         NORMAL    RECORD    YEAR
 MAXIMUM TEMPERATURE (F)   48        78      2012
 MINIMUM TEMPERATURE (F)   29         2      1934


SUNRISE AND SUNSET
MARCH 19 2015.........SUNRISE   731 AM EDT   SUNSET   737 PM EDT
MARCH 20 2015.........SUNRISE   730 AM EDT   SUNSET   738 PM EDT


-  INDICATES NEGATIVE NUMBERS.
R  INDICATES RECORD WAS SET OR TIED.
MM INDICATES DATA IS MISSING.
T  INDICATES TRACE AMOUNT.




$$
