000
CDUS41 KCLE 220526
CLICAK


CLIMATE REPORT
NATIONAL WEATHER SERVICE CLEVELAND OH
125 AM EDT MON JUN 22 2015


...................................

...THE AKRON CANTON OH CLIMATE SUMMARY FOR JUNE 21 2015...

CLIMATE NORMAL PERIOD 1981 TO 2010
CLIMATE RECORD PERIOD 1887 TO 2015


WEATHER ITEM   OBSERVED TIME   RECORD YEAR NORMAL DEPARTURE LAST
                VALUE   (LST)  VALUE       VALUE  FROM      YEAR
                                                  NORMAL
..................................................................
TEMPERATURE (F)
 YESTERDAY
  MAXIMUM         84    249 PM  97    1933  80      4       80
  MINIMUM         68    116 AM  42    1963  59      9       60
                                      1897
  AVERAGE         76                        70      6       70

PRECIPITATION (IN)
  YESTERDAY        T                         0.13  -0.13     0.06
  MONTH TO DATE    5.74                      2.68   3.06     7.62
  SINCE JUN 1      5.74                      2.68   3.06     7.62
  SINCE JAN 1     22.15                     18.41   3.74    24.25

SNOWFALL (IN)
  YESTERDAY        0.0                       0.0    0.0      0.0
  MONTH TO DATE    0.0                       0.0    0.0      0.0
  SINCE JUN 1      0.0                       0.0    0.0      0.0
  SINCE JUL 1     59.8                      47.5   12.3     69.9
  SNOW DEPTH       0

DEGREE DAYS
 HEATING
  YESTERDAY        0                         1     -1        0
  MONTH TO DATE   21                        44    -23       15
  SINCE JUN 1     21                        44    -23       15
  SINCE JUL 1   6297                      6145    152     6422

 COOLING
  YESTERDAY       11                         5      6        5
  MONTH TO DATE  144                        79     65       95
  SINCE JUN 1    144                        79     65       95
  SINCE JAN 1    288                       121    167      171
..................................................................


WIND (MPH)
  HIGHEST WIND SPEED    18   HIGHEST WIND DIRECTION     W (280)
  HIGHEST GUST SPEED    28   HIGHEST GUST DIRECTION    NW (300)
  AVERAGE WIND SPEED     7.6


SKY COVER
  POSSIBLE SUNSHINE  MM
  AVERAGE SKY COVER 0.8


WEATHER CONDITIONS
 THE FOLLOWING WEATHER WAS RECORDED YESTERDAY.
  FOG
  HAZE


RELATIVE HUMIDITY (PERCENT)
 HIGHEST    90           100 AM
 LOWEST     51           200 PM
 AVERAGE    71

..........................................................


THE AKRON CANTON OH CLIMATE NORMALS FOR TODAY
                         NORMAL    RECORD    YEAR
 MAXIMUM TEMPERATURE (F)   80        97      1988
 MINIMUM TEMPERATURE (F)   60        38      1992


SUNRISE AND SUNSET
JUNE 22 2015..........SUNRISE   554 AM EDT   SUNSET   901 PM EDT
JUNE 23 2015..........SUNRISE   554 AM EDT   SUNSET   901 PM EDT


-  INDICATES NEGATIVE NUMBERS.
R  INDICATES RECORD WAS SET OR TIED.
MM INDICATES DATA IS MISSING.
T  INDICATES TRACE AMOUNT.




$$
