000
CDUS41 KCLE 150541
CLICAK


CLIMATE REPORT
NATIONAL WEATHER SERVICE CLEVELAND OH
1241 AM EST SUN FEB 15 2015


...................................

...THE AKRON CANTON OH CLIMATE SUMMARY FOR FEBRUARY 14 2015...

CLIMATE NORMAL PERIOD 1981 TO 2010
CLIMATE RECORD PERIOD 1887 TO 2015


WEATHER ITEM   OBSERVED TIME   RECORD YEAR NORMAL DEPARTURE LAST
                VALUE   (LST)  VALUE       VALUE  FROM      YEAR
                                                  NORMAL
..................................................................
TEMPERATURE (F)
 YESTERDAY
  MAXIMUM         27   1216 PM  63    1918  36     -9       30
  MINIMUM          1   1159 PM  -7    1905  21    -20       20
  AVERAGE         14                        29    -15       25

PRECIPITATION (IN)
  YESTERDAY        0.12                      0.08   0.04     0.01
  MONTH TO DATE    1.38                      1.14   0.24     0.69
  SINCE DEC 1      7.18                      6.59   0.59     6.10
  SINCE JAN 1      4.87                      3.75   1.12     2.61

SNOWFALL (IN)
  YESTERDAY        3.7                       0.3    3.4      0.1
  MONTH TO DATE   12.5                       5.1    7.4      8.8
  SINCE DEC 1     34.3                      27.7    6.6     40.4
  SINCE JUL 1     42.3                      31.1   11.2     51.1
  SNOW DEPTH       3

DEGREE DAYS
 HEATING
  YESTERDAY       51                        36     15       40
  MONTH TO DATE  588                       524     64      629
  SINCE DEC 1   2775                      2801    -26     3024
  SINCE JUL 1   4058                      4060     -2     4274

 COOLING
  YESTERDAY        0                         0      0        0
  MONTH TO DATE    0                         0      0        0
  SINCE DEC 1      0                         0      0        0
  SINCE JAN 1      0                         0      0        0
..................................................................


WIND (MPH)
  HIGHEST WIND SPEED    35   HIGHEST WIND DIRECTION    NW (330)
  HIGHEST GUST SPEED    43   HIGHEST GUST DIRECTION    NW (330)
  AVERAGE WIND SPEED    16.9


SKY COVER
  POSSIBLE SUNSHINE  MM
  AVERAGE SKY COVER 1.0


WEATHER CONDITIONS
 THE FOLLOWING WEATHER WAS RECORDED YESTERDAY.
  HEAVY SNOW
  SNOW
  LIGHT SNOW
  BLOWING SNOW


RELATIVE HUMIDITY (PERCENT)
 HIGHEST    88          1000 AM
 LOWEST     62           100 AM
 AVERAGE    75

..........................................................


THE AKRON CANTON OH CLIMATE NORMALS FOR TODAY
                         NORMAL    RECORD    YEAR
 MAXIMUM TEMPERATURE (F)   37        66      1954
 MINIMUM TEMPERATURE (F)   21        -8      1943


SUNRISE AND SUNSET
FEBRUARY 15 2015......SUNRISE   720 AM EST   SUNSET   600 PM EST
FEBRUARY 16 2015......SUNRISE   719 AM EST   SUNSET   601 PM EST


-  INDICATES NEGATIVE NUMBERS.
R  INDICATES RECORD WAS SET OR TIED.
MM INDICATES DATA IS MISSING.
T  INDICATES TRACE AMOUNT.




$$
