178
CDUS41 KCLE 100527
CLICAK


CLIMATE REPORT
NATIONAL WEATHER SERVICE CLEVELAND OH
126 AM EDT SUN SEP 10 2017


...................................

...THE AKRON CANTON OH CLIMATE SUMMARY FOR SEPTEMBER 9 2017...

CLIMATE NORMAL PERIOD 1981 TO 2010
CLIMATE RECORD PERIOD 1887 TO 2017


WEATHER ITEM   OBSERVED TIME   RECORD YEAR NORMAL DEPARTURE LAST
                VALUE   (LST)  VALUE       VALUE  FROM      YEAR
                                                  NORMAL
..................................................................
TEMPERATURE (F)
 YESTERDAY
  MAXIMUM         70    421 PM  92    1897  76     -6       85
  MINIMUM         47   1159 PM  42    1986  56     -9       71
                                      1979
  AVERAGE         59                        66     -7       78

PRECIPITATION (IN)
  YESTERDAY        0.00                      0.12  -0.12      T
  MONTH TO DATE    1.96                      1.06   0.90     1.41
  SINCE SEP 1      1.96                      1.06   0.90     1.41
  SINCE JAN 1     36.63                     28.26   8.37    25.01

SNOWFALL (IN)
  YESTERDAY        0.0                       0.0    0.0      0.0
  MONTH TO DATE    0.0                       0.0    0.0      0.0
  SINCE SEP 1      0.0                       0.0    0.0      0.0
  SINCE JUL 1      0.0                       0.0    0.0      0.0
  SNOW DEPTH       0

DEGREE DAYS
 HEATING
  YESTERDAY        6                         2      4        0
  MONTH TO DATE   37                        13     24        0
  SINCE SEP 1     37                        13     24        0
  SINCE JUL 1     43                        33     10        3

 COOLING
  YESTERDAY        0                         3     -3       13
  MONTH TO DATE   10                        32    -22       72
  SINCE SEP 1     10                        32    -22       72
  SINCE JAN 1    752                       614    138     1026
..................................................................


WIND (MPH)
  HIGHEST WIND SPEED    14   HIGHEST WIND DIRECTION    NE (40)
  HIGHEST GUST SPEED    17   HIGHEST GUST DIRECTION    NE (30)
  AVERAGE WIND SPEED     8.1


SKY COVER
  POSSIBLE SUNSHINE  MM
  AVERAGE SKY COVER 0.3


WEATHER CONDITIONS
 THE FOLLOWING WEATHER WAS RECORDED YESTERDAY.
  NO SIGNIFICANT WEATHER WAS OBSERVED.


RELATIVE HUMIDITY (PERCENT)
 HIGHEST    86           100 AM
 LOWEST     39           300 PM
 AVERAGE    63

..........................................................


THE AKRON CANTON OH CLIMATE NORMALS FOR TODAY
                         NORMAL    RECORD    YEAR
 MAXIMUM TEMPERATURE (F)   75        93      2013
                                             1983
                                             1964
 MINIMUM TEMPERATURE (F)   56        39      1914


SUNRISE AND SUNSET
SEPTEMBER 10 2017.....SUNRISE   702 AM EDT   SUNSET   743 PM EDT
SEPTEMBER 11 2017.....SUNRISE   703 AM EDT   SUNSET   741 PM EDT


-  INDICATES NEGATIVE NUMBERS.
R  INDICATES RECORD WAS SET OR TIED.
MM INDICATES DATA IS MISSING.
T  INDICATES TRACE AMOUNT.




$$
