000
CDUS41 KCLE 280534
CLICAK


CLIMATE REPORT
NATIONAL WEATHER SERVICE CLEVELAND OH
1234 AM EST SAT JAN 28 2017


...................................

...THE AKRON CANTON OH CLIMATE SUMMARY FOR JANUARY 27 2017...

CLIMATE NORMAL PERIOD 1981 TO 2010
CLIMATE RECORD PERIOD 1887 TO 2017


WEATHER ITEM   OBSERVED TIME   RECORD YEAR NORMAL DEPARTURE LAST
                VALUE   (LST)  VALUE       VALUE  FROM      YEAR
                                                  NORMAL
..................................................................
TEMPERATURE (F)
 YESTERDAY
  MAXIMUM         32    211 PM  67    1916  33     -1       31
  MINIMUM         29   1159 PM  -9    1936  19     10       21
  AVERAGE         31                        26      5       26

PRECIPITATION (IN)
  YESTERDAY        0.12                      0.08   0.04      T
  MONTH TO DATE    5.87                      2.29   3.58     1.15
  SINCE DEC 1      8.87                      5.13   3.74     4.85
  SINCE JAN 1      5.87                      2.29   3.58     1.15

SNOWFALL (IN)
  YESTERDAY        1.2                       0.4    0.8       T
  MONTH TO DATE    5.3                      10.8   -5.5      5.5
  SINCE DEC 1     12.8                      21.0   -8.2      5.7
  SINCE JUL 1     14.9                      24.4   -9.5      5.7
  SNOW DEPTH       1

DEGREE DAYS
 HEATING
  YESTERDAY       34                        39     -5       39
  MONTH TO DATE  812                      1051   -239     1057
  SINCE DEC 1   1878                      2122   -244     1709
  SINCE JUL 1   2756                      3381   -625     2589

 COOLING
  YESTERDAY        0                         0      0        0
  MONTH TO DATE    0                         0      0        0
  SINCE DEC 1      0                         0      0        0
  SINCE JAN 1      0                         0      0        0
..................................................................


WIND (MPH)
  HIGHEST WIND SPEED    25   HIGHEST WIND DIRECTION     W (270)
  HIGHEST GUST SPEED    34   HIGHEST GUST DIRECTION     W (270)
  AVERAGE WIND SPEED    13.1


SKY COVER
  POSSIBLE SUNSHINE  MM
  AVERAGE SKY COVER 1.0


WEATHER CONDITIONS
 THE FOLLOWING WEATHER WAS RECORDED YESTERDAY.
  LIGHT SNOW
  FOG
  HAZE


RELATIVE HUMIDITY (PERCENT)
 HIGHEST    85           100 AM
 LOWEST     63          1000 PM
 AVERAGE    74

..........................................................


THE AKRON CANTON OH CLIMATE NORMALS FOR TODAY
                         NORMAL    RECORD    YEAR
 MAXIMUM TEMPERATURE (F)   34        60      2002
 MINIMUM TEMPERATURE (F)   19       -13      1977


SUNRISE AND SUNSET
JANUARY 28 2017.......SUNRISE   740 AM EST   SUNSET   538 PM EST
JANUARY 29 2017.......SUNRISE   739 AM EST   SUNSET   540 PM EST


-  INDICATES NEGATIVE NUMBERS.
R  INDICATES RECORD WAS SET OR TIED.
MM INDICATES DATA IS MISSING.
T  INDICATES TRACE AMOUNT.




$$
