581
CDUS41 KCLE 052213
CLICAK


CLIMATE REPORT
NATIONAL WEATHER SERVICE CLEVELAND OH
512 PM EST SUN NOV 5 2017


...................................

...THE AKRON CANTON OH CLIMATE SUMMARY FOR NOVEMBER 5 2017...
VALID TODAY AS OF 0500 PM LOCAL TIME.

CLIMATE NORMAL PERIOD 1981 TO 2010
CLIMATE RECORD PERIOD 1887 TO 2017


WEATHER ITEM   OBSERVED TIME   RECORD YEAR NORMAL DEPARTURE LAST
                VALUE   (LST)  VALUE       VALUE  FROM      YEAR
                                                  NORMAL
..................................................................
TEMPERATURE (F)
 TODAY
  MAXIMUM         67    359 PM  77    2015  54     13       62
  MINIMUM         58    306 AM  14    1991  37     21       34
  AVERAGE         63                        46     17       48

PRECIPITATION (IN)
  TODAY            0.12                      0.11   0.01     0.00
  MONTH TO DATE    1.07                      0.55   0.52     0.04
  SINCE SEP 1      6.64                      6.83  -0.19    10.34
  SINCE JAN 1     41.31                     34.03   7.28    33.94

SNOWFALL (IN)
  TODAY            0.0                       0.1   -0.1      0.0
  MONTH TO DATE    0.0                       0.3   -0.3      0.0
  SINCE SEP 1      0.0                       0.7   -0.7      0.0
  SINCE JUL 1      0.0                       0.7   -0.7      0.0
  SNOW DEPTH       0

DEGREE DAYS
 HEATING
  TODAY            2                        20    -18       17
  MONTH TO DATE   60                        95    -35       46
  SINCE SEP 1    365                       630   -265      353
  SINCE JUL 1    371                       650   -279      356

 COOLING
  TODAY            0                         0      0        0
  MONTH TO DATE    0                         0      0        3
  SINCE SEP 1    184                        70    114      179
  SINCE JAN 1    926                       652    274     1133
..................................................................


WIND (MPH)
  HIGHEST WIND SPEED    22   HIGHEST WIND DIRECTION     S (190)
  HIGHEST GUST SPEED    29   HIGHEST GUST DIRECTION     S (180)


SKY COVER
  POSSIBLE SUNSHINE  MM
  AVERAGE SKY COVER 0.9


WEATHER CONDITIONS
 THE FOLLOWING WEATHER WAS RECORDED TODAY.
  THUNDERSTORM
  HEAVY RAIN
  LIGHT RAIN
  FOG
  HAZE


RELATIVE HUMIDITY (PERCENT)
 HIGHEST    93          1100 AM
 LOWEST     72          1200 AM
 AVERAGE    83

..........................................................


THE AKRON CANTON OH CLIMATE NORMALS FOR TOMORROW
                         NORMAL    RECORD    YEAR
 MAXIMUM TEMPERATURE (F)   53        74      1975
 MINIMUM TEMPERATURE (F)   37        19      1953


SUNRISE AND SUNSET
NOVEMBER  5 2017......SUNRISE   701 AM EST   SUNSET   517 PM EST
NOVEMBER  6 2017......SUNRISE   703 AM EST   SUNSET   516 PM EST


-  INDICATES NEGATIVE NUMBERS.
R  INDICATES RECORD WAS SET OR TIED.
MM INDICATES DATA IS MISSING.
T  INDICATES TRACE AMOUNT.




$$
