000
CDUS41 KCLE 190534
CLICAK


CLIMATE REPORT
NATIONAL WEATHER SERVICE CLEVELAND OH
1234 AM EST THU FEB 19 2015


...................................

...THE AKRON CANTON OH CLIMATE SUMMARY FOR FEBRUARY 18 2015...

CLIMATE NORMAL PERIOD 1981 TO 2010
CLIMATE RECORD PERIOD 1887 TO 2015


WEATHER ITEM   OBSERVED TIME   RECORD YEAR NORMAL DEPARTURE LAST
                VALUE   (LST)  VALUE       VALUE  FROM      YEAR
                                                  NORMAL
..................................................................
TEMPERATURE (F)
 YESTERDAY
  MAXIMUM         18    341 AM  60    1981  37    -19       41
  MINIMUM          7   1159 PM  -8    1936  22    -15       26
  AVERAGE         13                        30    -17       34

PRECIPITATION (IN)
  YESTERDAY        0.11                      0.08   0.03     0.30
  MONTH TO DATE    1.49                      1.46   0.03     1.20
  SINCE DEC 1      7.29                      6.91   0.38     6.61
  SINCE JAN 1      4.98                      4.07   0.91     3.12

SNOWFALL (IN)
  YESTERDAY        2.7                       0.4    2.3      3.0
  MONTH TO DATE   15.3                       6.6    8.7     15.1
  SINCE DEC 1     37.1                      29.2    7.9     46.7
  SINCE JUL 1     45.1                      32.6   12.5     57.4
  SNOW DEPTH       6

DEGREE DAYS
 HEATING
  YESTERDAY       52                        35     17       31
  MONTH TO DATE  829                       667    162      806
  SINCE DEC 1   3016                      2944     72     3201
  SINCE JUL 1   4299                      4203     96     4451

 COOLING
  YESTERDAY        0                         0      0        0
  MONTH TO DATE    0                         0      0        0
  SINCE DEC 1      0                         0      0        0
  SINCE JAN 1      0                         0      0        0
..................................................................


WIND (MPH)
  HIGHEST WIND SPEED    25   HIGHEST WIND DIRECTION     W (270)
  HIGHEST GUST SPEED    34   HIGHEST GUST DIRECTION     W (270)
  AVERAGE WIND SPEED    12.8


SKY COVER
  POSSIBLE SUNSHINE  MM
  AVERAGE SKY COVER 0.5


WEATHER CONDITIONS
 THE FOLLOWING WEATHER WAS RECORDED YESTERDAY.
  LIGHT SNOW
  FOG
  HAZE
  BLOWING SNOW


RELATIVE HUMIDITY (PERCENT)
 HIGHEST    80           500 AM
 LOWEST     63           600 PM
 AVERAGE    72

..........................................................


THE AKRON CANTON OH CLIMATE NORMALS FOR TODAY
                         NORMAL    RECORD    YEAR
 MAXIMUM TEMPERATURE (F)   38        65      1939
 MINIMUM TEMPERATURE (F)   22        -9      1936


SUNRISE AND SUNSET
FEBRUARY 19 2015......SUNRISE   715 AM EST   SUNSET   605 PM EST
FEBRUARY 20 2015......SUNRISE   713 AM EST   SUNSET   606 PM EST


-  INDICATES NEGATIVE NUMBERS.
R  INDICATES RECORD WAS SET OR TIED.
MM INDICATES DATA IS MISSING.
T  INDICATES TRACE AMOUNT.




$$
