000
CDUS41 KCLE 010545
CLICAK


CLIMATE REPORT
NATIONAL WEATHER SERVICE CLEVELAND OH
145 AM EDT FRI SEP 1 2017


...................................

...THE AKRON CANTON OH CLIMATE SUMMARY FOR AUGUST 31 2017...

CLIMATE NORMAL PERIOD 1981 TO 2010
CLIMATE RECORD PERIOD 1887 TO 2017


WEATHER ITEM   OBSERVED TIME   RECORD YEAR NORMAL DEPARTURE LAST
                VALUE   (LST)  VALUE       VALUE  FROM      YEAR
                                                  NORMAL
..................................................................
TEMPERATURE (F)
 YESTERDAY
  MAXIMUM         77   1147 AM  96    1924  78     -1       83
  MINIMUM         54   1159 PM  39    1915  58     -4       65
  AVERAGE         66                        68     -2       74

PRECIPITATION (IN)
  YESTERDAY        0.00                      0.11  -0.11     0.51
  MONTH TO DATE    0.75                      3.56  -2.81     3.36
  SINCE JUN 1      8.55                     11.47  -2.92     8.93
  SINCE JAN 1     34.67                     27.20   7.47    23.60

SNOWFALL (IN)
  YESTERDAY        0.0                       0.0    0.0      0.0
  MONTH TO DATE    0.0                       0.0    0.0      0.0
  SINCE JUN 1      0.0                       0.0    0.0      0.0
  SINCE JUL 1      0.0                       0.0    0.0      0.0
  SNOW DEPTH       0

DEGREE DAYS
 HEATING
  YESTERDAY        0                         1     -1        0
  MONTH TO DATE    6                        10     -4        0
  SINCE JUN 1     29                        69    -40       22
  SINCE JUL 1      6                        20    -14        3

 COOLING
  YESTERDAY        1                         4     -3        9
  MONTH TO DATE  199                       183     16      370
  SINCE JUN 1    678                       540    138      893
  SINCE JAN 1    742                       582    160      954
..................................................................


WIND (MPH)
  HIGHEST WIND SPEED    20   HIGHEST WIND DIRECTION     N (20)
  HIGHEST GUST SPEED    27   HIGHEST GUST DIRECTION     N (10)
  AVERAGE WIND SPEED     9.3


SKY COVER
  POSSIBLE SUNSHINE  MM
  AVERAGE SKY COVER 0.6


WEATHER CONDITIONS
 THE FOLLOWING WEATHER WAS RECORDED YESTERDAY.
  FOG
  HAZE


RELATIVE HUMIDITY (PERCENT)
 HIGHEST    90           100 AM
 LOWEST     49           300 PM
 AVERAGE    70

..........................................................


THE AKRON CANTON OH CLIMATE NORMALS FOR TODAY
                         NORMAL    RECORD    YEAR
 MAXIMUM TEMPERATURE (F)   78        96      1889
 MINIMUM TEMPERATURE (F)   58        42      1890


SUNRISE AND SUNSET
SEPTEMBER  1 2017.....SUNRISE   653 AM EDT   SUNSET   758 PM EDT
SEPTEMBER  2 2017.....SUNRISE   654 AM EDT   SUNSET   756 PM EDT


-  INDICATES NEGATIVE NUMBERS.
R  INDICATES RECORD WAS SET OR TIED.
MM INDICATES DATA IS MISSING.
T  INDICATES TRACE AMOUNT.




$$
