000
CDUS41 KCLE 070526
CLICAK


CLIMATE REPORT
NATIONAL WEATHER SERVICE CLEVELAND OH
125 AM EDT SUN MAY 7 2017


...................................

...THE AKRON CANTON OH CLIMATE SUMMARY FOR MAY 6 2017...

CLIMATE NORMAL PERIOD 1981 TO 2010
CLIMATE RECORD PERIOD 1887 TO 2017


WEATHER ITEM   OBSERVED TIME   RECORD YEAR NORMAL DEPARTURE LAST
                VALUE   (LST)  VALUE       VALUE  FROM      YEAR
                                                  NORMAL
..................................................................
TEMPERATURE (F)
 YESTERDAY
  MAXIMUM         50    405 PM  87    1949  67    -17       67
  MINIMUM         43   1111 PM  29    1910  45     -2       43
  AVERAGE         47                        56     -9       55

PRECIPITATION (IN)
  YESTERDAY        0.23                      0.13   0.10     0.00
  MONTH TO DATE    2.65                      0.76   1.89     0.58
  SINCE MAR 1     12.76                      7.29   5.47     8.66
  SINCE JAN 1     21.27                     12.21   9.06    13.25

SNOWFALL (IN)
  YESTERDAY        0.0                       0.1   -0.1      0.0
  MONTH TO DATE    0.0                       0.1   -0.1      0.0
  SINCE MAR 1     16.0                      11.0    5.0      7.5
  SINCE JUL 1     37.2                      47.5  -10.3     30.2
  SNOW DEPTH       0

DEGREE DAYS
 HEATING
  YESTERDAY       18                         9      9       10
  MONTH TO DATE   75                        61     14       62
  SINCE MAR 1   1153                      1393   -240     1175
  SINCE JUL 1   4753                      5937  -1184     4822

 COOLING
  YESTERDAY        0                         0      0        0
  MONTH TO DATE    0                         0      0        0
  SINCE MAR 1     22                         6     16        0
  SINCE JAN 1     24                         6     18        0
..................................................................


WIND (MPH)
  HIGHEST WIND SPEED    22   HIGHEST WIND DIRECTION    NW (330)
  HIGHEST GUST SPEED    30   HIGHEST GUST DIRECTION    NW (320)
  AVERAGE WIND SPEED    13.2


SKY COVER
  POSSIBLE SUNSHINE  MM
  AVERAGE SKY COVER 1.0


WEATHER CONDITIONS
 THE FOLLOWING WEATHER WAS RECORDED YESTERDAY.
  LIGHT RAIN
  FOG


RELATIVE HUMIDITY (PERCENT)
 HIGHEST    89           200 AM
 LOWEST     76          1200 PM
 AVERAGE    83

..........................................................


THE AKRON CANTON OH CLIMATE NORMALS FOR TODAY
                         NORMAL    RECORD    YEAR
 MAXIMUM TEMPERATURE (F)   67        87      2015
                                             1936
 MINIMUM TEMPERATURE (F)   46        27      1970


SUNRISE AND SUNSET
MAY  7 2017...........SUNRISE   616 AM EDT   SUNSET   829 PM EDT
MAY  8 2017...........SUNRISE   615 AM EDT   SUNSET   830 PM EDT


-  INDICATES NEGATIVE NUMBERS.
R  INDICATES RECORD WAS SET OR TIED.
MM INDICATES DATA IS MISSING.
T  INDICATES TRACE AMOUNT.




$$
