000
CDUS41 KCLE 130532
CLICAK


CLIMATE REPORT
NATIONAL WEATHER SERVICE CLEVELAND OH
131 AM EDT MON MAR 13 2017


...................................

...THE AKRON CANTON OH CLIMATE SUMMARY FOR MARCH 12 2017...

CLIMATE NORMAL PERIOD 1981 TO 2010
CLIMATE RECORD PERIOD 1887 TO 2017


WEATHER ITEM   OBSERVED TIME   RECORD YEAR NORMAL DEPARTURE LAST
                VALUE   (LST)  VALUE       VALUE  FROM      YEAR
                                                  NORMAL
..................................................................
TEMPERATURE (F)
 YESTERDAY
  MAXIMUM         29    442 PM  74    1990  45    -16       63
  MINIMUM         15    124 AM  -6    1948  27    -12       29
  AVERAGE         22                        36    -14       46

PRECIPITATION (IN)
  YESTERDAY        T                         0.09  -0.09      T
  MONTH TO DATE    2.02                      1.05   0.97     1.47
  SINCE MAR 1      2.02                      1.05   0.97     1.47
  SINCE JAN 1     10.53                      5.97   4.56     6.06

SNOWFALL (IN)
  YESTERDAY        T                         0.3   -0.3      0.0
  MONTH TO DATE    3.5                       4.0   -0.5      2.4
  SINCE MAR 1      3.5                       4.0   -0.5      2.4
  SINCE JUL 1     24.7                      40.5  -15.8     25.1
  SNOW DEPTH       1

DEGREE DAYS
 HEATING
  YESTERDAY       43                        29     14       19
  MONTH TO DATE  354                       370    -16      282
  SINCE MAR 1    354                       370    -16      282
  SINCE JUL 1   3954                      4914   -960     3929

 COOLING
  YESTERDAY        0                         0      0        0
  MONTH TO DATE    0                         0      0        0
  SINCE MAR 1      0                         0      0        0
  SINCE JAN 1      2                         0      2        0
..................................................................


WIND (MPH)
  HIGHEST WIND SPEED    14   HIGHEST WIND DIRECTION    NW (310)
  HIGHEST GUST SPEED    19   HIGHEST GUST DIRECTION    NW (330)
  AVERAGE WIND SPEED     7.0


SKY COVER
  POSSIBLE SUNSHINE  MM
  AVERAGE SKY COVER 0.7


WEATHER CONDITIONS
 THE FOLLOWING WEATHER WAS RECORDED YESTERDAY.
  LIGHT SNOW


RELATIVE HUMIDITY (PERCENT)
 HIGHEST    74           200 AM
 LOWEST     42           500 PM
 AVERAGE    58

..........................................................


THE AKRON CANTON OH CLIMATE NORMALS FOR TODAY
                         NORMAL    RECORD    YEAR
 MAXIMUM TEMPERATURE (F)   45        75      1990
 MINIMUM TEMPERATURE (F)   27         4      1948


SUNRISE AND SUNSET
MARCH 13 2017.........SUNRISE   740 AM EDT   SUNSET   731 PM EDT
MARCH 14 2017.........SUNRISE   739 AM EDT   SUNSET   732 PM EDT


-  INDICATES NEGATIVE NUMBERS.
R  INDICATES RECORD WAS SET OR TIED.
MM INDICATES DATA IS MISSING.
T  INDICATES TRACE AMOUNT.




$$
