000
CDUS41 KCLE 292113
CLICAK


CLIMATE REPORT
NATIONAL WEATHER SERVICE CLEVELAND OH
512 PM EDT FRI JUL 29 2016


...................................

...THE AKRON CANTON OH CLIMATE SUMMARY FOR JULY 29 2016...
VALID TODAY AS OF 0500 PM LOCAL TIME.

CLIMATE NORMAL PERIOD 1981 TO 2010
CLIMATE RECORD PERIOD 1887 TO 2016


WEATHER ITEM   OBSERVED TIME   RECORD YEAR NORMAL DEPARTURE LAST
                VALUE   (LST)  VALUE       VALUE  FROM      YEAR
                                                  NORMAL
..................................................................
TEMPERATURE (F)
 TODAY
  MAXIMUM         88    222 PM  94    1941  82      6       91
                                      1940
                                      1917
  MINIMUM         67   1219 AM  47    1904  62      5       69
  AVERAGE         78                        72      6       80

PRECIPITATION (IN)
  TODAY            0.00                      0.12  -0.12     0.01
  MONTH TO DATE    1.97                      3.82  -1.85     3.86
  SINCE JUN 1      5.48                      7.65  -2.17    12.17
  SINCE JAN 1     20.15                     23.38  -3.23    28.58

SNOWFALL (IN)
  TODAY            0.0                       0.0    0.0      0.0
  MONTH TO DATE    0.0                       0.0    0.0      0.0
  SINCE JUN 1      0.0                       0.0    0.0      0.0
  SINCE JUL 1      0.0                       0.0    0.0      0.0
  SNOW DEPTH       0

DEGREE DAYS
 HEATING
  TODAY            0                         0      0        0
  MONTH TO DATE    3                         0      3        0
  SINCE JUN 1     22                        49    -27       25
  SINCE JUL 1      3                         0      3        0

 COOLING
  TODAY           13                         7      6       15
  MONTH TO DATE  307                       203    104      218
  SINCE JUN 1    501                       338    163      404
  SINCE JAN 1    562                       380    182      548
..................................................................


WIND (MPH)
  HIGHEST WIND SPEED    16   HIGHEST WIND DIRECTION     N (10)
  HIGHEST GUST SPEED    21   HIGHEST GUST DIRECTION    NE (30)


SKY COVER
  POSSIBLE SUNSHINE  MM
  AVERAGE SKY COVER 0.8


WEATHER CONDITIONS
 THE FOLLOWING WEATHER WAS RECORDED TODAY.
  FOG
  HAZE


RELATIVE HUMIDITY (PERCENT)
 HIGHEST    97           400 AM
 LOWEST     36           200 PM
 AVERAGE    67

..........................................................


THE AKRON CANTON OH CLIMATE NORMALS FOR TOMORROW
                         NORMAL    RECORD    YEAR
 MAXIMUM TEMPERATURE (F)   82        96      1941
                                             1913
 MINIMUM TEMPERATURE (F)   62        46      1904


SUNRISE AND SUNSET
JULY 29 2016..........SUNRISE   620 AM EDT   SUNSET   844 PM EDT
JULY 30 2016..........SUNRISE   620 AM EDT   SUNSET   843 PM EDT


-  INDICATES NEGATIVE NUMBERS.
R  INDICATES RECORD WAS SET OR TIED.
MM INDICATES DATA IS MISSING.
T  INDICATES TRACE AMOUNT.




$$
