000
CDUS41 KCLE 280534
CLICAK


CLIMATE REPORT
NATIONAL WEATHER SERVICE CLEVELAND OH
1233 AM EST TUE FEB 28 2017


...................................

...THE AKRON CANTON OH CLIMATE SUMMARY FOR FEBRUARY 27 2017...

CLIMATE NORMAL PERIOD 1981 TO 2010
CLIMATE RECORD PERIOD 1887 TO 2017


WEATHER ITEM   OBSERVED TIME   RECORD YEAR NORMAL DEPARTURE LAST
                VALUE   (LST)  VALUE       VALUE  FROM      YEAR
                                                  NORMAL
..................................................................
TEMPERATURE (F)
 YESTERDAY
  MAXIMUM         46    331 PM  65    1996  40      6       43
  MINIMUM         32    307 AM  -9    1963  24      8       27
  AVERAGE         39                        32      7       35

PRECIPITATION (IN)
  YESTERDAY        T                         0.09  -0.09      T
  MONTH TO DATE    2.37                      2.22   0.15     3.23
  SINCE DEC 1     11.51                      7.67   3.84     8.14
  SINCE JAN 1      8.51                      4.83   3.68     4.44

SNOWFALL (IN)
  YESTERDAY        0.0                       0.4   -0.4       T
  MONTH TO DATE    4.2                      10.1   -5.9     16.4
  SINCE DEC 1     19.1                      32.7  -13.6     22.7
  SINCE JUL 1     21.2                      36.1  -14.9     22.7
  SNOW DEPTH       0

DEGREE DAYS
 HEATING
  YESTERDAY       26                        33     -7       30
  MONTH TO DATE  678                       975   -297      913
  SINCE DEC 1   2704                      3252   -548     2733
  SINCE JUL 1   3582                      4511   -929     3613

 COOLING
  YESTERDAY        0                         0      0        0
  MONTH TO DATE    2                         0      2        0
  SINCE DEC 1      2                         0      2        0
  SINCE JAN 1      2                         0      2        0
..................................................................


WIND (MPH)
  HIGHEST WIND SPEED    16   HIGHEST WIND DIRECTION     S (190)
  HIGHEST GUST SPEED    21   HIGHEST GUST DIRECTION     S (200)
  AVERAGE WIND SPEED     8.0


SKY COVER
  POSSIBLE SUNSHINE  MM
  AVERAGE SKY COVER 0.8


WEATHER CONDITIONS
 THE FOLLOWING WEATHER WAS RECORDED YESTERDAY.
  LIGHT RAIN
  FOG


RELATIVE HUMIDITY (PERCENT)
 HIGHEST    85          1100 PM
 LOWEST     39          1100 AM
 AVERAGE    62

..........................................................


THE AKRON CANTON OH CLIMATE NORMALS FOR TODAY
                         NORMAL    RECORD    YEAR
 MAXIMUM TEMPERATURE (F)   40        70      1939
 MINIMUM TEMPERATURE (F)   24        -4      1934


SUNRISE AND SUNSET
FEBRUARY 28 2017......SUNRISE   701 AM EST   SUNSET   616 PM EST
MARCH  1 2017.........SUNRISE   659 AM EST   SUNSET   617 PM EST


-  INDICATES NEGATIVE NUMBERS.
R  INDICATES RECORD WAS SET OR TIED.
MM INDICATES DATA IS MISSING.
T  INDICATES TRACE AMOUNT.




$$
