000
CDUS41 KCLE 200542
CLICAK


CLIMATE REPORT
NATIONAL WEATHER SERVICE CLEVELAND OH
133 AM EDT SAT SEP 20 2014


...................................

...THE AKRON CANTON OH CLIMATE SUMMARY FOR SEPTEMBER 19 2014...

CLIMATE NORMAL PERIOD 1981 TO 2010
CLIMATE RECORD PERIOD 1887 TO 2014


WEATHER ITEM   OBSERVED TIME   RECORD YEAR NORMAL DEPARTURE LAST
                VALUE   (LST)  VALUE       VALUE  FROM      YEAR
                                                  NORMAL
..................................................................
TEMPERATURE (F)
 YESTERDAY
  MAXIMUM         72    347 PM  90    1932  72      0       75
                                      1908
  MINIMUM         46    406 AM  39    1956  52     -6       62
                                      1916
                                      1903
  AVERAGE         59                        62     -3       69

PRECIPITATION (IN)
  YESTERDAY        0.00                      0.11  -0.11     0.00
  MONTH TO DATE    0.81                      2.24  -1.43     1.58
  SINCE SEP 1      0.81                      2.24  -1.43     1.58
  SINCE JAN 1     36.60                     29.44   7.16    28.65

SNOWFALL (IN)
  YESTERDAY        0.0                       0.0    0.0      0.0
  MONTH TO DATE    0.0                       0.0    0.0      0.0
  SINCE SEP 1      0.0                       0.0    0.0      0.0
  SINCE JUL 1      0.0                       0.0    0.0      0.0
  SNOW DEPTH       0

DEGREE DAYS
 HEATING
  YESTERDAY        6                         5      1        0
  MONTH TO DATE   57                        46     11       51
  SINCE SEP 1     57                        46     11       51
  SINCE JUL 1     73                        66      7       64

 COOLING
  YESTERDAY        0                         2     -2        4
  MONTH TO DATE   69                        54     15       68
  SINCE SEP 1     69                        54     15       68
  SINCE JAN 1    705                       636     69      792
..................................................................


WIND (MPH)
  HIGHEST WIND SPEED    12   HIGHEST WIND DIRECTION     S (180)
  HIGHEST GUST SPEED    15   HIGHEST GUST DIRECTION     S (180)
  AVERAGE WIND SPEED     5.4


SKY COVER
  POSSIBLE SUNSHINE  MM
  AVERAGE SKY COVER 0.2


WEATHER CONDITIONS
 THE FOLLOWING WEATHER WAS RECORDED YESTERDAY.
  FOG
  HAZE


RELATIVE HUMIDITY (PERCENT)
 HIGHEST    93           300 AM
 LOWEST     40           200 PM
 AVERAGE    67

..........................................................


THE AKRON CANTON OH CLIMATE NORMALS FOR TODAY
                         NORMAL    RECORD    YEAR
 MAXIMUM TEMPERATURE (F)   71        90      1978
                                             1940
                                             1931
 MINIMUM TEMPERATURE (F)   52        34      1956


SUNRISE AND SUNSET
SEPTEMBER 20 2014.....SUNRISE   711 AM EDT   SUNSET   726 PM EDT
SEPTEMBER 21 2014.....SUNRISE   712 AM EDT   SUNSET   725 PM EDT


-  INDICATES NEGATIVE NUMBERS.
R  INDICATES RECORD WAS SET OR TIED.
MM INDICATES DATA IS MISSING.
T  INDICATES TRACE AMOUNT.




$$
