000
CDUS41 KCLE 252114
CLICAK


CLIMATE REPORT
NATIONAL WEATHER SERVICE CLEVELAND OH
513 PM EDT WED MAY 25 2016


...................................

...THE AKRON CANTON OH CLIMATE SUMMARY FOR MAY 25 2016...
VALID TODAY AS OF 0500 PM LOCAL TIME.

CLIMATE NORMAL PERIOD 1981 TO 2010
CLIMATE RECORD PERIOD 1887 TO 2016


WEATHER ITEM   OBSERVED TIME   RECORD YEAR NORMAL DEPARTURE LAST
                VALUE   (LST)  VALUE       VALUE  FROM      YEAR
                                                  NORMAL
..................................................................
TEMPERATURE (F)
 TODAY
  MAXIMUM         82    348 PM  88    2012  72     10       85
                                      1914
                                      1904
  MINIMUM         55    459 AM  29    2013  51      4       61
  AVERAGE         69                        62      7       73

PRECIPITATION (IN)
  TODAY            0.00                      0.14  -0.14      T
  MONTH TO DATE    1.97                      3.42  -1.45     0.47
  SINCE MAR 1     10.05                      9.95   0.10     7.07
  SINCE JAN 1     14.64                     14.87  -0.23    12.55

SNOWFALL (IN)
  TODAY            0.0                       0.0    0.0      0.0
  MONTH TO DATE    T                         0.1   -0.1      0.0
  SINCE MAR 1      7.5                      11.0   -3.5      6.9
  SINCE JUL 1     30.2                      47.5  -17.3     59.8
  SNOW DEPTH       0

DEGREE DAYS
 HEATING
  TODAY            0                         5     -5        0
  MONTH TO DATE  221                       199     22      101
  SINCE MAR 1   1334                      1531   -197     1431
  SINCE JUL 1   4981                      6075  -1094     6274

 COOLING
  TODAY            4                         2      2        8
  MONTH TO DATE    6                        23    -17       97
  SINCE MAR 1      6                        29    -23       99
  SINCE JAN 1      6                        29    -23       99
..................................................................


WIND (MPH)
  HIGHEST WIND SPEED    17   HIGHEST WIND DIRECTION    SW (210)
  HIGHEST GUST SPEED    21   HIGHEST GUST DIRECTION    SW (220)


SKY COVER
  POSSIBLE SUNSHINE  MM
  AVERAGE SKY COVER 0.5


WEATHER CONDITIONS
 THE FOLLOWING WEATHER WAS RECORDED TODAY.
  NO SIGNIFICANT WEATHER WAS OBSERVED.


RELATIVE HUMIDITY (PERCENT)
 HIGHEST    77           400 AM
 LOWEST     33          1200 PM
 AVERAGE    55

..........................................................


THE AKRON CANTON OH CLIMATE NORMALS FOR TOMORROW
                         NORMAL    RECORD    YEAR
 MAXIMUM TEMPERATURE (F)   72        89      1939
                                             1914
 MINIMUM TEMPERATURE (F)   52        32      1961
                                             1925


SUNRISE AND SUNSET
MAY 25 2016...........SUNRISE   600 AM EDT   SUNSET   846 PM EDT
MAY 26 2016...........SUNRISE   559 AM EDT   SUNSET   847 PM EDT


-  INDICATES NEGATIVE NUMBERS.
R  INDICATES RECORD WAS SET OR TIED.
MM INDICATES DATA IS MISSING.
T  INDICATES TRACE AMOUNT.




$$
