000
CDUS41 KCLE 230531
CLICAK


CLIMATE REPORT
NATIONAL WEATHER SERVICE CLEVELAND OH
1229 AM EST TUE DEC 23 2014


...................................

...THE AKRON CANTON OH CLIMATE SUMMARY FOR DECEMBER 22 2014...

CLIMATE NORMAL PERIOD 1981 TO 2010
CLIMATE RECORD PERIOD 1887 TO 2014


WEATHER ITEM   OBSERVED TIME   RECORD YEAR NORMAL DEPARTURE LAST
                VALUE   (LST)  VALUE       VALUE  FROM      YEAR
                                                  NORMAL
..................................................................
TEMPERATURE (F)
 YESTERDAY
  MAXIMUM         45    305 PM  64    2013  35     10       64
  MINIMUM         22    606 AM -16    1989  22      0       45
  AVERAGE         34                        28      6       55

PRECIPITATION (IN)
  YESTERDAY        0.00                      0.09  -0.09     0.68
  MONTH TO DATE    1.54                      2.05  -0.51     3.18
  SINCE DEC 1      1.54                      2.05  -0.51     3.18
  SINCE JAN 1     44.92                     38.83   6.09    41.88

SNOWFALL (IN)
  YESTERDAY        0.0                       0.3   -0.3      0.0
  MONTH TO DATE    0.5                       6.9   -6.4      9.8
  SINCE DEC 1      0.5                       6.9   -6.4      9.8
  SINCE JUL 1      8.5                      10.3   -1.8     20.5
  SNOW DEPTH       0

DEGREE DAYS
 HEATING
  YESTERDAY       31                        37     -6       10
  MONTH TO DATE  670                       735    -65      712
  SINCE DEC 1    670                       735    -65      712
  SINCE JUL 1   1953                      1994    -41     1962

 COOLING
  YESTERDAY        0                         0      0        0
  MONTH TO DATE    0                         0      0        0
  SINCE DEC 1      0                         0      0        0
  SINCE JAN 1    719                       652     67      829
..................................................................


WIND (MPH)
  HIGHEST WIND SPEED    13   HIGHEST WIND DIRECTION     E (100)
  HIGHEST GUST SPEED    18   HIGHEST GUST DIRECTION     E (100)
  AVERAGE WIND SPEED     7.4


SKY COVER
  POSSIBLE SUNSHINE  MM
  AVERAGE SKY COVER 0.6


WEATHER CONDITIONS
 THE FOLLOWING WEATHER WAS RECORDED YESTERDAY.
  FOG
  HAZE


RELATIVE HUMIDITY (PERCENT)
 HIGHEST    88           600 AM
 LOWEST     62           300 PM
 AVERAGE    75

..........................................................


THE AKRON CANTON OH CLIMATE NORMALS FOR TODAY
                         NORMAL    RECORD    YEAR
 MAXIMUM TEMPERATURE (F)   35        59      1957
 MINIMUM TEMPERATURE (F)   22        -6      1960


SUNRISE AND SUNSET
DECEMBER 23 2014......SUNRISE   748 AM EST   SUNSET   502 PM EST
DECEMBER 24 2014......SUNRISE   748 AM EST   SUNSET   503 PM EST


-  INDICATES NEGATIVE NUMBERS.
R  INDICATES RECORD WAS SET OR TIED.
MM INDICATES DATA IS MISSING.
T  INDICATES TRACE AMOUNT.




$$
