000
CDUS41 KCLE 280533
CLICAK


CLIMATE REPORT
NATIONAL WEATHER SERVICE CLEVELAND OH
132 AM EDT SUN JUN 28 2015


...................................

...THE AKRON CANTON OH CLIMATE SUMMARY FOR JUNE 27 2015...

CLIMATE NORMAL PERIOD 1981 TO 2010
CLIMATE RECORD PERIOD 1887 TO 2015


WEATHER ITEM   OBSERVED TIME   RECORD YEAR NORMAL DEPARTURE LAST
                VALUE   (LST)  VALUE       VALUE  FROM      YEAR
                                                  NORMAL
..................................................................
TEMPERATURE (F)
 YESTERDAY
  MAXIMUM         76    135 PM  95    1944  81     -5       82
  MINIMUM         60   1122 PM  47    1897  61     -1       58
  AVERAGE         68                        71     -3       70

PRECIPITATION (IN)
  YESTERDAY        1.55                      0.13   1.42     0.00
  MONTH TO DATE    7.58                      3.45   4.13     9.05
  SINCE JUN 1      7.58                      3.45   4.13     9.05
  SINCE JAN 1     23.99                     19.18   4.81    25.68

SNOWFALL (IN)
  YESTERDAY        0.0                       0.0    0.0      0.0
  MONTH TO DATE    0.0                       0.0    0.0      0.0
  SINCE JUN 1      0.0                       0.0    0.0      0.0
  SINCE JUL 1     59.8                      47.5   12.3     69.9
  SNOW DEPTH       0

DEGREE DAYS
 HEATING
  YESTERDAY        0                         1     -1        0
  MONTH TO DATE   21                        50    -29       15
  SINCE JUN 1     21                        50    -29       15
  SINCE JUL 1   6297                      6151    146     6422

 COOLING
  YESTERDAY        3                         6     -3        5
  MONTH TO DATE  181                       115     66      142
  SINCE JUN 1    181                       115     66      142
  SINCE JAN 1    325                       157    168      218
..................................................................


WIND (MPH)
  HIGHEST WIND SPEED    31   HIGHEST WIND DIRECTION    SW (220)
  HIGHEST GUST SPEED    37   HIGHEST GUST DIRECTION    SW (210)
  AVERAGE WIND SPEED    13.9


SKY COVER
  POSSIBLE SUNSHINE  MM
  AVERAGE SKY COVER 1.0


WEATHER CONDITIONS
 THE FOLLOWING WEATHER WAS RECORDED YESTERDAY.
  HEAVY RAIN
  RAIN
  LIGHT RAIN
  FOG
  HAZE


RELATIVE HUMIDITY (PERCENT)
 HIGHEST    93           800 AM
 LOWEST     68           400 PM
 AVERAGE    81

..........................................................


THE AKRON CANTON OH CLIMATE NORMALS FOR TODAY
                         NORMAL    RECORD    YEAR
 MAXIMUM TEMPERATURE (F)   81        97      1971
                                             1944
                                             1934
 MINIMUM TEMPERATURE (F)   61        47      1950
                                             1905
                                             1904


SUNRISE AND SUNSET
JUNE 28 2015..........SUNRISE   556 AM EDT   SUNSET   902 PM EDT
JUNE 29 2015..........SUNRISE   557 AM EDT   SUNSET   902 PM EDT


-  INDICATES NEGATIVE NUMBERS.
R  INDICATES RECORD WAS SET OR TIED.
MM INDICATES DATA IS MISSING.
T  INDICATES TRACE AMOUNT.




$$
