000
CDUS41 KCLE 010534
CLICAK


CLIMATE REPORT
NATIONAL WEATHER SERVICE CLEVELAND OH
132 AM EDT SAT AUG 1 2015


...................................

...THE AKRON CANTON OH CLIMATE SUMMARY FOR JULY 31 2015...

CLIMATE NORMAL PERIOD 1981 TO 2010
CLIMATE RECORD PERIOD 1887 TO 2015


WEATHER ITEM   OBSERVED TIME   RECORD YEAR NORMAL DEPARTURE LAST
                VALUE   (LST)  VALUE       VALUE  FROM      YEAR
                                                  NORMAL
..................................................................
TEMPERATURE (F)
 YESTERDAY
  MAXIMUM         88    216 PM  97    1933  82      6       79
                                      1917
  MINIMUM         62    534 AM  50    1964  62      0       57
                                      1936
                                      1895
  AVERAGE         75                        72      3       68

PRECIPITATION (IN)
  YESTERDAY        T                         0.13  -0.13     0.00
  MONTH TO DATE    3.86                      4.08  -0.22     4.16
  SINCE JUN 1     12.17                      7.91   4.26    13.44
  SINCE JAN 1     28.58                     23.64   4.94    30.07

SNOWFALL (IN)
  YESTERDAY        0.0                       0.0    0.0      0.0
  MONTH TO DATE    0.0                       0.0    0.0      0.0
  SINCE JUN 1      0.0                       0.0    0.0      0.0
  SINCE JUL 1      0.0                       0.0    0.0      0.0
  SNOW DEPTH       0

DEGREE DAYS
 HEATING
  YESTERDAY        0                         0      0        0
  MONTH TO DATE    0                         0      0       10
  SINCE JUN 1     25                        55    -30       25
  SINCE JUL 1      0                         6     -6       10

 COOLING
  YESTERDAY       10                         7      3        3
  MONTH TO DATE  240                       222     18      177
  SINCE JUN 1    426                       357     69      360
  SINCE JAN 1    570                       399    171      436
..................................................................


WIND (MPH)
  HIGHEST WIND SPEED    20   HIGHEST WIND DIRECTION     W (270)
  HIGHEST GUST SPEED    26   HIGHEST GUST DIRECTION     W (280)
  AVERAGE WIND SPEED     8.6


SKY COVER
  POSSIBLE SUNSHINE  MM
  AVERAGE SKY COVER 0.2


WEATHER CONDITIONS
 THE FOLLOWING WEATHER WAS RECORDED YESTERDAY.
  LIGHT RAIN


RELATIVE HUMIDITY (PERCENT)
 HIGHEST    78           600 AM
 LOWEST     32           400 PM
 AVERAGE    55

..........................................................


THE AKRON CANTON OH CLIMATE NORMALS FOR TODAY
                         NORMAL    RECORD    YEAR
 MAXIMUM TEMPERATURE (F)   82        96      1933
                                             1917
 MINIMUM TEMPERATURE (F)   62        48      1992
                                             1903


SUNRISE AND SUNSET
AUGUST  1 2015........SUNRISE   622 AM EDT   SUNSET   842 PM EDT
AUGUST  2 2015........SUNRISE   623 AM EDT   SUNSET   841 PM EDT


-  INDICATES NEGATIVE NUMBERS.
R  INDICATES RECORD WAS SET OR TIED.
MM INDICATES DATA IS MISSING.
T  INDICATES TRACE AMOUNT.




$$
