000
CDUS41 KCLE 270542
CLICAK


CLIMATE REPORT
NATIONAL WEATHER SERVICE CLEVELAND OH
141 AM EDT WED MAY 27 2015


...................................

...THE AKRON CANTON OH CLIMATE SUMMARY FOR MAY 26 2015...

CLIMATE NORMAL PERIOD 1981 TO 2010
CLIMATE RECORD PERIOD 1887 TO 2015


WEATHER ITEM   OBSERVED TIME   RECORD YEAR NORMAL DEPARTURE LAST
                VALUE   (LST)  VALUE       VALUE  FROM      YEAR
                                                  NORMAL
..................................................................
TEMPERATURE (F)
 YESTERDAY
  MAXIMUM         85    243 PM  89    1939  72     13       83
                                      1914
  MINIMUM         67    533 AM  32    1961  52     15       54
                                      1925
  AVERAGE         76                        62     14       69

PRECIPITATION (IN)
  YESTERDAY        1.15                      0.15   1.00     0.00
  MONTH TO DATE    1.62                      3.57  -1.95     3.31
  SINCE MAR 1      8.22                     10.10  -1.88    12.13
  SINCE JAN 1     13.70                     15.02  -1.32    15.64

SNOWFALL (IN)
  YESTERDAY        0.0                       0.0    0.0      0.0
  MONTH TO DATE    0.0                       0.1   -0.1       T
  SINCE MAR 1      6.9                      11.0   -4.1     10.6
  SINCE JUL 1     59.8                      47.5   12.3     69.9
  SNOW DEPTH       0

DEGREE DAYS
 HEATING
  YESTERDAY        0                         5     -5        0
  MONTH TO DATE  101                       204   -103      156
  SINCE MAR 1   1431                      1536   -105     1584
  SINCE JUL 1   6274                      6080    194     6407

 COOLING
  YESTERDAY       11                         2      9        4
  MONTH TO DATE  108                        25     83       49
  SINCE MAR 1    110                        31     79       52
  SINCE JAN 1    110                        31     79       52
..................................................................


WIND (MPH)
  HIGHEST WIND SPEED    20   HIGHEST WIND DIRECTION    SW (220)
  HIGHEST GUST SPEED    30   HIGHEST GUST DIRECTION    SW (220)
  AVERAGE WIND SPEED    10.8


SKY COVER
  POSSIBLE SUNSHINE  MM
  AVERAGE SKY COVER 0.8


WEATHER CONDITIONS
 THE FOLLOWING WEATHER WAS RECORDED YESTERDAY.
  THUNDERSTORM
  HEAVY RAIN
  RAIN
  LIGHT RAIN
  FOG


RELATIVE HUMIDITY (PERCENT)
 HIGHEST    84           800 PM
 LOWEST     51           200 PM
 AVERAGE    68

..........................................................


THE AKRON CANTON OH CLIMATE NORMALS FOR TODAY
                         NORMAL    RECORD    YEAR
 MAXIMUM TEMPERATURE (F)   72        92      1978
 MINIMUM TEMPERATURE (F)   52        30      1961


SUNRISE AND SUNSET
MAY 27 2015...........SUNRISE   559 AM EDT   SUNSET   847 PM EDT
MAY 28 2015...........SUNRISE   558 AM EDT   SUNSET   848 PM EDT


-  INDICATES NEGATIVE NUMBERS.
R  INDICATES RECORD WAS SET OR TIED.
MM INDICATES DATA IS MISSING.
T  INDICATES TRACE AMOUNT.




$$
