000
CDUS41 KCLE 080541
CLICAK


CLIMATE REPORT
NATIONAL WEATHER SERVICE CLEVELAND OH
1241 AM EST FRI DEC 8 2017


...................................

...THE AKRON CANTON OH CLIMATE SUMMARY FOR DECEMBER 7 2017...

CLIMATE NORMAL PERIOD 1981 TO 2010
CLIMATE RECORD PERIOD 1887 TO 2017


WEATHER ITEM   OBSERVED TIME   RECORD YEAR NORMAL DEPARTURE LAST
                VALUE   (LST)  VALUE       VALUE  FROM      YEAR
                                                  NORMAL
..................................................................
TEMPERATURE (F)
 YESTERDAY
  MAXIMUM         34    116 PM  66    1998  40     -6       38
  MINIMUM         23   1047 PM   3    1958  27     -4       30
  AVERAGE         29                        33     -4       34

PRECIPITATION (IN)
  YESTERDAY        T                         0.10  -0.10     0.00
  MONTH TO DATE    0.16                      0.69  -0.53     0.59
  SINCE DEC 1      0.16                      0.69  -0.53     0.59
  SINCE JAN 1     46.74                     37.47   9.27    36.24

SNOWFALL (IN)
  YESTERDAY        T                         0.3   -0.3      0.0
  MONTH TO DATE    T                         1.8   -1.8      0.1
  SINCE DEC 1      T                         1.8   -1.8      0.1
  SINCE JUL 1      0.1                       5.2   -5.1      2.2
  SNOW DEPTH       0

DEGREE DAYS
 HEATING
  YESTERDAY       36                        32      4       31
  MONTH TO DATE  183                       216    -33      202
  SINCE DEC 1    183                       216    -33      202
  SINCE JUL 1   1173                      1475   -302     1080

 COOLING
  YESTERDAY        0                         0      0        0
  MONTH TO DATE    0                         0      0        0
  SINCE DEC 1      0                         0      0        0
  SINCE JAN 1    926                       652    274     1133
..................................................................


WIND (MPH)
  HIGHEST WIND SPEED    22   HIGHEST WIND DIRECTION     W (290)
  HIGHEST GUST SPEED    29   HIGHEST GUST DIRECTION     W (280)
  AVERAGE WIND SPEED    11.8


SKY COVER
  POSSIBLE SUNSHINE  MM
  AVERAGE SKY COVER 0.7


WEATHER CONDITIONS
 THE FOLLOWING WEATHER WAS RECORDED YESTERDAY.
  LIGHT SNOW


RELATIVE HUMIDITY (PERCENT)
 HIGHEST    75           500 PM
 LOWEST     41           100 PM
 AVERAGE    58

..........................................................


THE AKRON CANTON OH CLIMATE NORMALS FOR TODAY
                         NORMAL    RECORD    YEAR
 MAXIMUM TEMPERATURE (F)   39        67      1966
 MINIMUM TEMPERATURE (F)   26         6      1977
                                             1942


SUNRISE AND SUNSET
DECEMBER  8 2017......SUNRISE   738 AM EST   SUNSET   458 PM EST
DECEMBER  9 2017......SUNRISE   739 AM EST   SUNSET   458 PM EST


-  INDICATES NEGATIVE NUMBERS.
R  INDICATES RECORD WAS SET OR TIED.
MM INDICATES DATA IS MISSING.
T  INDICATES TRACE AMOUNT.




$$
