000
CDUS41 KCLE 190547
CLICAK


CLIMATE REPORT
NATIONAL WEATHER SERVICE CLEVELAND OH
1237 AM EST MON FEB 19 2018


...................................

...THE AKRON CANTON OH CLIMATE SUMMARY FOR FEBRUARY 18 2018...

CLIMATE NORMAL PERIOD 1981 TO 2010
CLIMATE RECORD PERIOD 1887 TO 2018


WEATHER ITEM   OBSERVED TIME   RECORD YEAR NORMAL DEPARTURE LAST
                VALUE   (LST)  VALUE       VALUE  FROM      YEAR
                                                  NORMAL
..................................................................
TEMPERATURE (F)
 YESTERDAY
  MAXIMUM         43    345 PM  68    2017  37      6       68
  MINIMUM         32    848 AM  -8    1936  22     10       40
  AVERAGE         38                        30      8       54

PRECIPITATION (IN)
  YESTERDAY        0.03                      0.08  -0.05     0.00
  MONTH TO DATE    2.49                      1.46   1.03     1.41
  SINCE DEC 1      6.58                      6.91  -0.33    10.55
  SINCE JAN 1      4.68                      4.07   0.61     7.55

SNOWFALL (IN)
  YESTERDAY        0.3                       0.4   -0.1      0.0
  MONTH TO DATE   11.2                       6.6    4.6      4.2
  SINCE DEC 1     37.4                      29.2    8.2     19.1
  SINCE JUL 1     37.5                      32.6    4.9     21.2
  SNOW DEPTH       T

DEGREE DAYS
 HEATING
  YESTERDAY       27                        35     -8       11
  MONTH TO DATE  643                       667    -24      543
  SINCE DEC 1   2998                      2944     54     2569
  SINCE JUL 1   3988                      4203   -215     3447

 COOLING
  YESTERDAY        0                         0      0        0
  MONTH TO DATE    0                         0      0        0
  SINCE DEC 1      0                         0      0        0
  SINCE JAN 1      0                         0      0        0
..................................................................


WIND (MPH)
  HIGHEST WIND SPEED    16   HIGHEST WIND DIRECTION    SW (210)
  HIGHEST GUST SPEED    22   HIGHEST GUST DIRECTION     W (280)
  AVERAGE WIND SPEED     9.2


SKY COVER
  POSSIBLE SUNSHINE  MM
  AVERAGE SKY COVER 0.9


WEATHER CONDITIONS
 THE FOLLOWING WEATHER WAS RECORDED YESTERDAY.
  LIGHT SNOW
  FOG


RELATIVE HUMIDITY (PERCENT)
 HIGHEST    89           100 AM
 LOWEST     53           300 PM
 AVERAGE    71

..........................................................


THE AKRON CANTON OH CLIMATE NORMALS FOR TODAY
                         NORMAL    RECORD    YEAR
 MAXIMUM TEMPERATURE (F)   38        65      1939
 MINIMUM TEMPERATURE (F)   22        -9      1936


SUNRISE AND SUNSET
FEBRUARY 19 2018......SUNRISE   714 AM EST   SUNSET   605 PM EST
FEBRUARY 20 2018......SUNRISE   713 AM EST   SUNSET   606 PM EST


-  INDICATES NEGATIVE NUMBERS.
R  INDICATES RECORD WAS SET OR TIED.
MM INDICATES DATA IS MISSING.
T  INDICATES TRACE AMOUNT.




$$
