000
CDUS41 KCLE 110533
CLICAK


CLIMATE REPORT
NATIONAL WEATHER SERVICE CLEVELAND OH
1232 AM EST SAT NOV 11 2017


...................................

...THE AKRON CANTON OH CLIMATE SUMMARY FOR NOVEMBER 10 2017...

CLIMATE NORMAL PERIOD 1981 TO 2010
CLIMATE RECORD PERIOD 1887 TO 2017


WEATHER ITEM   OBSERVED TIME   RECORD YEAR NORMAL DEPARTURE LAST
                VALUE   (LST)  VALUE       VALUE  FROM      YEAR
                                                  NORMAL
..................................................................
TEMPERATURE (F)
 YESTERDAY
  MAXIMUM         34   1207 AM  70    1998  52    -18       59
  MINIMUM         20   1159 PM  18    1991  36    -16       33
  AVERAGE         27                        44    -17       46

PRECIPITATION (IN)
  YESTERDAY        T                         0.11  -0.11     0.00
  MONTH TO DATE    2.78                      1.07   1.71     0.66
  SINCE SEP 1      8.35                      7.35   1.00    10.96
  SINCE JAN 1     43.02                     34.55   8.47    34.56

SNOWFALL (IN)
  YESTERDAY        T                         0.1   -0.1      0.0
  MONTH TO DATE    T                         0.6   -0.6      0.0
  SINCE SEP 1      T                         1.0   -1.0      0.0
  SINCE JUL 1      T                         1.0   -1.0      0.0
  SNOW DEPTH       T

DEGREE DAYS
 HEATING
  YESTERDAY       38                        21     17       19
  MONTH TO DATE  179                       198    -19      116
  SINCE SEP 1    484                       733   -249      423
  SINCE JUL 1    490                       753   -263      426

 COOLING
  YESTERDAY        0                         0      0        0
  MONTH TO DATE    0                         0      0        3
  SINCE SEP 1    184                        70    114      179
  SINCE JAN 1    926                       652    274     1133
..................................................................


WIND (MPH)
  HIGHEST WIND SPEED    23   HIGHEST WIND DIRECTION     N (10)
  HIGHEST GUST SPEED    29   HIGHEST GUST DIRECTION     N (340)
  AVERAGE WIND SPEED    11.7


SKY COVER
  POSSIBLE SUNSHINE  MM
  AVERAGE SKY COVER 0.7


WEATHER CONDITIONS
 THE FOLLOWING WEATHER WAS RECORDED YESTERDAY.
  LIGHT SNOW
  FOG


RELATIVE HUMIDITY (PERCENT)
 HIGHEST    69           300 AM
 LOWEST     50           900 AM
 AVERAGE    60

..........................................................


THE AKRON CANTON OH CLIMATE NORMALS FOR TODAY
                         NORMAL    RECORD    YEAR
 MAXIMUM TEMPERATURE (F)   51        72      1915
 MINIMUM TEMPERATURE (F)   36        18      1957


SUNRISE AND SUNSET
NOVEMBER 11 2017......SUNRISE   709 AM EST   SUNSET   511 PM EST
NOVEMBER 12 2017......SUNRISE   710 AM EST   SUNSET   510 PM EST


-  INDICATES NEGATIVE NUMBERS.
R  INDICATES RECORD WAS SET OR TIED.
MM INDICATES DATA IS MISSING.
T  INDICATES TRACE AMOUNT.




$$
