000
CDUS41 KCLE 252114
CLICAK


CLIMATE REPORT
NATIONAL WEATHER SERVICE CLEVELAND OH
513 PM EDT MON APR 25 2016


...................................

...THE AKRON CANTON OH CLIMATE SUMMARY FOR APRIL 25 2016...
VALID TODAY AS OF 0500 PM LOCAL TIME.

CLIMATE NORMAL PERIOD 1981 TO 2010
CLIMATE RECORD PERIOD 1887 TO 2016


WEATHER ITEM   OBSERVED TIME   RECORD YEAR NORMAL DEPARTURE LAST
                VALUE   (LST)  VALUE       VALUE  FROM      YEAR
                                                  NORMAL
..................................................................
TEMPERATURE (F)
 TODAY
  MAXIMUM         79    313 PM  88    1915  63     16       54
  MINIMUM         45    543 AM  25    1888  42      3       37
  AVERAGE         62                        53      9       46

PRECIPITATION (IN)
  TODAY            0.00                      0.11  -0.11     0.10
  MONTH TO DATE    2.56                      2.98  -0.42     3.82
  SINCE MAR 1      7.14                      5.96   1.18     6.58
  SINCE JAN 1     11.73                     10.88   0.85    12.06

SNOWFALL (IN)
  TODAY            0.0                       0.0    0.0      0.0
  MONTH TO DATE    5.1                       2.6    2.5       T
  SINCE MAR 1      7.5                      10.8   -3.3      6.9
  SINCE JUL 1     30.2                      47.3  -17.1     59.8
  SNOW DEPTH       0

DEGREE DAYS
 HEATING
  TODAY            3                        13    -10       19
  MONTH TO DATE  436                       421     15      313
  SINCE MAR 1   1038                      1272   -234     1241
  SINCE JUL 1   4685                      5816  -1131     6084

 COOLING
  TODAY            0                         0      0        0
  MONTH TO DATE    0                         0      0        2
  SINCE MAR 1      0                         0      0        2
  SINCE JAN 1      0                         0      0        2
..................................................................


WIND (MPH)
  HIGHEST WIND SPEED    21   HIGHEST WIND DIRECTION    SW (230)
  HIGHEST GUST SPEED    28   HIGHEST GUST DIRECTION    SW (210)


SKY COVER
  POSSIBLE SUNSHINE  MM
  AVERAGE SKY COVER 0.5


WEATHER CONDITIONS
 THE FOLLOWING WEATHER WAS RECORDED TODAY.
  NO SIGNIFICANT WEATHER WAS OBSERVED.


RELATIVE HUMIDITY (PERCENT)
 HIGHEST    58           500 AM
 LOWEST     32           200 PM
 AVERAGE    45

..........................................................


THE AKRON CANTON OH CLIMATE NORMALS FOR TOMORROW
                         NORMAL    RECORD    YEAR
 MAXIMUM TEMPERATURE (F)   64        89      1915
 MINIMUM TEMPERATURE (F)   42        25      2006
                                             1972


SUNRISE AND SUNSET
APRIL 25 2016.........SUNRISE   631 AM EDT   SUNSET   817 PM EDT
APRIL 26 2016.........SUNRISE   630 AM EDT   SUNSET   818 PM EDT


-  INDICATES NEGATIVE NUMBERS.
R  INDICATES RECORD WAS SET OR TIED.
MM INDICATES DATA IS MISSING.
T  INDICATES TRACE AMOUNT.




$$
