000
CDUS41 KCLE 220526
CLICAK


CLIMATE REPORT
NATIONAL WEATHER SERVICE CLEVELAND OH
1226 AM EST MON DEC 22 2014


...................................

...THE AKRON CANTON OH CLIMATE SUMMARY FOR DECEMBER 21 2014...

CLIMATE NORMAL PERIOD 1981 TO 2010
CLIMATE RECORD PERIOD 1887 TO 2014


WEATHER ITEM   OBSERVED TIME   RECORD YEAR NORMAL DEPARTURE LAST
                VALUE   (LST)  VALUE       VALUE  FROM      YEAR
                                                  NORMAL
..................................................................
TEMPERATURE (F)
 YESTERDAY
  MAXIMUM         31    515 PM  65    1967  35     -4       62
  MINIMUM         25   1119 PM  -8    1989  22      3       46
                                      1901
  AVERAGE         28                        29     -1       54

PRECIPITATION (IN)
  YESTERDAY        T                         0.08  -0.08     1.17
  MONTH TO DATE    1.54                      1.96  -0.42     2.50
  SINCE DEC 1      1.54                      1.96  -0.42     2.50
  SINCE JAN 1     44.92                     38.74   6.18    41.20

SNOWFALL (IN)
  YESTERDAY        T                         0.4   -0.4      0.0
  MONTH TO DATE    0.5                       6.6   -6.1      9.8
  SINCE DEC 1      0.5                       6.6   -6.1      9.8
  SINCE JUL 1      8.5                      10.0   -1.5     20.5
  SNOW DEPTH       0

DEGREE DAYS
 HEATING
  YESTERDAY       37                        36      1       11
  MONTH TO DATE  639                       698    -59      702
  SINCE DEC 1    639                       698    -59      702
  SINCE JUL 1   1922                      1957    -35     1952

 COOLING
  YESTERDAY        0                         0      0        0
  MONTH TO DATE    0                         0      0        0
  SINCE DEC 1      0                         0      0        0
  SINCE JAN 1    719                       652     67      829
..................................................................


WIND (MPH)
  HIGHEST WIND SPEED     8   HIGHEST WIND DIRECTION     E (100)
  HIGHEST GUST SPEED    10   HIGHEST GUST DIRECTION    SE (120)
  AVERAGE WIND SPEED     3.1


SKY COVER
  POSSIBLE SUNSHINE  MM
  AVERAGE SKY COVER 0.8


WEATHER CONDITIONS
 THE FOLLOWING WEATHER WAS RECORDED YESTERDAY.
  LIGHT SNOW
  FOG
  HAZE


RELATIVE HUMIDITY (PERCENT)
 HIGHEST    81           200 AM
 LOWEST     63           500 PM
 AVERAGE    72

..........................................................


THE AKRON CANTON OH CLIMATE NORMALS FOR TODAY
                         NORMAL    RECORD    YEAR
 MAXIMUM TEMPERATURE (F)   35        64      2013
 MINIMUM TEMPERATURE (F)   22       -16      1989


SUNRISE AND SUNSET
DECEMBER 22 2014......SUNRISE   747 AM EST   SUNSET   501 PM EST
DECEMBER 23 2014......SUNRISE   748 AM EST   SUNSET   502 PM EST


-  INDICATES NEGATIVE NUMBERS.
R  INDICATES RECORD WAS SET OR TIED.
MM INDICATES DATA IS MISSING.
T  INDICATES TRACE AMOUNT.




$$
