000
CDUS41 KCLE 070527
CLICAK


CLIMATE REPORT
NATIONAL WEATHER SERVICE CLEVELAND OH
1226 AM EST THU DEC 7 2017


...................................

...THE AKRON CANTON OH CLIMATE SUMMARY FOR DECEMBER 6 2017...

CLIMATE NORMAL PERIOD 1981 TO 2010
CLIMATE RECORD PERIOD 1887 TO 2017


WEATHER ITEM   OBSERVED TIME   RECORD YEAR NORMAL DEPARTURE LAST
                VALUE   (LST)  VALUE       VALUE  FROM      YEAR
                                                  NORMAL
..................................................................
TEMPERATURE (F)
 YESTERDAY
  MAXIMUM         42    342 PM  67    1998  40      2       41
  MINIMUM         25    446 AM   5    1977  27     -2       31
  AVERAGE         34                        34      0       36

PRECIPITATION (IN)
  YESTERDAY        0.00                      0.10  -0.10     0.50
  MONTH TO DATE    0.16                      0.59  -0.43     0.59
  SINCE DEC 1      0.16                      0.59  -0.43     0.59
  SINCE JAN 1     46.74                     37.37   9.37    36.24

SNOWFALL (IN)
  YESTERDAY        0.0                       0.2   -0.2      0.0
  MONTH TO DATE    0.0                       1.5   -1.5      0.1
  SINCE DEC 1      0.0                       1.5   -1.5      0.1
  SINCE JUL 1      0.1                       4.9   -4.8      2.2
  SNOW DEPTH       0

DEGREE DAYS
 HEATING
  YESTERDAY       31                        32     -1       29
  MONTH TO DATE  147                       184    -37      171
  SINCE DEC 1    147                       184    -37      171
  SINCE JUL 1   1137                      1443   -306     1049

 COOLING
  YESTERDAY        0                         0      0        0
  MONTH TO DATE    0                         0      0        0
  SINCE DEC 1      0                         0      0        0
  SINCE JAN 1    926                       652    274     1133
..................................................................


WIND (MPH)
  HIGHEST WIND SPEED    29   HIGHEST WIND DIRECTION     W (250)
  HIGHEST GUST SPEED    36   HIGHEST GUST DIRECTION     W (250)
  AVERAGE WIND SPEED    14.9


SKY COVER
  POSSIBLE SUNSHINE  MM
  AVERAGE SKY COVER 0.4


WEATHER CONDITIONS
 THE FOLLOWING WEATHER WAS RECORDED YESTERDAY.
  NO SIGNIFICANT WEATHER WAS OBSERVED.


RELATIVE HUMIDITY (PERCENT)
 HIGHEST    69           800 AM
 LOWEST     41           300 PM
 AVERAGE    55

..........................................................


THE AKRON CANTON OH CLIMATE NORMALS FOR TODAY
                         NORMAL    RECORD    YEAR
 MAXIMUM TEMPERATURE (F)   40        66      1998
 MINIMUM TEMPERATURE (F)   27         3      1958


SUNRISE AND SUNSET
DECEMBER  7 2017......SUNRISE   737 AM EST   SUNSET   458 PM EST
DECEMBER  8 2017......SUNRISE   738 AM EST   SUNSET   458 PM EST


-  INDICATES NEGATIVE NUMBERS.
R  INDICATES RECORD WAS SET OR TIED.
MM INDICATES DATA IS MISSING.
T  INDICATES TRACE AMOUNT.




$$
