347
CDUS41 KCLE 090531
CLICAK


CLIMATE REPORT
NATIONAL WEATHER SERVICE CLEVELAND OH
1230 AM EST TUE FEB 9 2016


...................................

...THE AKRON CANTON OH CLIMATE SUMMARY FOR FEBRUARY 8 2016...

CLIMATE NORMAL PERIOD 1981 TO 2010
CLIMATE RECORD PERIOD 1887 TO 2016


WEATHER ITEM   OBSERVED TIME   RECORD YEAR NORMAL DEPARTURE LAST
                VALUE   (LST)  VALUE       VALUE  FROM      YEAR
                                                  NORMAL
..................................................................
TEMPERATURE (F)
 YESTERDAY
  MAXIMUM         40    200 AM  67    1900  35      5       48
  MINIMUM         29    738 PM -10    1934  20      9       38
  AVERAGE         35                        28      7       43

PRECIPITATION (IN)
  YESTERDAY        0.13                      0.09   0.04     0.10
  MONTH TO DATE    0.82                      0.66   0.16     1.20
  SINCE DEC 1      5.73                      6.11  -0.38     7.00
  SINCE JAN 1      2.03                      3.27  -1.24     4.69

SNOWFALL (IN)
  YESTERDAY        1.2                       0.4    0.8      0.0
  MONTH TO DATE    1.5                       3.0   -1.5      8.2
  SINCE DEC 1      7.8                      25.6  -17.8     30.0
  SINCE JUL 1      7.8                      29.0  -21.2     38.0
  SNOW DEPTH       0

DEGREE DAYS
 HEATING
  YESTERDAY       30                        37     -7       22
  MONTH TO DATE  219                       303    -84      318
  SINCE DEC 1   2039                      2580   -541     2505
  SINCE JUL 1   2919                      3839   -920     3788

 COOLING
  YESTERDAY        0                         0      0        0
  MONTH TO DATE    0                         0      0        0
  SINCE DEC 1      0                         0      0        0
  SINCE JAN 1      0                         0      0        0
..................................................................


WIND (MPH)
  HIGHEST WIND SPEED    13   HIGHEST WIND DIRECTION     W (290)
  HIGHEST GUST SPEED    16   HIGHEST GUST DIRECTION    NW (300)
  AVERAGE WIND SPEED     6.8


SKY COVER
  POSSIBLE SUNSHINE  MM
  AVERAGE SKY COVER 1.0


WEATHER CONDITIONS
 THE FOLLOWING WEATHER WAS RECORDED YESTERDAY.
  LIGHT RAIN
  LIGHT SNOW
  FOG
  HAZE


RELATIVE HUMIDITY (PERCENT)
 HIGHEST    96           100 PM
 LOWEST     50           200 AM
 AVERAGE    73

..........................................................


THE AKRON CANTON OH CLIMATE NORMALS FOR TODAY
                         NORMAL    RECORD    YEAR
 MAXIMUM TEMPERATURE (F)   35        65      1925
 MINIMUM TEMPERATURE (F)   20       -15      1934
                                             1899


SUNRISE AND SUNSET
FEBRUARY  9 2016......SUNRISE   728 AM EST   SUNSET   552 PM EST
FEBRUARY 10 2016......SUNRISE   727 AM EST   SUNSET   554 PM EST


-  INDICATES NEGATIVE NUMBERS.
R  INDICATES RECORD WAS SET OR TIED.
MM INDICATES DATA IS MISSING.
T  INDICATES TRACE AMOUNT.




$$
