000
CDUS41 KCLE 161230
CLICAK


CLIMATE REPORT
NATIONAL WEATHER SERVICE CLEVELAND OH
828 AM EDT TUE SEP 16 2014


...................................

...THE AKRON CANTON OH CLIMATE SUMMARY FOR SEPTEMBER 15 2014...

CLIMATE NORMAL PERIOD 1981 TO 2010
CLIMATE RECORD PERIOD 1887 TO 2014


WEATHER ITEM   OBSERVED TIME   RECORD YEAR NORMAL DEPARTURE LAST
                VALUE   (LST)  VALUE       VALUE  FROM      YEAR
                                                  NORMAL
..................................................................
TEMPERATURE (F)
 YESTERDAY
  MAXIMUM         69    153 PM  95    1939  74     -5       67
  MINIMUM         47    639 AM  37    1923  54     -7       47
                                      1902
  AVERAGE         58                        64     -6       57

PRECIPITATION (IN)
  YESTERDAY        0.06                      0.12  -0.06     0.04
  MONTH TO DATE    0.74                      1.78  -1.04     1.56
  SINCE SEP 1      0.74                      1.78  -1.04     1.56
  SINCE JAN 1     36.53                     28.98   7.55    28.63

SNOWFALL (IN)
  YESTERDAY        0.0                       0.0    0.0      0.0
  MONTH TO DATE    0.0                       0.0    0.0      0.0
  SINCE SEP 1      0.0                       0.0    0.0      0.0
  SINCE JUL 1      0.0                       0.0    0.0      0.0
  SNOW DEPTH       0

DEGREE DAYS
 HEATING
  YESTERDAY        7                         3      4        8
  MONTH TO DATE   34                        29      5       33
  SINCE SEP 1     34                        29      5       33
  SINCE JUL 1     50                        49      1       46

 COOLING
  YESTERDAY        0                         2     -2        0
  MONTH TO DATE   69                        46     23       64
  SINCE SEP 1     69                        46     23       64
  SINCE JAN 1    705                       628     77      788
..................................................................


WIND (MPH)
  HIGHEST WIND SPEED    15   HIGHEST WIND DIRECTION     S (170)
  HIGHEST GUST SPEED    20   HIGHEST GUST DIRECTION     S (180)
  AVERAGE WIND SPEED     5.0


SKY COVER
  POSSIBLE SUNSHINE  MM
  AVERAGE SKY COVER 0.6


WEATHER CONDITIONS
 THE FOLLOWING WEATHER WAS RECORDED YESTERDAY.
  RAIN
  LIGHT RAIN
  FOG


RELATIVE HUMIDITY (PERCENT)
 HIGHEST    86          1200 AM
 LOWEST     47           200 PM
 AVERAGE    67

..........................................................


THE AKRON CANTON OH CLIMATE NORMALS FOR TODAY
                         NORMAL    RECORD    YEAR
 MAXIMUM TEMPERATURE (F)   73        95      1939
                                             1897
 MINIMUM TEMPERATURE (F)   53        37      1923


SUNRISE AND SUNSET
SEPTEMBER 16 2014.....SUNRISE   707 AM EDT   SUNSET   733 PM EDT
SEPTEMBER 17 2014.....SUNRISE   708 AM EDT   SUNSET   731 PM EDT


-  INDICATES NEGATIVE NUMBERS.
R  INDICATES RECORD WAS SET OR TIED.
MM INDICATES DATA IS MISSING.
T  INDICATES TRACE AMOUNT.




$$
