000
CDUS41 KCLE 210527
CLICAK


CLIMATE REPORT
NATIONAL WEATHER SERVICE CLEVELAND OH
126 AM EDT TUE MAR 21 2017


...................................

...THE AKRON CANTON OH CLIMATE SUMMARY FOR MARCH 20 2017...

CLIMATE NORMAL PERIOD 1981 TO 2010
CLIMATE RECORD PERIOD 1887 TO 2017


WEATHER ITEM   OBSERVED TIME   RECORD YEAR NORMAL DEPARTURE LAST
                VALUE   (LST)  VALUE       VALUE  FROM      YEAR
                                                  NORMAL
..................................................................
TEMPERATURE (F)
 YESTERDAY
  MAXIMUM         49    320 PM  81    2012  48      1       35
  MINIMUM         32    535 AM  10    1965  30      2       25
  AVERAGE         41                        39      2       30

PRECIPITATION (IN)
  YESTERDAY        0.07                      0.10  -0.03      T
  MONTH TO DATE    2.81                      1.82   0.99     2.58
  SINCE MAR 1      2.81                      1.82   0.99     2.58
  SINCE JAN 1     11.32                      6.74   4.58     7.17

SNOWFALL (IN)
  YESTERDAY        0.0                       0.2   -0.2       T
  MONTH TO DATE   13.5                       6.0    7.5      2.4
  SINCE MAR 1     13.5                       6.0    7.5      2.4
  SINCE JUL 1     34.7                      42.5   -7.8     25.1
  SNOW DEPTH       0

DEGREE DAYS
 HEATING
  YESTERDAY       24                        26     -2       35
  MONTH TO DATE  634                       589     45      426
  SINCE MAR 1    634                       589     45      426
  SINCE JUL 1   4234                      5133   -899     4073

 COOLING
  YESTERDAY        0                         0      0        0
  MONTH TO DATE    0                         0      0        0
  SINCE MAR 1      0                         0      0        0
  SINCE JAN 1      2                         0      2        0
..................................................................


WIND (MPH)
  HIGHEST WIND SPEED    23   HIGHEST WIND DIRECTION     S (180)
  HIGHEST GUST SPEED    28   HIGHEST GUST DIRECTION     S (180)
  AVERAGE WIND SPEED     5.9


SKY COVER
  POSSIBLE SUNSHINE  MM
  AVERAGE SKY COVER 0.9


WEATHER CONDITIONS
 THE FOLLOWING WEATHER WAS RECORDED YESTERDAY.
  LIGHT RAIN
  FOG
  HAZE


RELATIVE HUMIDITY (PERCENT)
 HIGHEST    89          1000 PM
 LOWEST     56           300 PM
 AVERAGE    73

..........................................................


THE AKRON CANTON OH CLIMATE NORMALS FOR TODAY
                         NORMAL    RECORD    YEAR
 MAXIMUM TEMPERATURE (F)   49        80      2012
 MINIMUM TEMPERATURE (F)   30         8      1986


SUNRISE AND SUNSET
MARCH 21 2017.........SUNRISE   727 AM EDT   SUNSET   739 PM EDT
MARCH 22 2017.........SUNRISE   725 AM EDT   SUNSET   740 PM EDT


-  INDICATES NEGATIVE NUMBERS.
R  INDICATES RECORD WAS SET OR TIED.
MM INDICATES DATA IS MISSING.
T  INDICATES TRACE AMOUNT.




$$
