000
CDUS41 KCLE 192114
CLICAK


CLIMATE REPORT
NATIONAL WEATHER SERVICE CLEVELAND OH
514 PM EDT THU OCT 19 2017


...................................

...THE AKRON CANTON OH CLIMATE SUMMARY FOR OCTOBER 19 2017...
VALID TODAY AS OF 0500 PM LOCAL TIME.

CLIMATE NORMAL PERIOD 1981 TO 2010
CLIMATE RECORD PERIOD 1887 TO 2017


WEATHER ITEM   OBSERVED TIME   RECORD YEAR NORMAL DEPARTURE LAST
                VALUE   (LST)  VALUE       VALUE  FROM      YEAR
                                                  NORMAL
..................................................................
TEMPERATURE (F)
 TODAY
  MAXIMUM         72    345 PM  82    1953  60     12       73
  MINIMUM         47    448 AM  27    1896  41      6       57
  AVERAGE         60                        51      9       65

PRECIPITATION (IN)
  TODAY            0.00                      0.09  -0.09     0.08
  MONTH TO DATE    2.67                      1.73   0.94     0.52
  SINCE SEP 1      4.69                      5.18  -0.49     7.06
  SINCE JAN 1     39.36                     32.38   6.98    30.66

SNOWFALL (IN)
  TODAY            0.0                       0.0    0.0      0.0
  MONTH TO DATE    0.0                       0.1   -0.1      0.0
  SINCE SEP 1      0.0                       0.1   -0.1      0.0
  SINCE JUL 1      0.0                       0.1   -0.1      0.0
  SNOW DEPTH       0

DEGREE DAYS
 HEATING
  TODAY            5                        14     -9        0
  MONTH TO DATE   54                       220   -166      102
  SINCE SEP 1    123                       339   -216      132
  SINCE JUL 1    129                       359   -230      135

 COOLING
  TODAY            0                         0      0        0
  MONTH TO DATE   35                         3     32       21
  SINCE SEP 1    184                        67    117      176
  SINCE JAN 1    926                       649    277     1130
..................................................................


WIND (MPH)
  HIGHEST WIND SPEED    18   HIGHEST WIND DIRECTION    SW (230)
  HIGHEST GUST SPEED    25   HIGHEST GUST DIRECTION    SW (220)


SKY COVER
  POSSIBLE SUNSHINE  MM
  AVERAGE SKY COVER 0.1


WEATHER CONDITIONS
 THE FOLLOWING WEATHER WAS RECORDED TODAY.
  NO SIGNIFICANT WEATHER WAS OBSERVED.


RELATIVE HUMIDITY (PERCENT)
 HIGHEST    77           600 AM
 LOWEST     44           200 PM
 AVERAGE    61

..........................................................


THE AKRON CANTON OH CLIMATE NORMALS FOR TOMORROW
                         NORMAL    RECORD    YEAR
 MAXIMUM TEMPERATURE (F)   60        82      1920
 MINIMUM TEMPERATURE (F)   41        20      1952


SUNRISE AND SUNSET
OCTOBER 19 2017.......SUNRISE   742 AM EDT   SUNSET   639 PM EDT
OCTOBER 20 2017.......SUNRISE   743 AM EDT   SUNSET   637 PM EDT


-  INDICATES NEGATIVE NUMBERS.
R  INDICATES RECORD WAS SET OR TIED.
MM INDICATES DATA IS MISSING.
T  INDICATES TRACE AMOUNT.




$$
