000
CDUS41 KCLE 130529
CLICAK


CLIMATE REPORT
NATIONAL WEATHER SERVICE CLEVELAND OH
1228 AM EST MON FEB 13 2017


...................................

...THE AKRON CANTON OH CLIMATE SUMMARY FOR FEBRUARY 12 2017...

CLIMATE NORMAL PERIOD 1981 TO 2010
CLIMATE RECORD PERIOD 1887 TO 2017


WEATHER ITEM   OBSERVED TIME   RECORD YEAR NORMAL DEPARTURE LAST
                VALUE   (LST)  VALUE       VALUE  FROM      YEAR
                                                  NORMAL
..................................................................
TEMPERATURE (F)
 YESTERDAY
  MAXIMUM         46    602 AM  65    1999  36     10       21
                                      1984
  MINIMUM         33   1159 PM -12    1917  21     12        7
  AVERAGE         40                        28     12       14

PRECIPITATION (IN)
  YESTERDAY        0.19                      0.08   0.11     0.08
  MONTH TO DATE    1.31                      0.98   0.33     1.11
  SINCE DEC 1     10.45                      6.43   4.02     6.02
  SINCE JAN 1      7.45                      3.59   3.86     2.32

SNOWFALL (IN)
  YESTERDAY        T                         0.3   -0.3      1.7
  MONTH TO DATE    2.7                       4.4   -1.7      7.7
  SINCE DEC 1     17.6                      27.0   -9.4     14.0
  SINCE JUL 1     19.7                      30.4  -10.7     14.0
  SNOW DEPTH       0

DEGREE DAYS
 HEATING
  YESTERDAY       25                        37    -12       51
  MONTH TO DATE  380                       451    -71      405
  SINCE DEC 1   2406                      2728   -322     2225
  SINCE JUL 1   3284                      3987   -703     3105

 COOLING
  YESTERDAY        0                         0      0        0
  MONTH TO DATE    0                         0      0        0
  SINCE DEC 1      0                         0      0        0
  SINCE JAN 1      0                         0      0        0
..................................................................


WIND (MPH)
  HIGHEST WIND SPEED    35   HIGHEST WIND DIRECTION    NW (300)
  HIGHEST GUST SPEED    48   HIGHEST GUST DIRECTION     W (280)
  AVERAGE WIND SPEED    13.6


SKY COVER
  POSSIBLE SUNSHINE  MM
  AVERAGE SKY COVER 0.9


WEATHER CONDITIONS
 THE FOLLOWING WEATHER WAS RECORDED YESTERDAY.
  LIGHT RAIN
  LIGHT SNOW
  FOG
  FOG W/VISIBILITY <= 1/4 MILE
  HAZE


RELATIVE HUMIDITY (PERCENT)
 HIGHEST    89           800 AM
 LOWEST     52           900 PM
 AVERAGE    71

..........................................................


THE AKRON CANTON OH CLIMATE NORMALS FOR TODAY
                         NORMAL    RECORD    YEAR
 MAXIMUM TEMPERATURE (F)   36        66      1938
 MINIMUM TEMPERATURE (F)   21       -12      1905


SUNRISE AND SUNSET
FEBRUARY 13 2017......SUNRISE   722 AM EST   SUNSET   558 PM EST
FEBRUARY 14 2017......SUNRISE   721 AM EST   SUNSET   559 PM EST


-  INDICATES NEGATIVE NUMBERS.
R  INDICATES RECORD WAS SET OR TIED.
MM INDICATES DATA IS MISSING.
T  INDICATES TRACE AMOUNT.




$$
