316
CDUS41 KCLE 220526
CLICAK


CLIMATE REPORT
NATIONAL WEATHER SERVICE CLEVELAND OH
1226 AM EST SUN JAN 22 2017


...................................

...THE AKRON CANTON OH CLIMATE SUMMARY FOR JANUARY 21 2017...

CLIMATE NORMAL PERIOD 1981 TO 2010
CLIMATE RECORD PERIOD 1887 TO 2017


WEATHER ITEM   OBSERVED TIME   RECORD YEAR NORMAL DEPARTURE LAST
                VALUE   (LST)  VALUE       VALUE  FROM      YEAR
                                                  NORMAL
..................................................................
TEMPERATURE (F)
 YESTERDAY
  MAXIMUM         60    319 PM  69    1906  33     27       23
  MINIMUM         43    530 AM -24    1985  19     24       10
  AVERAGE         52                        26     26       17

PRECIPITATION (IN)
  YESTERDAY        0.17                      0.09   0.08      T
  MONTH TO DATE    4.67                      1.80   2.87     1.15
  SINCE DEC 1      7.67                      4.64   3.03     4.85
  SINCE JAN 1      4.67                      1.80   2.87     1.15

SNOWFALL (IN)
  YESTERDAY        0.0                       0.4   -0.4       T
  MONTH TO DATE    3.8                       8.4   -4.6      5.5
  SINCE DEC 1     11.3                      18.6   -7.3      5.7
  SINCE JUL 1     13.4                      22.0   -8.6      5.7
  SNOW DEPTH       0

DEGREE DAYS
 HEATING
  YESTERDAY       13                        39    -26       48
  MONTH TO DATE  673                       817   -144      834
  SINCE DEC 1   1739                      1888   -149     1486
  SINCE JUL 1   2617                      3147   -530     2366

 COOLING
  YESTERDAY        0                         0      0        0
  MONTH TO DATE    0                         0      0        0
  SINCE DEC 1      0                         0      0        0
  SINCE JAN 1      0                         0      0        0
..................................................................


WIND (MPH)
  HIGHEST WIND SPEED    15   HIGHEST WIND DIRECTION     S (200)
  HIGHEST GUST SPEED    18   HIGHEST GUST DIRECTION     S (190)
  AVERAGE WIND SPEED     7.5


SKY COVER
  POSSIBLE SUNSHINE  MM
  AVERAGE SKY COVER 0.7


WEATHER CONDITIONS
 THE FOLLOWING WEATHER WAS RECORDED YESTERDAY.
  RAIN
  LIGHT RAIN
  FOG
  FOG W/VISIBILITY <= 1/4 MILE


RELATIVE HUMIDITY (PERCENT)
 HIGHEST    93           100 AM
 LOWEST     69           200 PM
 AVERAGE    81

..........................................................


THE AKRON CANTON OH CLIMATE NORMALS FOR TODAY
                         NORMAL    RECORD    YEAR
 MAXIMUM TEMPERATURE (F)   33        72      1906
 MINIMUM TEMPERATURE (F)   19       -13      1936


SUNRISE AND SUNSET
JANUARY 22 2017.......SUNRISE   744 AM EST   SUNSET   531 PM EST
JANUARY 23 2017.......SUNRISE   743 AM EST   SUNSET   532 PM EST


-  INDICATES NEGATIVE NUMBERS.
R  INDICATES RECORD WAS SET OR TIED.
MM INDICATES DATA IS MISSING.
T  INDICATES TRACE AMOUNT.




$$
