000
CDUS41 KCLE 220528
CLICAK


CLIMATE REPORT
NATIONAL WEATHER SERVICE CLEVELAND OH
1228 AM EST THU FEB 22 2018


...................................

...THE AKRON CANTON OH CLIMATE SUMMARY FOR FEBRUARY 21 2018...

CLIMATE NORMAL PERIOD 1981 TO 2010
CLIMATE RECORD PERIOD 1887 TO 2018


WEATHER ITEM   OBSERVED TIME   RECORD YEAR NORMAL DEPARTURE LAST
                VALUE   (LST)  VALUE       VALUE  FROM      YEAR
                                                  NORMAL
..................................................................
TEMPERATURE (F)
 YESTERDAY
  MAXIMUM         68    448 AM  69    1997  38     30       64
  MINIMUM         34   1159 PM  -4    1968  22     12       46
  AVERAGE         51                        30     21       55

PRECIPITATION (IN)
  YESTERDAY        0.11                      0.08   0.03     0.00
  MONTH TO DATE    3.34                      1.70   1.64     1.41
  SINCE DEC 1      7.43                      7.15   0.28    10.55
  SINCE JAN 1      5.53                      4.31   1.22     7.55

SNOWFALL (IN)
  YESTERDAY        0.0                       0.4   -0.4      0.0
  MONTH TO DATE   11.2                       7.8    3.4      4.2
  SINCE DEC 1     37.4                      30.4    7.0     19.1
  SINCE JUL 1     37.5                      33.8    3.7     21.2
  SNOW DEPTH       0

DEGREE DAYS
 HEATING
  YESTERDAY       14                        35    -21       10
  MONTH TO DATE  673                       772    -99      586
  SINCE DEC 1   3028                      3049    -21     2612
  SINCE JUL 1   4018                      4308   -290     3490

 COOLING
  YESTERDAY        0                         0      0        0
  MONTH TO DATE    3                         0      3        0
  SINCE DEC 1      3                         0      3        0
  SINCE JAN 1      3                         0      3        0
..................................................................


WIND (MPH)
  HIGHEST WIND SPEED    24   HIGHEST WIND DIRECTION    SW (210)
  HIGHEST GUST SPEED    31   HIGHEST GUST DIRECTION    SW (210)
  AVERAGE WIND SPEED    12.8


SKY COVER
  POSSIBLE SUNSHINE  MM
  AVERAGE SKY COVER 0.9


WEATHER CONDITIONS
 THE FOLLOWING WEATHER WAS RECORDED YESTERDAY.
  LIGHT RAIN
  FOG


RELATIVE HUMIDITY (PERCENT)
 HIGHEST    89           100 PM
 LOWEST     55           400 AM
 AVERAGE    72

..........................................................


THE AKRON CANTON OH CLIMATE NORMALS FOR TODAY
                         NORMAL    RECORD    YEAR
 MAXIMUM TEMPERATURE (F)   38        70      1930
 MINIMUM TEMPERATURE (F)   23        -9      1963


SUNRISE AND SUNSET
FEBRUARY 22 2018......SUNRISE   710 AM EST   SUNSET   609 PM EST
FEBRUARY 23 2018......SUNRISE   709 AM EST   SUNSET   610 PM EST


-  INDICATES NEGATIVE NUMBERS.
R  INDICATES RECORD WAS SET OR TIED.
MM INDICATES DATA IS MISSING.
T  INDICATES TRACE AMOUNT.




$$
