000
CDUS41 KCLE 190525
CLICAK


CLIMATE REPORT
NATIONAL WEATHER SERVICE CLEVELAND OH
1225 AM EST SUN FEB 19 2017


...................................

...THE AKRON CANTON OH CLIMATE SUMMARY FOR FEBRUARY 18 2017...

CLIMATE NORMAL PERIOD 1981 TO 2010
CLIMATE RECORD PERIOD 1887 TO 2017


WEATHER ITEM   OBSERVED TIME   RECORD YEAR NORMAL DEPARTURE LAST
                VALUE   (LST)  VALUE       VALUE  FROM      YEAR
                                                  NORMAL
..................................................................
TEMPERATURE (F)
 YESTERDAY
  MAXIMUM         68R   305 PM  60    1981  37     31       30
  MINIMUM         40    313 AM  -8    1936  22     18       11
  AVERAGE         54                        30     24       21

PRECIPITATION (IN)
  YESTERDAY        0.00                      0.08  -0.08     0.00
  MONTH TO DATE    1.41                      1.46  -0.05     1.69
  SINCE DEC 1     10.55                      6.91   3.64     6.60
  SINCE JAN 1      7.55                      4.07   3.48     2.90

SNOWFALL (IN)
  YESTERDAY        0.0                       0.4   -0.4      0.0
  MONTH TO DATE    4.2                       6.6   -2.4     14.3
  SINCE DEC 1     19.1                      29.2  -10.1     20.6
  SINCE JUL 1     21.2                      32.6  -11.4     20.6
  SNOW DEPTH       0

DEGREE DAYS
 HEATING
  YESTERDAY       11                        35    -24       44
  MONTH TO DATE  543                       667   -124      678
  SINCE DEC 1   2569                      2944   -375     2498
  SINCE JUL 1   3447                      4203   -756     3378

 COOLING
  YESTERDAY        0                         0      0        0
  MONTH TO DATE    0                         0      0        0
  SINCE DEC 1      0                         0      0        0
  SINCE JAN 1      0                         0      0        0
..................................................................


WIND (MPH)
  HIGHEST WIND SPEED    22   HIGHEST WIND DIRECTION     W (250)
  HIGHEST GUST SPEED    28   HIGHEST GUST DIRECTION    SW (220)
  AVERAGE WIND SPEED    12.3


SKY COVER
  POSSIBLE SUNSHINE  MM
  AVERAGE SKY COVER 0.2


WEATHER CONDITIONS
 THE FOLLOWING WEATHER WAS RECORDED YESTERDAY.
  NO SIGNIFICANT WEATHER WAS OBSERVED.


RELATIVE HUMIDITY (PERCENT)
 HIGHEST    67          1200 AM
 LOWEST     34           200 PM
 AVERAGE    51

..........................................................


THE AKRON CANTON OH CLIMATE NORMALS FOR TODAY
                         NORMAL    RECORD    YEAR
 MAXIMUM TEMPERATURE (F)   38        65      1939
 MINIMUM TEMPERATURE (F)   22        -9      1936


SUNRISE AND SUNSET
FEBRUARY 19 2017......SUNRISE   714 AM EST   SUNSET   605 PM EST
FEBRUARY 20 2017......SUNRISE   713 AM EST   SUNSET   607 PM EST


-  INDICATES NEGATIVE NUMBERS.
R  INDICATES RECORD WAS SET OR TIED.
MM INDICATES DATA IS MISSING.
T  INDICATES TRACE AMOUNT.




$$
