000
CDUS41 KCLE 010538
CLICAK


CLIMATE REPORT
NATIONAL WEATHER SERVICE CLEVELAND OH
1235 AM EST SUN MAR 1 2015


...................................

...THE AKRON CANTON OH CLIMATE SUMMARY FOR FEBRUARY 28 2015...

CLIMATE NORMAL PERIOD 1981 TO 2010
CLIMATE RECORD PERIOD 1887 TO 2015


WEATHER ITEM   OBSERVED TIME   RECORD YEAR NORMAL DEPARTURE LAST
                VALUE   (LST)  VALUE       VALUE  FROM      YEAR
                                                  NORMAL
..................................................................
TEMPERATURE (F)
 YESTERDAY
  MAXIMUM         23    340 PM  70    1939  40    -17       26
  MINIMUM         -3    656 AM  -4    1934  24    -27        0
  AVERAGE         10                        32    -22       13

PRECIPITATION (IN)
  YESTERDAY        T                         0.09  -0.09     0.00
  MONTH TO DATE    1.99                      2.31  -0.32     1.59
  SINCE DEC 1      7.79                      7.76   0.03     7.00
  SINCE JAN 1      5.48                      4.92   0.56     3.51

SNOWFALL (IN)
  YESTERDAY        T                         0.4   -0.4      0.0
  MONTH TO DATE   23.1                      10.5   12.6     17.0
  SINCE DEC 1     44.9                      33.1   11.8     48.6
  SINCE JUL 1     52.9                      36.5   16.4     59.3
  SNOW DEPTH       7

DEGREE DAYS
 HEATING
  YESTERDAY       55                        33     22       52
  MONTH TO DATE 1373                      1008    365     1178
  SINCE DEC 1   3560                      3285    275     3573
  SINCE JUL 1   4843                      4544    299     4823

 COOLING
  YESTERDAY        0                         0      0        0
  MONTH TO DATE    0                         0      0        0
  SINCE DEC 1      0                         0      0        0
  SINCE JAN 1      0                         0      0        0
..................................................................


WIND (MPH)
  HIGHEST WIND SPEED     9   HIGHEST WIND DIRECTION     E (100)
  HIGHEST GUST SPEED    14   HIGHEST GUST DIRECTION     S (180)
  AVERAGE WIND SPEED     4.2


SKY COVER
  POSSIBLE SUNSHINE  MM
  AVERAGE SKY COVER 0.4


WEATHER CONDITIONS
 THE FOLLOWING WEATHER WAS RECORDED YESTERDAY.
  LIGHT SNOW
  HAZE


RELATIVE HUMIDITY (PERCENT)
 HIGHEST    86           700 AM
 LOWEST     39           100 PM
 AVERAGE    63

..........................................................


THE AKRON CANTON OH CLIMATE NORMALS FOR TODAY
                         NORMAL    RECORD    YEAR
 MAXIMUM TEMPERATURE (F)   41        66      1972
 MINIMUM TEMPERATURE (F)   24         2      1980


SUNRISE AND SUNSET
MARCH  1 2015.........SUNRISE   700 AM EST   SUNSET   617 PM EST
MARCH  2 2015.........SUNRISE   659 AM EST   SUNSET   618 PM EST


-  INDICATES NEGATIVE NUMBERS.
R  INDICATES RECORD WAS SET OR TIED.
MM INDICATES DATA IS MISSING.
T  INDICATES TRACE AMOUNT.




$$
