000
CDUS41 KCLE 012111
CLICAK


CLIMATE REPORT
NATIONAL WEATHER SERVICE CLEVELAND OH
511 PM EDT FRI AUG 1 2014


...................................

...THE AKRON CANTON OH CLIMATE SUMMARY FOR AUGUST 1 2014...
VALID TODAY AS OF 0500 PM LOCAL TIME.

CLIMATE NORMAL PERIOD 1981 TO 2010
CLIMATE RECORD PERIOD 1887 TO 2014


WEATHER ITEM   OBSERVED TIME   RECORD YEAR NORMAL DEPARTURE LAST
                VALUE   (LST)  VALUE       VALUE  FROM      YEAR
                                                  NORMAL
..................................................................
TEMPERATURE (F)
 TODAY
  MAXIMUM         84   1255 PM  96    1933  82      2       81
                                      1917
  MINIMUM         61    529 AM  48    1992  62     -1       63
                                      1903
  AVERAGE         73                        72      1       72

PRECIPITATION (IN)
  TODAY            0.01                      0.12  -0.11     0.03
  MONTH TO DATE    0.01                      0.12  -0.11     0.03
  SINCE JUN 1     13.45                      8.03   5.42    13.05
  SINCE JAN 1     30.08                     23.76   6.32    25.31

SNOWFALL (IN)
  TODAY            0.0                       0.0    0.0      0.0
  MONTH TO DATE    0.0                       0.0    0.0      0.0
  SINCE JUN 1      0.0                       0.0    0.0      0.0
  SINCE JUL 1      0.0                       0.0    0.0      0.0
  SNOW DEPTH       0

DEGREE DAYS
 HEATING
  TODAY            0                         0      0        0
  MONTH TO DATE    0                         0      0        0
  SINCE JUN 1     25                        55    -30       32
  SINCE JUL 1     10                         6      4        5

 COOLING
  TODAY            8                         7      1        7
  MONTH TO DATE    8                         7      1        7
  SINCE JUN 1    372                       364      8      440
  SINCE JAN 1    448                       406     42      546
..................................................................


WIND (MPH)
  HIGHEST WIND SPEED    16   HIGHEST WIND DIRECTION    SE (120)
  HIGHEST GUST SPEED    21   HIGHEST GUST DIRECTION     E (110)


SKY COVER
  POSSIBLE SUNSHINE  MM
  AVERAGE SKY COVER 0.3


WEATHER CONDITIONS
 THE FOLLOWING WEATHER WAS RECORDED TODAY.
  THUNDERSTORM
  LIGHT RAIN
  FOG
  HAZE


RELATIVE HUMIDITY (PERCENT)
 HIGHEST    87           700 AM
 LOWEST     45          1100 AM
 AVERAGE    66

..........................................................


THE AKRON CANTON OH CLIMATE NORMALS FOR TOMORROW
                         NORMAL    RECORD    YEAR
 MAXIMUM TEMPERATURE (F)   81        96      1930
 MINIMUM TEMPERATURE (F)   62        50      1976
                                             1924


SUNRISE AND SUNSET
AUGUST  1 2014........SUNRISE   622 AM EDT   SUNSET   842 PM EDT
AUGUST  2 2014........SUNRISE   623 AM EDT   SUNSET   840 PM EDT


-  INDICATES NEGATIVE NUMBERS.
R  INDICATES RECORD WAS SET OR TIED.
MM INDICATES DATA IS MISSING.
T  INDICATES TRACE AMOUNT.




$$
