000
CDUS41 KCLE 310528
CLICAK


CLIMATE REPORT
NATIONAL WEATHER SERVICE CLEVELAND OH
1227 AM EST SAT JAN 31 2015


...................................

...THE AKRON CANTON OH CLIMATE SUMMARY FOR JANUARY 30 2015...

CLIMATE NORMAL PERIOD 1981 TO 2010
CLIMATE RECORD PERIOD 1887 TO 2015


WEATHER ITEM   OBSERVED TIME   RECORD YEAR NORMAL DEPARTURE LAST
                VALUE   (LST)  VALUE       VALUE  FROM      YEAR
                                                  NORMAL
..................................................................
TEMPERATURE (F)
 YESTERDAY
  MAXIMUM         31    207 AM  66    2013  34     -3       31
  MINIMUM          5   1113 PM  -6    1965  19    -14        9
  AVERAGE         18                        26     -8       20

PRECIPITATION (IN)
  YESTERDAY        0.08                      0.08   0.00     0.00
  MONTH TO DATE    3.49                      2.53   0.96     1.88
  SINCE DEC 1      5.80                      5.37   0.43     5.37
  SINCE JAN 1      3.49                      2.53   0.96     1.88

SNOWFALL (IN)
  YESTERDAY        1.1                       0.4    0.7      0.0
  MONTH TO DATE   21.3                      12.0    9.3     18.7
  SINCE DEC 1     21.8                      22.2   -0.4     31.2
  SINCE JUL 1     29.8                      25.6    4.2     41.9
  SNOW DEPTH       5

DEGREE DAYS
 HEATING
  YESTERDAY       47                        39      8       45
  MONTH TO DATE 1217                      1168     49     1334
  SINCE DEC 1   2139                      2239   -100     2363
  SINCE JUL 1   3422                      3498    -76     3613

 COOLING
  YESTERDAY        0                         0      0        0
  MONTH TO DATE    0                         0      0        0
  SINCE DEC 1      0                         0      0        0
  SINCE JAN 1      0                         0      0        0
..................................................................


WIND (MPH)
  HIGHEST WIND SPEED    26   HIGHEST WIND DIRECTION     N (340)
  HIGHEST GUST SPEED    35   HIGHEST GUST DIRECTION     N (340)
  AVERAGE WIND SPEED    12.6


SKY COVER
  POSSIBLE SUNSHINE  MM
  AVERAGE SKY COVER 0.8


WEATHER CONDITIONS
 THE FOLLOWING WEATHER WAS RECORDED YESTERDAY.
  LIGHT SNOW
  FOG
  HAZE
  BLOWING SNOW


RELATIVE HUMIDITY (PERCENT)
 HIGHEST    88           600 AM
 LOWEST     59           600 PM
 AVERAGE    74

..........................................................


THE AKRON CANTON OH CLIMATE NORMALS FOR TODAY
                         NORMAL    RECORD    YEAR
 MAXIMUM TEMPERATURE (F)   34        62      2002
 MINIMUM TEMPERATURE (F)   19        -5      1948


SUNRISE AND SUNSET
JANUARY 31 2015.......SUNRISE   737 AM EST   SUNSET   541 PM EST
FEBRUARY  1 2015......SUNRISE   736 AM EST   SUNSET   543 PM EST


-  INDICATES NEGATIVE NUMBERS.
R  INDICATES RECORD WAS SET OR TIED.
MM INDICATES DATA IS MISSING.
T  INDICATES TRACE AMOUNT.




$$
