555
CDUS41 KCLE 150526
CLICAK


CLIMATE REPORT
NATIONAL WEATHER SERVICE CLEVELAND OH
1225 AM EST SUN JAN 15 2017


...................................

...THE AKRON CANTON OH CLIMATE SUMMARY FOR JANUARY 14 2017...

CLIMATE NORMAL PERIOD 1981 TO 2010
CLIMATE RECORD PERIOD 1887 TO 2017


WEATHER ITEM   OBSERVED TIME   RECORD YEAR NORMAL DEPARTURE LAST
                VALUE   (LST)  VALUE       VALUE  FROM      YEAR
                                                  NORMAL
..................................................................
TEMPERATURE (F)
 YESTERDAY
  MAXIMUM         35    319 PM  68    1932  33      2       42
  MINIMUM         25    347 AM  -5    1964  19      6       19
                                      1893
  AVERAGE         30                        26      4       31

PRECIPITATION (IN)
  YESTERDAY        T                         0.09  -0.09     0.01
  MONTH TO DATE    3.77                      1.21   2.56     0.92
  SINCE DEC 1      6.77                      4.05   2.72     4.62
  SINCE JAN 1      3.77                      1.21   2.56     0.92

SNOWFALL (IN)
  YESTERDAY        T                         0.4   -0.4      0.2
  MONTH TO DATE    3.8                       5.5   -1.7      3.8
  SINCE DEC 1     11.3                      15.7   -4.4      4.0
  SINCE JUL 1     13.4                      19.1   -5.7      4.0
  SNOW DEPTH       0

DEGREE DAYS
 HEATING
  YESTERDAY       35                        39     -4       34
  MONTH TO DATE  510                       544    -34      528
  SINCE DEC 1   1576                      1615    -39     1180
  SINCE JUL 1   2454                      2874   -420     2060

 COOLING
  YESTERDAY        0                         0      0        0
  MONTH TO DATE    0                         0      0        0
  SINCE DEC 1      0                         0      0        0
  SINCE JAN 1      0                         0      0        0
..................................................................


WIND (MPH)
  HIGHEST WIND SPEED    10   HIGHEST WIND DIRECTION     E (90)
  HIGHEST GUST SPEED    13   HIGHEST GUST DIRECTION     E (70)
  AVERAGE WIND SPEED     5.0


SKY COVER
  POSSIBLE SUNSHINE  MM
  AVERAGE SKY COVER 0.9


WEATHER CONDITIONS
 THE FOLLOWING WEATHER WAS RECORDED YESTERDAY.
  LIGHT SNOW


RELATIVE HUMIDITY (PERCENT)
 HIGHEST    75           700 AM
 LOWEST     56           300 PM
 AVERAGE    66

..........................................................


THE AKRON CANTON OH CLIMATE NORMALS FOR TODAY
                         NORMAL    RECORD    YEAR
 MAXIMUM TEMPERATURE (F)   33        63      1932
 MINIMUM TEMPERATURE (F)   19       -11      1972


SUNRISE AND SUNSET
JANUARY 15 2017.......SUNRISE   748 AM EST   SUNSET   523 PM EST
JANUARY 16 2017.......SUNRISE   748 AM EST   SUNSET   524 PM EST


-  INDICATES NEGATIVE NUMBERS.
R  INDICATES RECORD WAS SET OR TIED.
MM INDICATES DATA IS MISSING.
T  INDICATES TRACE AMOUNT.




$$
