000
CDUS41 KCLE 172111
CLICAK


CLIMATE REPORT
NATIONAL WEATHER SERVICE CLEVELAND OH
510 PM EDT SUN MAY 17 2015


...................................

...THE AKRON CANTON OH CLIMATE SUMMARY FOR MAY 17 2015...
VALID TODAY AS OF 0500 PM LOCAL TIME.

CLIMATE NORMAL PERIOD 1981 TO 2010
CLIMATE RECORD PERIOD 1887 TO 2015


WEATHER ITEM   OBSERVED TIME   RECORD YEAR NORMAL DEPARTURE LAST
                VALUE   (LST)  VALUE       VALUE  FROM      YEAR
                                                  NORMAL
..................................................................
TEMPERATURE (F)
 TODAY
  MAXIMUM         81    359 PM  90    1962  70     11       52
  MINIMUM         66    420 AM  30    1891  49     17       42
  AVERAGE         74                        59     15       47

PRECIPITATION (IN)
  TODAY            0.02                      0.14  -0.12     0.42
  MONTH TO DATE    0.40                      2.28  -1.88     3.25
  SINCE MAR 1      7.00                      8.81  -1.81    12.07
  SINCE JAN 1     12.48                     13.73  -1.25    15.58

SNOWFALL (IN)
  TODAY            0.0                       0.0    0.0       T
  MONTH TO DATE    0.0                       0.1   -0.1       T
  SINCE MAR 1      6.9                      11.0   -4.1     10.6
  SINCE JUL 1     59.8                      47.5   12.3     69.9
  SNOW DEPTH       0

DEGREE DAYS
 HEATING
  TODAY            0                         7     -7       18
  MONTH TO DATE   53                       150    -97      122
  SINCE MAR 1   1383                      1482    -99     1550
  SINCE JUL 1   6226                      6026    200     6373

 COOLING
  TODAY            9                         1      8        0
  MONTH TO DATE   77                        11     66       38
  SINCE MAR 1     79                        17     62       41
  SINCE JAN 1     79                        17     62       41
..................................................................


WIND (MPH)
  HIGHEST WIND SPEED    16   HIGHEST WIND DIRECTION     S (200)
  HIGHEST GUST SPEED    21   HIGHEST GUST DIRECTION     S (200)


SKY COVER
  POSSIBLE SUNSHINE  MM
  AVERAGE SKY COVER 0.9


WEATHER CONDITIONS
 THE FOLLOWING WEATHER WAS RECORDED TODAY.
  LIGHT RAIN
  FOG


RELATIVE HUMIDITY (PERCENT)
 HIGHEST    93           400 AM
 LOWEST     58           400 PM
 AVERAGE    76

..........................................................


THE AKRON CANTON OH CLIMATE NORMALS FOR TOMORROW
                         NORMAL    RECORD    YEAR
 MAXIMUM TEMPERATURE (F)   70        92      1962
 MINIMUM TEMPERATURE (F)   49        34      1941
                                             1925


SUNRISE AND SUNSET
MAY 17 2015...........SUNRISE   607 AM EDT   SUNSET   838 PM EDT
MAY 18 2015...........SUNRISE   606 AM EDT   SUNSET   839 PM EDT


-  INDICATES NEGATIVE NUMBERS.
R  INDICATES RECORD WAS SET OR TIED.
MM INDICATES DATA IS MISSING.
T  INDICATES TRACE AMOUNT.




$$
