000
CDUS41 KCLE 200530
CLICAK


CLIMATE REPORT
NATIONAL WEATHER SERVICE CLEVELAND OH
1229 AM EST THU NOV 20 2014


...................................

...THE AKRON CANTON OH CLIMATE SUMMARY FOR NOVEMBER 19 2014...

CLIMATE NORMAL PERIOD 1981 TO 2010
CLIMATE RECORD PERIOD 1887 TO 2014


WEATHER ITEM   OBSERVED TIME   RECORD YEAR NORMAL DEPARTURE LAST
                VALUE   (LST)  VALUE       VALUE  FROM      YEAR
                                                  NORMAL
..................................................................
TEMPERATURE (F)
 YESTERDAY
  MAXIMUM         36    838 PM  72    1985  48    -12       39
  MINIMUM          7R   217 AM  14    2008  33    -26       27
  AVERAGE         22                        40    -18       33

PRECIPITATION (IN)
  YESTERDAY        T                         0.12  -0.12     0.00
  MONTH TO DATE    1.70                      2.08  -0.38     2.26
  SINCE SEP 1      6.72                      8.36  -1.64    10.75
  SINCE JAN 1     42.51                     35.56   6.95    37.82

SNOWFALL (IN)
  YESTERDAY        T                         0.1   -0.1      0.0
  MONTH TO DATE    6.5                       1.4    5.1      3.2
  SINCE SEP 1      6.5                       1.8    4.7      3.2
  SINCE JUL 1      6.5                       1.8    4.7      3.2
  SNOW DEPTH       5

DEGREE DAYS
 HEATING
  YESTERDAY       43                        25     18       32
  MONTH TO DATE  510                       406    104      408
  SINCE SEP 1    952                       941     11      859
  SINCE JUL 1    968                       961      7      872

 COOLING
  YESTERDAY        0                         0      0        0
  MONTH TO DATE    0                         0      0        0
  SINCE SEP 1     83                        70     13      105
  SINCE JAN 1    719                       652     67      829
..................................................................


WIND (MPH)
  HIGHEST WIND SPEED    31   HIGHEST WIND DIRECTION     W (280)
  HIGHEST GUST SPEED    37   HIGHEST GUST DIRECTION     W (280)
  AVERAGE WIND SPEED    15.3


SKY COVER
  POSSIBLE SUNSHINE  MM
  AVERAGE SKY COVER 0.7


WEATHER CONDITIONS
 THE FOLLOWING WEATHER WAS RECORDED YESTERDAY.
  LIGHT SNOW
  HAZE


RELATIVE HUMIDITY (PERCENT)
 HIGHEST    83           400 AM
 LOWEST     57           100 PM
 AVERAGE    70

..........................................................


THE AKRON CANTON OH CLIMATE NORMALS FOR TODAY
                         NORMAL    RECORD    YEAR
 MAXIMUM TEMPERATURE (F)   47        74      1931
 MINIMUM TEMPERATURE (F)   33        13      1951


SUNRISE AND SUNSET
NOVEMBER 20 2014......SUNRISE   719 AM EST   SUNSET   504 PM EST
NOVEMBER 21 2014......SUNRISE   720 AM EST   SUNSET   503 PM EST


-  INDICATES NEGATIVE NUMBERS.
R  INDICATES RECORD WAS SET OR TIED.
MM INDICATES DATA IS MISSING.
T  INDICATES TRACE AMOUNT.




$$
