000
CDUS41 KCLE 050540
CLICAK


CLIMATE REPORT
NATIONAL WEATHER SERVICE CLEVELAND OH
1239 AM EST MON DEC 5 2016


...................................

...THE AKRON CANTON OH CLIMATE SUMMARY FOR DECEMBER 4 2016...

CLIMATE NORMAL PERIOD 1981 TO 2010
CLIMATE RECORD PERIOD 1887 TO 2016


WEATHER ITEM   OBSERVED TIME   RECORD YEAR NORMAL DEPARTURE LAST
                VALUE   (LST)  VALUE       VALUE  FROM      YEAR
                                                  NORMAL
..................................................................
TEMPERATURE (F)
 YESTERDAY
  MAXIMUM         40    618 PM  68    1941  41     -1       39
  MINIMUM         32    536 AM   4    1940  28      4       26
  AVERAGE         36                        34      2       33

PRECIPITATION (IN)
  YESTERDAY        0.08                      0.10  -0.02     0.00
  MONTH TO DATE    0.09                      0.39  -0.30     0.15
  SINCE DEC 1      0.09                      0.39  -0.30     0.15
  SINCE JAN 1     35.74                     37.17  -1.43    37.68

SNOWFALL (IN)
  YESTERDAY        0.1                       0.3   -0.2      0.0
  MONTH TO DATE    0.1                       1.0   -0.9      0.2
  SINCE DEC 1      0.1                       1.0   -0.9      0.2
  SINCE JUL 1      2.2                       4.4   -2.2      0.2
  SNOW DEPTH       0

DEGREE DAYS
 HEATING
  YESTERDAY       29                        31     -2       32
  MONTH TO DATE  112                       121     -9       96
  SINCE DEC 1    112                       121     -9       96
  SINCE JUL 1    990                      1380   -390      976

 COOLING
  YESTERDAY        0                         0      0        0
  MONTH TO DATE    0                         0      0        0
  SINCE DEC 1      0                         0      0        0
  SINCE JAN 1   1133                       652    481      958
..................................................................


WIND (MPH)
  HIGHEST WIND SPEED    15   HIGHEST WIND DIRECTION     E (110)
  HIGHEST GUST SPEED    20   HIGHEST GUST DIRECTION    SE (130)
  AVERAGE WIND SPEED     7.4


SKY COVER
  POSSIBLE SUNSHINE  MM
  AVERAGE SKY COVER 1.0


WEATHER CONDITIONS
 THE FOLLOWING WEATHER WAS RECORDED YESTERDAY.
  LIGHT RAIN
  SNOW
  LIGHT SNOW
  FOG


RELATIVE HUMIDITY (PERCENT)
 HIGHEST    76           900 PM
 LOWEST     59           200 AM
 AVERAGE    68

..........................................................


THE AKRON CANTON OH CLIMATE NORMALS FOR TODAY
                         NORMAL    RECORD    YEAR
 MAXIMUM TEMPERATURE (F)   40        69      2001
 MINIMUM TEMPERATURE (F)   27         7      1991


SUNRISE AND SUNSET
DECEMBER  5 2016......SUNRISE   735 AM EST   SUNSET   458 PM EST
DECEMBER  6 2016......SUNRISE   736 AM EST   SUNSET   458 PM EST


-  INDICATES NEGATIVE NUMBERS.
R  INDICATES RECORD WAS SET OR TIED.
MM INDICATES DATA IS MISSING.
T  INDICATES TRACE AMOUNT.




$$
