000
CDUS41 KCLE 170527
CLICAK


CLIMATE REPORT
NATIONAL WEATHER SERVICE CLEVELAND OH
1227 AM EST TUE JAN 17 2017


...................................

...THE AKRON CANTON OH CLIMATE SUMMARY FOR JANUARY 16 2017...

CLIMATE NORMAL PERIOD 1981 TO 2010
CLIMATE RECORD PERIOD 1887 TO 2017


WEATHER ITEM   OBSERVED TIME   RECORD YEAR NORMAL DEPARTURE LAST
                VALUE   (LST)  VALUE       VALUE  FROM      YEAR
                                                  NORMAL
..................................................................
TEMPERATURE (F)
 YESTERDAY
  MAXIMUM         40   1159 PM  55    1953  33      7       40
  MINIMUM         23    408 AM -16    1982  19      4       28
  AVERAGE         32                        26      6       34

PRECIPITATION (IN)
  YESTERDAY        0.01                      0.09  -0.08      T
  MONTH TO DATE    3.78                      1.38   2.40     1.07
  SINCE DEC 1      6.78                      4.22   2.56     4.77
  SINCE JAN 1      3.78                      1.38   2.40     1.07

SNOWFALL (IN)
  YESTERDAY        0.0                       0.5   -0.5       T
  MONTH TO DATE    3.8                       6.4   -2.6      3.8
  SINCE DEC 1     11.3                      16.6   -5.3      4.0
  SINCE JUL 1     13.4                      20.0   -6.6      4.0
  SNOW DEPTH       0

DEGREE DAYS
 HEATING
  YESTERDAY       33                        39     -6       31
  MONTH TO DATE  580                       622    -42      581
  SINCE DEC 1   1646                      1693    -47     1233
  SINCE JUL 1   2524                      2952   -428     2113

 COOLING
  YESTERDAY        0                         0      0        0
  MONTH TO DATE    0                         0      0        0
  SINCE DEC 1      0                         0      0        0
  SINCE JAN 1      0                         0      0        0
..................................................................


WIND (MPH)
  HIGHEST WIND SPEED    10   HIGHEST WIND DIRECTION    SE (140)
  HIGHEST GUST SPEED    12   HIGHEST GUST DIRECTION    SE (140)
  AVERAGE WIND SPEED     5.3


SKY COVER
  POSSIBLE SUNSHINE  MM
  AVERAGE SKY COVER 0.9


WEATHER CONDITIONS
 THE FOLLOWING WEATHER WAS RECORDED YESTERDAY.
  LIGHT RAIN
  FOG
  HAZE


RELATIVE HUMIDITY (PERCENT)
 HIGHEST    85           800 PM
 LOWEST     64           100 PM
 AVERAGE    75

..........................................................


THE AKRON CANTON OH CLIMATE NORMALS FOR TODAY
                         NORMAL    RECORD    YEAR
 MAXIMUM TEMPERATURE (F)   33        59      1952
 MINIMUM TEMPERATURE (F)   19       -22      1982


SUNRISE AND SUNSET
JANUARY 17 2017.......SUNRISE   747 AM EST   SUNSET   525 PM EST
JANUARY 18 2017.......SUNRISE   747 AM EST   SUNSET   526 PM EST


-  INDICATES NEGATIVE NUMBERS.
R  INDICATES RECORD WAS SET OR TIED.
MM INDICATES DATA IS MISSING.
T  INDICATES TRACE AMOUNT.




$$
