000
CDUS41 KCLE 230545
CLICAK


CLIMATE REPORT
NATIONAL WEATHER SERVICE CLEVELAND OH
145 AM EDT MON MAR 23 2015


...................................

...THE AKRON CANTON OH CLIMATE SUMMARY FOR MARCH 22 2015...

CLIMATE NORMAL PERIOD 1981 TO 2010
CLIMATE RECORD PERIOD 1887 TO 2015


WEATHER ITEM   OBSERVED TIME   RECORD YEAR NORMAL DEPARTURE LAST
                VALUE   (LST)  VALUE       VALUE  FROM      YEAR
                                                  NORMAL
..................................................................
TEMPERATURE (F)
 YESTERDAY
  MAXIMUM         38    324 PM  83    2012  49    -11       51
  MINIMUM         21   1132 PM  10    1906  30     -9       35
                                      1888
  AVERAGE         30                        40    -10       43

PRECIPITATION (IN)
  YESTERDAY        0.00                      0.10  -0.10      T
  MONTH TO DATE    1.94                      2.02  -0.08     1.27
  SINCE MAR 1      1.94                      2.02  -0.08     1.27
  SINCE JAN 1      7.42                      6.94   0.48     4.78

SNOWFALL (IN)
  YESTERDAY        0.0                       0.2   -0.2      0.0
  MONTH TO DATE    6.6                       6.5    0.1      6.6
  SINCE MAR 1      6.6                       6.5    0.1      6.6
  SINCE JUL 1     59.5                      43.0   16.5     65.9
  SNOW DEPTH       0

DEGREE DAYS
 HEATING
  YESTERDAY       35                        25     10       22
  MONTH TO DATE  665                       640     25      732
  SINCE MAR 1    665                       640     25      732
  SINCE JUL 1   5508                      5184    324     5555

 COOLING
  YESTERDAY        0                         0      0        0
  MONTH TO DATE    0                         0      0        0
  SINCE MAR 1      0                         0      0        0
  SINCE JAN 1      0                         0      0        0
..................................................................


WIND (MPH)
  HIGHEST WIND SPEED    18   HIGHEST WIND DIRECTION     N (360)
  HIGHEST GUST SPEED    23   HIGHEST GUST DIRECTION     N (10)
  AVERAGE WIND SPEED     8.9


SKY COVER
  POSSIBLE SUNSHINE  MM
  AVERAGE SKY COVER 0.4


WEATHER CONDITIONS
 THE FOLLOWING WEATHER WAS RECORDED YESTERDAY.
  FOG


RELATIVE HUMIDITY (PERCENT)
 HIGHEST    82          1200 AM
 LOWEST     29           400 PM
 AVERAGE    56

..........................................................


THE AKRON CANTON OH CLIMATE NORMALS FOR TODAY
                         NORMAL    RECORD    YEAR
 MAXIMUM TEMPERATURE (F)   50        82      2012
 MINIMUM TEMPERATURE (F)   31         3      1906


SUNRISE AND SUNSET
MARCH 23 2015.........SUNRISE   725 AM EDT   SUNSET   741 PM EDT
MARCH 24 2015.........SUNRISE   723 AM EDT   SUNSET   742 PM EDT


-  INDICATES NEGATIVE NUMBERS.
R  INDICATES RECORD WAS SET OR TIED.
MM INDICATES DATA IS MISSING.
T  INDICATES TRACE AMOUNT.




$$
