000
CDUS41 KCLE 282111
CLICAK


CLIMATE REPORT
NATIONAL WEATHER SERVICE CLEVELAND OH
511 PM EDT TUE JUL 28 2015


...................................

...THE AKRON CANTON OH CLIMATE SUMMARY FOR JULY 28 2015...
VALID TODAY AS OF 0500 PM LOCAL TIME.

CLIMATE NORMAL PERIOD 1981 TO 2010
CLIMATE RECORD PERIOD 1887 TO 2015


WEATHER ITEM   OBSERVED TIME   RECORD YEAR NORMAL DEPARTURE LAST
                VALUE   (LST)  VALUE       VALUE  FROM      YEAR
                                                  NORMAL
..................................................................
TEMPERATURE (F)
 TODAY
  MAXIMUM         89    355 PM  97    1930  82      7       70
  MINIMUM         65    456 AM  49    1937  62      3       53
  AVERAGE         77                        72      5       62

PRECIPITATION (IN)
  TODAY            0.00                      0.13  -0.13     0.11
  MONTH TO DATE    3.85                      3.70   0.15     3.57
  SINCE JUN 1     12.16                      7.53   4.63    12.85
  SINCE JAN 1     28.57                     23.26   5.31    29.48

SNOWFALL (IN)
  TODAY            0.0                       0.0    0.0      0.0
  MONTH TO DATE    0.0                       0.0    0.0      0.0
  SINCE JUN 1      0.0                       0.0    0.0      0.0
  SINCE JUL 1      0.0                       0.0    0.0      0.0
  SNOW DEPTH       0

DEGREE DAYS
 HEATING
  TODAY            0                         0      0        3
  MONTH TO DATE    0                         0      0        5
  SINCE JUN 1     25                        49    -24       20
  SINCE JUL 1      0                         0      0        5

 COOLING
  TODAY           12                         7      5        0
  MONTH TO DATE  203                       196      7      174
  SINCE JUN 1    389                       331     58      357
  SINCE JAN 1    533                       373    160      433
..................................................................


WIND (MPH)
  HIGHEST WIND SPEED    12   HIGHEST WIND DIRECTION    NE (60)
  HIGHEST GUST SPEED    17   HIGHEST GUST DIRECTION     E (70)


SKY COVER
  POSSIBLE SUNSHINE  MM
  AVERAGE SKY COVER 0.3


WEATHER CONDITIONS
 THE FOLLOWING WEATHER WAS RECORDED TODAY.
  HAZE


RELATIVE HUMIDITY (PERCENT)
 HIGHEST    87           300 AM
 LOWEST     40           400 PM
 AVERAGE    64

..........................................................


THE AKRON CANTON OH CLIMATE NORMALS FOR TOMORROW
                         NORMAL    RECORD    YEAR
 MAXIMUM TEMPERATURE (F)   82        94      1941
                                             1940
                                             1917
 MINIMUM TEMPERATURE (F)   62        47      1904


SUNRISE AND SUNSET
JULY 28 2015..........SUNRISE   618 AM EDT   SUNSET   846 PM EDT
JULY 29 2015..........SUNRISE   619 AM EDT   SUNSET   845 PM EDT


-  INDICATES NEGATIVE NUMBERS.
R  INDICATES RECORD WAS SET OR TIED.
MM INDICATES DATA IS MISSING.
T  INDICATES TRACE AMOUNT.




$$
