000
CDUS41 KCLE 141403
CLICAK


CLIMATE REPORT
NATIONAL WEATHER SERVICE CLEVELAND OH
902 AM EST SUN JAN 14 2018


...................................

...THE AKRON CANTON OH CLIMATE SUMMARY FOR JANUARY 13 2018...

CLIMATE NORMAL PERIOD 1981 TO 2010
CLIMATE RECORD PERIOD 1887 TO 2018


WEATHER ITEM   OBSERVED TIME   RECORD YEAR NORMAL DEPARTURE LAST
                VALUE   (LST)  VALUE       VALUE  FROM      YEAR
                                                  NORMAL
..................................................................
TEMPERATURE (F)
 YESTERDAY
  MAXIMUM         18   1257 AM  68    2005  33    -15       33
  MINIMUM         11   1159 PM -13    1912  19     -8       25
  AVERAGE         15                        26    -11       29

PRECIPITATION (IN)
  YESTERDAY        0.12                      0.08   0.04     0.00
  MONTH TO DATE    1.45                      1.12   0.33     3.77
  SINCE DEC 1      3.35                      3.96  -0.61     6.77
  SINCE JAN 1      1.45                      1.12   0.33     3.77

SNOWFALL (IN)
  YESTERDAY        2.5                       0.4    2.1      0.0
  MONTH TO DATE    6.7                       5.1    1.6      3.8
  SINCE DEC 1     20.7                      15.3    5.4     11.3
  SINCE JUL 1     20.8                      18.7    2.1     13.4
  SNOW DEPTH       2

DEGREE DAYS
 HEATING
  YESTERDAY       50                        39     11       36
  MONTH TO DATE  583                       505     78      475
  SINCE DEC 1   1711                      1576    135     1541
  SINCE JUL 1   2701                      2835   -134     2419

 COOLING
  YESTERDAY        0                         0      0        0
  MONTH TO DATE    0                         0      0        0
  SINCE DEC 1      0                         0      0        0
  SINCE JAN 1      0                         0      0        0
..................................................................


WIND (MPH)
  HIGHEST WIND SPEED    29   HIGHEST WIND DIRECTION     N (340)
  HIGHEST GUST SPEED    39   HIGHEST GUST DIRECTION     N (350)
  AVERAGE WIND SPEED    13.6


SKY COVER
  POSSIBLE SUNSHINE  MM
  AVERAGE SKY COVER 1.0


WEATHER CONDITIONS
 THE FOLLOWING WEATHER WAS RECORDED YESTERDAY.
  HEAVY SNOW
  SNOW
  LIGHT SNOW
  FOG
  FOG W/VISIBILITY <= 1/4 MILE
  BLOWING SNOW


RELATIVE HUMIDITY (PERCENT)
 HIGHEST    80          1200 AM
 LOWEST     55           800 PM
 AVERAGE    68

..........................................................


THE AKRON CANTON OH CLIMATE NORMALS FOR TODAY
                         NORMAL    RECORD    YEAR
 MAXIMUM TEMPERATURE (F)   33        68      1932
 MINIMUM TEMPERATURE (F)   19        -5      1964
                                             1893


SUNRISE AND SUNSET
JANUARY 14 2018.......SUNRISE   749 AM EST   SUNSET   521 PM EST
JANUARY 15 2018.......SUNRISE   748 AM EST   SUNSET   523 PM EST


-  INDICATES NEGATIVE NUMBERS.
R  INDICATES RECORD WAS SET OR TIED.
MM INDICATES DATA IS MISSING.
T  INDICATES TRACE AMOUNT.




$$
