000
CDUS41 KCLE 142126
CLICAK


CLIMATE REPORT
NATIONAL WEATHER SERVICE CLEVELAND OH
526 PM EDT SUN SEP 14 2014


...................................

...THE AKRON CANTON OH CLIMATE SUMMARY FOR SEPTEMBER 14 2014...
VALID TODAY AS OF 0500 PM LOCAL TIME.

CLIMATE NORMAL PERIOD 1981 TO 2010
CLIMATE RECORD PERIOD 1887 TO 2014


WEATHER ITEM   OBSERVED TIME   RECORD YEAR NORMAL DEPARTURE LAST
                VALUE   (LST)  VALUE       VALUE  FROM      YEAR
                                                  NORMAL
..................................................................
TEMPERATURE (F)
 TODAY
  MAXIMUM         65    359 PM  97    1939  74     -9       67
  MINIMUM         42    621 AM  36    1902  54    -12       47
  AVERAGE         54                        64    -10       57

PRECIPITATION (IN)
  TODAY            0.00                      0.12  -0.12     0.00
  MONTH TO DATE    0.68                      1.66  -0.98     1.52
  SINCE SEP 1      0.68                      1.66  -0.98     1.52
  SINCE JAN 1     36.47                     28.86   7.61    28.59

SNOWFALL (IN)
  TODAY            0.0                       0.0    0.0      0.0
  MONTH TO DATE    0.0                       0.0    0.0      0.0
  SINCE SEP 1      0.0                       0.0    0.0      0.0
  SINCE JUL 1      0.0                       0.0    0.0      0.0
  SNOW DEPTH       0

DEGREE DAYS
 HEATING
  TODAY           11                         3      8        8
  MONTH TO DATE   27                        26      1       25
  SINCE SEP 1     27                        26      1       25
  SINCE JUL 1     43                        46     -3       38

 COOLING
  TODAY            0                         2     -2        0
  MONTH TO DATE   69                        44     25       64
  SINCE SEP 1     69                        44     25       64
  SINCE JAN 1    705                       626     79      788
..................................................................


WIND (MPH)
  HIGHEST WIND SPEED     9   HIGHEST WIND DIRECTION     W (260)
  HIGHEST GUST SPEED    13   HIGHEST GUST DIRECTION    SE (150)


SKY COVER
  POSSIBLE SUNSHINE  MM
  AVERAGE SKY COVER 0.3


WEATHER CONDITIONS
 THE FOLLOWING WEATHER WAS RECORDED TODAY.
  FOG
  HAZE


RELATIVE HUMIDITY (PERCENT)
 HIGHEST    92           300 AM
 LOWEST     43           200 PM
 AVERAGE    68

..........................................................


THE AKRON CANTON OH CLIMATE NORMALS FOR TOMORROW
                         NORMAL    RECORD    YEAR
 MAXIMUM TEMPERATURE (F)   74        95      1939
 MINIMUM TEMPERATURE (F)   54        37      1923
                                             1902


SUNRISE AND SUNSET
SEPTEMBER 14 2014.....SUNRISE   705 AM EDT   SUNSET   736 PM EDT
SEPTEMBER 15 2014.....SUNRISE   706 AM EDT   SUNSET   735 PM EDT


-  INDICATES NEGATIVE NUMBERS.
R  INDICATES RECORD WAS SET OR TIED.
MM INDICATES DATA IS MISSING.
T  INDICATES TRACE AMOUNT.




$$
