000
CDUS41 KCLE 170526
CLICAK


CLIMATE REPORT
NATIONAL WEATHER SERVICE CLEVELAND OH
125 AM EDT WED MAY 17 2017


...................................

...THE AKRON CANTON OH CLIMATE SUMMARY FOR MAY 16 2017...

CLIMATE NORMAL PERIOD 1981 TO 2010
CLIMATE RECORD PERIOD 1887 TO 2017


WEATHER ITEM   OBSERVED TIME   RECORD YEAR NORMAL DEPARTURE LAST
                VALUE   (LST)  VALUE       VALUE  FROM      YEAR
                                                  NORMAL
..................................................................
TEMPERATURE (F)
 YESTERDAY
  MAXIMUM         84    536 PM  90    1962  69     15       63
  MINIMUM         51    522 AM  30    1910  49      2       31
  AVERAGE         68                        59      9       47

PRECIPITATION (IN)
  YESTERDAY        0.00                      0.14  -0.14     0.00
  MONTH TO DATE    3.23                      2.14   1.09     1.33
  SINCE MAR 1     13.34                      8.67   4.67     9.41
  SINCE JAN 1     21.85                     13.59   8.26    14.00

SNOWFALL (IN)
  YESTERDAY        0.0                       0.0    0.0      0.0
  MONTH TO DATE    0.0                       0.1   -0.1       T
  SINCE MAR 1     16.0                      11.0    5.0      7.5
  SINCE JUL 1     37.2                      47.5  -10.3     30.2
  SNOW DEPTH       0

DEGREE DAYS
 HEATING
  YESTERDAY        0                         7     -7       18
  MONTH TO DATE  171                       143     28      165
  SINCE MAR 1   1249                      1475   -226     1278
  SINCE JUL 1   4849                      6019  -1170     4925

 COOLING
  YESTERDAY        3                         1      2        0
  MONTH TO DATE    3                        10     -7        1
  SINCE MAR 1     25                        16      9        1
  SINCE JAN 1     27                        16     11        1
..................................................................


WIND (MPH)
  HIGHEST WIND SPEED    20   HIGHEST WIND DIRECTION     S (200)
  HIGHEST GUST SPEED    26   HIGHEST GUST DIRECTION     S (200)
  AVERAGE WIND SPEED    10.5


SKY COVER
  POSSIBLE SUNSHINE  MM
  AVERAGE SKY COVER 0.4


WEATHER CONDITIONS
 THE FOLLOWING WEATHER WAS RECORDED YESTERDAY.
  NO SIGNIFICANT WEATHER WAS OBSERVED.


RELATIVE HUMIDITY (PERCENT)
 HIGHEST    63           400 AM
 LOWEST     40           300 PM
 AVERAGE    52

..........................................................


THE AKRON CANTON OH CLIMATE NORMALS FOR TODAY
                         NORMAL    RECORD    YEAR
 MAXIMUM TEMPERATURE (F)   70        90      1962
 MINIMUM TEMPERATURE (F)   49        30      1891


SUNRISE AND SUNSET
MAY 17 2017...........SUNRISE   606 AM EDT   SUNSET   839 PM EDT
MAY 18 2017...........SUNRISE   605 AM EDT   SUNSET   840 PM EDT


-  INDICATES NEGATIVE NUMBERS.
R  INDICATES RECORD WAS SET OR TIED.
MM INDICATES DATA IS MISSING.
T  INDICATES TRACE AMOUNT.




$$
