088
CDUS41 KCLE 100527
CLICAK


CLIMATE REPORT
NATIONAL WEATHER SERVICE CLEVELAND OH
125 AM EDT SUN MAY 10 2015


...................................

...THE AKRON CANTON OH CLIMATE SUMMARY FOR MAY 9 2015...

CLIMATE NORMAL PERIOD 1981 TO 2010
CLIMATE RECORD PERIOD 1887 TO 2015


WEATHER ITEM   OBSERVED TIME   RECORD YEAR NORMAL DEPARTURE LAST
                VALUE   (LST)  VALUE       VALUE  FROM      YEAR
                                                  NORMAL
..................................................................
TEMPERATURE (F)
 YESTERDAY
  MAXIMUM         88R   334 PM  88    1936  67     21       82
  MINIMUM         63    510 AM  26    1966  46     17       65
  AVERAGE         76                        57     19       74

PRECIPITATION (IN)
  YESTERDAY        0.01                      0.13  -0.12     0.18
  MONTH TO DATE    0.11                      1.16  -1.05     0.59
  SINCE MAR 1      6.71                      7.69  -0.98     9.41
  SINCE JAN 1     12.19                     12.61  -0.42    12.92

SNOWFALL (IN)
  YESTERDAY        0.0                       0.0    0.0      0.0
  MONTH TO DATE    0.0                       0.1   -0.1      0.0
  SINCE MAR 1      6.9                      11.0   -4.1     10.6
  SINCE JUL 1     59.8                      47.5   12.3     69.9
  SNOW DEPTH       0

DEGREE DAYS
 HEATING
  YESTERDAY        0                         9     -9        0
  MONTH TO DATE   16                        88    -72       80
  SINCE MAR 1   1346                      1420    -74     1508
  SINCE JUL 1   6189                      5964    225     6331

 COOLING
  YESTERDAY       11                         1     10        9
  MONTH TO DATE   39                         3     36       14
  SINCE MAR 1     41                         9     32       17
  SINCE JAN 1     41                         9     32       17
..................................................................


WIND (MPH)
  HIGHEST WIND SPEED    17   HIGHEST WIND DIRECTION     W (290)
  HIGHEST GUST SPEED    26   HIGHEST GUST DIRECTION    SW (240)
  AVERAGE WIND SPEED     6.6


SKY COVER
  POSSIBLE SUNSHINE  MM
  AVERAGE SKY COVER 0.6


WEATHER CONDITIONS
 THE FOLLOWING WEATHER WAS RECORDED YESTERDAY.
  LIGHT RAIN
  HAZE


RELATIVE HUMIDITY (PERCENT)
 HIGHEST    78           600 AM
 LOWEST     36           300 PM
 AVERAGE    57

..........................................................


THE AKRON CANTON OH CLIMATE NORMALS FOR TODAY
                         NORMAL    RECORD    YEAR
 MAXIMUM TEMPERATURE (F)   68        91      1936
 MINIMUM TEMPERATURE (F)   47        24      1966


SUNRISE AND SUNSET
MAY 10 2015...........SUNRISE   614 AM EDT   SUNSET   831 PM EDT
MAY 11 2015...........SUNRISE   612 AM EDT   SUNSET   832 PM EDT


-  INDICATES NEGATIVE NUMBERS.
R  INDICATES RECORD WAS SET OR TIED.
MM INDICATES DATA IS MISSING.
T  INDICATES TRACE AMOUNT.




$$
