000
CDUS41 KCLE 100533
CLICAK


CLIMATE REPORT
NATIONAL WEATHER SERVICE CLEVELAND OH
1233 AM EST TUE JAN 10 2017


...................................

...THE AKRON CANTON OH CLIMATE SUMMARY FOR JANUARY 9 2017...

CLIMATE NORMAL PERIOD 1981 TO 2010
CLIMATE RECORD PERIOD 1887 TO 2017


WEATHER ITEM   OBSERVED TIME   RECORD YEAR NORMAL DEPARTURE LAST
                VALUE   (LST)  VALUE       VALUE  FROM      YEAR
                                                  NORMAL
..................................................................
TEMPERATURE (F)
 YESTERDAY
  MAXIMUM         28   1159 PM  63    1946  33     -5       50
  MINIMUM         11   1236 AM  -6    1979  19     -8       45
                                      1970
  AVERAGE         20                        26     -6       48

PRECIPITATION (IN)
  YESTERDAY        T                         0.08  -0.08     0.02
  MONTH TO DATE    1.25                      0.78   0.47     0.33
  SINCE DEC 1      4.25                      3.62   0.63     4.03
  SINCE JAN 1      1.25                      0.78   0.47     0.33

SNOWFALL (IN)
  YESTERDAY        T                         0.4   -0.4      0.0
  MONTH TO DATE    3.2                       3.5   -0.3      0.8
  SINCE DEC 1     10.7                      13.7   -3.0      1.0
  SINCE JUL 1     12.8                      17.1   -4.3      1.0
  SNOW DEPTH       2

DEGREE DAYS
 HEATING
  YESTERDAY       45                        39      6       17
  MONTH TO DATE  375                       349     26      313
  SINCE DEC 1   1441                      1420     21      965
  SINCE JUL 1   2319                      2679   -360     1845

 COOLING
  YESTERDAY        0                         0      0        0
  MONTH TO DATE    0                         0      0        0
  SINCE DEC 1      0                         0      0        0
  SINCE JAN 1      0                         0      0        0
..................................................................


WIND (MPH)
  HIGHEST WIND SPEED    21   HIGHEST WIND DIRECTION     S (180)
  HIGHEST GUST SPEED    25   HIGHEST GUST DIRECTION     S (180)
  AVERAGE WIND SPEED    12.2


SKY COVER
  POSSIBLE SUNSHINE  MM
  AVERAGE SKY COVER 0.9


WEATHER CONDITIONS
 THE FOLLOWING WEATHER WAS RECORDED YESTERDAY.
  LIGHT SNOW


RELATIVE HUMIDITY (PERCENT)
 HIGHEST    67           200 AM
 LOWEST     50           200 PM
 AVERAGE    59

..........................................................


THE AKRON CANTON OH CLIMATE NORMALS FOR TODAY
                         NORMAL    RECORD    YEAR
 MAXIMUM TEMPERATURE (F)   33        58      1975
 MINIMUM TEMPERATURE (F)   19       -10      1982


SUNRISE AND SUNSET
JANUARY 10 2017.......SUNRISE   750 AM EST   SUNSET   517 PM EST
JANUARY 11 2017.......SUNRISE   749 AM EST   SUNSET   518 PM EST


-  INDICATES NEGATIVE NUMBERS.
R  INDICATES RECORD WAS SET OR TIED.
MM INDICATES DATA IS MISSING.
T  INDICATES TRACE AMOUNT.




$$
