000
CDUS41 KCLE 070545
CLICAK


CLIMATE REPORT
NATIONAL WEATHER SERVICE CLEVELAND OH
145 AM EDT MON APR 7 2014


...................................

...THE AKRON CANTON OH CLIMATE SUMMARY FOR APRIL 6 2014...

CLIMATE NORMAL PERIOD 1981 TO 2010
CLIMATE RECORD PERIOD 1887 TO 2014


WEATHER ITEM   OBSERVED TIME   RECORD YEAR NORMAL DEPARTURE LAST
                VALUE   (LST)  VALUE       VALUE  FROM      YEAR
                                                  NORMAL
..................................................................
TEMPERATURE (F)
 YESTERDAY
  MAXIMUM         58    226 PM  83    2010  56      2       58
                                      1929
  MINIMUM         28    606 AM  19    1982  36     -8       26
  AVERAGE         43                        46     -3       42

PRECIPITATION (IN)
  YESTERDAY        0.00                      0.12  -0.12     0.00
  MONTH TO DATE    1.65                      0.71   0.94      T
  SINCE MAR 1      4.23                      3.69   0.54     2.06
  SINCE JAN 1      7.74                      8.61  -0.87     6.25

SNOWFALL (IN)
  YESTERDAY        0.0                       0.2   -0.2      0.0
  MONTH TO DATE    0.0                       1.0   -1.0       T
  SINCE MAR 1      9.7                       9.2    0.5     10.5
  SINCE JUL 1     69.0                      45.7   23.3     46.9
  SNOW DEPTH       0

DEGREE DAYS
 HEATING
  YESTERDAY       22                        19      3       23
  MONTH TO DATE   99                       122    -23      167
  SINCE MAR 1   1115                       973    142     1110
  SINCE JUL 1   5938                      5517    421     5371

 COOLING
  YESTERDAY        0                         0      0        0
  MONTH TO DATE    0                         0      0        0
  SINCE MAR 1      0                         0      0        0
  SINCE JAN 1      0                         0      0        0
..................................................................


WIND (MPH)
  HIGHEST WIND SPEED     9   HIGHEST WIND DIRECTION     E (90)
  HIGHEST GUST SPEED     9   HIGHEST GUST DIRECTION     E (90)
  AVERAGE WIND SPEED     4.6


SKY COVER
  POSSIBLE SUNSHINE  MM
  AVERAGE SKY COVER 0.4


WEATHER CONDITIONS
 THE FOLLOWING WEATHER WAS RECORDED YESTERDAY.
  NO SIGNIFICANT WEATHER WAS OBSERVED.


RELATIVE HUMIDITY (PERCENT)
 HIGHEST    85           600 AM
 LOWEST     26           500 PM
 AVERAGE    56

..........................................................


THE AKRON CANTON OH CLIMATE NORMALS FOR TODAY
                         NORMAL    RECORD    YEAR
 MAXIMUM TEMPERATURE (F)   56        82      1929
 MINIMUM TEMPERATURE (F)   36        16      1972


SUNRISE AND SUNSET
APRIL  7 2014.........SUNRISE   659 AM EDT   SUNSET   757 PM EDT
APRIL  8 2014.........SUNRISE   658 AM EDT   SUNSET   758 PM EDT


-  INDICATES NEGATIVE NUMBERS.
R  INDICATES RECORD WAS SET OR TIED.
MM INDICATES DATA IS MISSING.
T  INDICATES TRACE AMOUNT.




$$
