000
CDUS41 KCLE 060533
CLICAK


CLIMATE REPORT
NATIONAL WEATHER SERVICE CLEVELAND OH
1233 AM EST FRI JAN 6 2017


...................................

...THE AKRON CANTON OH CLIMATE SUMMARY FOR JANUARY 5 2017...

CLIMATE NORMAL PERIOD 1981 TO 2010
CLIMATE RECORD PERIOD 1887 TO 2017


WEATHER ITEM   OBSERVED TIME   RECORD YEAR NORMAL DEPARTURE LAST
                VALUE   (LST)  VALUE       VALUE  FROM      YEAR
                                                  NORMAL
..................................................................
TEMPERATURE (F)
 YESTERDAY
  MAXIMUM         20    354 PM  64    1997  33    -13       28
  MINIMUM          9   1159 PM -10    1904  20    -11        8
  AVERAGE         15                        26    -11       18

PRECIPITATION (IN)
  YESTERDAY        0.17                      0.09   0.08     0.00
  MONTH TO DATE    1.23                      0.45   0.78     0.08
  SINCE DEC 1      4.23                      3.29   0.94     3.78
  SINCE JAN 1      1.23                      0.45   0.78     0.08

SNOWFALL (IN)
  YESTERDAY        2.9                       0.3    2.6      0.0
  MONTH TO DATE    2.9                       1.9    1.0      0.8
  SINCE DEC 1     10.4                      12.1   -1.7      1.0
  SINCE JUL 1     12.5                      15.5   -3.0      1.0
  SNOW DEPTH       0

DEGREE DAYS
 HEATING
  YESTERDAY       50                        39     11       47
  MONTH TO DATE  160                       193    -33      199
  SINCE DEC 1   1226                      1264    -38      851
  SINCE JUL 1   2104                      2523   -419     1731

 COOLING
  YESTERDAY        0                         0      0        0
  MONTH TO DATE    0                         0      0        0
  SINCE DEC 1      0                         0      0        0
  SINCE JAN 1      0                         0      0        0
..................................................................


WIND (MPH)
  HIGHEST WIND SPEED    20   HIGHEST WIND DIRECTION     W (260)
  HIGHEST GUST SPEED    27   HIGHEST GUST DIRECTION     W (270)
  AVERAGE WIND SPEED    11.0


SKY COVER
  POSSIBLE SUNSHINE  MM
  AVERAGE SKY COVER 1.0


WEATHER CONDITIONS
 THE FOLLOWING WEATHER WAS RECORDED YESTERDAY.
  HEAVY SNOW
  SNOW
  LIGHT SNOW


RELATIVE HUMIDITY (PERCENT)
 HIGHEST    80           500 PM
 LOWEST     51           100 AM
 AVERAGE    66

..........................................................


THE AKRON CANTON OH CLIMATE NORMALS FOR TODAY
                         NORMAL    RECORD    YEAR
 MAXIMUM TEMPERATURE (F)   33        65      1946
 MINIMUM TEMPERATURE (F)   19       -10      2014


SUNRISE AND SUNSET
JANUARY  6 2017.......SUNRISE   750 AM EST   SUNSET   513 PM EST
JANUARY  7 2017.......SUNRISE   750 AM EST   SUNSET   514 PM EST


-  INDICATES NEGATIVE NUMBERS.
R  INDICATES RECORD WAS SET OR TIED.
MM INDICATES DATA IS MISSING.
T  INDICATES TRACE AMOUNT.




$$
