000
CDUS41 KCLE 030531
CLICAK


CLIMATE REPORT
NATIONAL WEATHER SERVICE CLEVELAND OH
1230 AM EST WED FEB 3 2016


...................................

...THE AKRON CANTON OH CLIMATE SUMMARY FOR FEBRUARY 2 2016...

CLIMATE NORMAL PERIOD 1981 TO 2010
CLIMATE RECORD PERIOD 1887 TO 2016


WEATHER ITEM   OBSERVED TIME   RECORD YEAR NORMAL DEPARTURE LAST
                VALUE   (LST)  VALUE       VALUE  FROM      YEAR
                                                  NORMAL
..................................................................
TEMPERATURE (F)
 YESTERDAY
  MAXIMUM         50    947 PM  61    1903  34     16       39
  MINIMUM         23    532 AM  -9    1951  20      3        7
                                      1905
  AVERAGE         37                        27     10       23

PRECIPITATION (IN)
  YESTERDAY        0.22                      0.08   0.14     0.08
  MONTH TO DATE    0.28                      0.16   0.12     0.78
  SINCE DEC 1      5.19                      5.61  -0.42     6.58
  SINCE JAN 1      1.49                      2.77  -1.28     4.27

SNOWFALL (IN)
  YESTERDAY        0.0                       0.4   -0.4      0.7
  MONTH TO DATE    0.0                       0.8   -0.8      5.0
  SINCE DEC 1      6.3                      23.4  -17.1     26.8
  SINCE JUL 1      6.3                      26.8  -20.5     34.8
  SNOW DEPTH       0

DEGREE DAYS
 HEATING
  YESTERDAY       28                        38    -10       42
  MONTH TO DATE   49                        76    -27       75
  SINCE DEC 1   1869                      2353   -484     2262
  SINCE JUL 1   2749                      3612   -863     3545

 COOLING
  YESTERDAY        0                         0      0        0
  MONTH TO DATE    0                         0      0        0
  SINCE DEC 1      0                         0      0        0
  SINCE JAN 1      0                         0      0        0
..................................................................


WIND (MPH)
  HIGHEST WIND SPEED    23   HIGHEST WIND DIRECTION    SE (140)
  HIGHEST GUST SPEED    29   HIGHEST GUST DIRECTION     E (110)
  AVERAGE WIND SPEED    11.5


SKY COVER
  POSSIBLE SUNSHINE  MM
  AVERAGE SKY COVER 0.4


WEATHER CONDITIONS
 THE FOLLOWING WEATHER WAS RECORDED YESTERDAY.
  LIGHT RAIN
  FOG
  HAZE


RELATIVE HUMIDITY (PERCENT)
 HIGHEST    88           600 AM
 LOWEST     42           300 PM
 AVERAGE    65

..........................................................


THE AKRON CANTON OH CLIMATE NORMALS FOR TODAY
                         NORMAL    RECORD    YEAR
 MAXIMUM TEMPERATURE (F)   34        57      1890
 MINIMUM TEMPERATURE (F)   20       -11      1951


SUNRISE AND SUNSET
FEBRUARY  3 2016......SUNRISE   735 AM EST   SUNSET   545 PM EST
FEBRUARY  4 2016......SUNRISE   734 AM EST   SUNSET   546 PM EST


-  INDICATES NEGATIVE NUMBERS.
R  INDICATES RECORD WAS SET OR TIED.
MM INDICATES DATA IS MISSING.
T  INDICATES TRACE AMOUNT.




$$
