736
CDUS41 KCLE 090537
CLICAK


CLIMATE REPORT
NATIONAL WEATHER SERVICE CLEVELAND OH
136 AM EDT SAT MAY 9 2015


...................................

...THE AKRON CANTON OH CLIMATE SUMMARY FOR MAY 8 2015...

CLIMATE NORMAL PERIOD 1981 TO 2010
CLIMATE RECORD PERIOD 1887 TO 2015


WEATHER ITEM   OBSERVED TIME   RECORD YEAR NORMAL DEPARTURE LAST
                VALUE   (LST)  VALUE       VALUE  FROM      YEAR
                                                  NORMAL
..................................................................
TEMPERATURE (F)
 YESTERDAY
  MAXIMUM         88R   411 PM  86    1936  67     21       83
  MINIMUM         63    644 AM  27    1950  46     17       57
  AVERAGE         76                        57     19       70

PRECIPITATION (IN)
  YESTERDAY        0.00                      0.13  -0.13     0.00
  MONTH TO DATE    0.10                      1.03  -0.93     0.41
  SINCE MAR 1      6.70                      7.56  -0.86     9.23
  SINCE JAN 1     12.18                     12.48  -0.30    12.74

SNOWFALL (IN)
  YESTERDAY        0.0                       0.0    0.0      0.0
  MONTH TO DATE    0.0                       0.1   -0.1      0.0
  SINCE MAR 1      6.9                      11.0   -4.1     10.6
  SINCE JUL 1     59.8                      47.5   12.3     69.9
  SNOW DEPTH       0

DEGREE DAYS
 HEATING
  YESTERDAY        0                         9     -9        0
  MONTH TO DATE   16                        79    -63       80
  SINCE MAR 1   1346                      1411    -65     1508
  SINCE JUL 1   6189                      5955    234     6331

 COOLING
  YESTERDAY       11                         1     10        5
  MONTH TO DATE   28                         2     26        5
  SINCE MAR 1     30                         8     22        8
  SINCE JAN 1     30                         8     22        8
..................................................................


WIND (MPH)
  HIGHEST WIND SPEED    16   HIGHEST WIND DIRECTION    SW (240)
  HIGHEST GUST SPEED    26   HIGHEST GUST DIRECTION    SW (210)
  AVERAGE WIND SPEED     4.8


SKY COVER
  POSSIBLE SUNSHINE  MM
  AVERAGE SKY COVER 0.3


WEATHER CONDITIONS
 THE FOLLOWING WEATHER WAS RECORDED YESTERDAY.
  NO SIGNIFICANT WEATHER WAS OBSERVED.


RELATIVE HUMIDITY (PERCENT)
 HIGHEST    73           700 AM
 LOWEST     32           500 PM
 AVERAGE    53

..........................................................


THE AKRON CANTON OH CLIMATE NORMALS FOR TODAY
                         NORMAL    RECORD    YEAR
 MAXIMUM TEMPERATURE (F)   67        88      1936
 MINIMUM TEMPERATURE (F)   46        26      1966


SUNRISE AND SUNSET
MAY  9 2015...........SUNRISE   615 AM EDT   SUNSET   830 PM EDT
MAY 10 2015...........SUNRISE   614 AM EDT   SUNSET   831 PM EDT


-  INDICATES NEGATIVE NUMBERS.
R  INDICATES RECORD WAS SET OR TIED.
MM INDICATES DATA IS MISSING.
T  INDICATES TRACE AMOUNT.




$$
