000
CDUS41 KCLE 290527
CLICAK


CLIMATE REPORT
NATIONAL WEATHER SERVICE CLEVELAND OH
127 AM EDT SUN MAY 29 2016


...................................

...THE AKRON CANTON OH CLIMATE SUMMARY FOR MAY 28 2016...

CLIMATE NORMAL PERIOD 1981 TO 2010
CLIMATE RECORD PERIOD 1887 TO 2016


WEATHER ITEM   OBSERVED TIME   RECORD YEAR NORMAL DEPARTURE LAST
                VALUE   (LST)  VALUE       VALUE  FROM      YEAR
                                                  NORMAL
..................................................................
TEMPERATURE (F)
 YESTERDAY
  MAXIMUM         87    408 PM  93    1911  73     14       80
  MINIMUM         67    500 AM  34    1907  52     15       62
  AVERAGE         77                        62     15       71

PRECIPITATION (IN)
  YESTERDAY        0.00                      0.14  -0.14     0.08
  MONTH TO DATE    1.97                      3.85  -1.88     3.13
  SINCE MAR 1     10.05                     10.38  -0.33     9.73
  SINCE JAN 1     14.64                     15.30  -0.66    15.21

SNOWFALL (IN)
  YESTERDAY        0.0                       0.0    0.0      0.0
  MONTH TO DATE    T                         0.1   -0.1      0.0
  SINCE MAR 1      7.5                      11.0   -3.5      6.9
  SINCE JUL 1     30.2                      47.5  -17.3     59.8
  SNOW DEPTH       0

DEGREE DAYS
 HEATING
  YESTERDAY        0                         5     -5        0
  MONTH TO DATE  221                       214      7      101
  SINCE MAR 1   1334                      1546   -212     1431
  SINCE JUL 1   4981                      6090  -1109     6274

 COOLING
  YESTERDAY       12                         2     10        6
  MONTH TO DATE   37                        29      8      122
  SINCE MAR 1     37                        35      2      124
  SINCE JAN 1     37                        35      2      124
..................................................................


WIND (MPH)
  HIGHEST WIND SPEED    17   HIGHEST WIND DIRECTION     W (290)
  HIGHEST GUST SPEED    20   HIGHEST GUST DIRECTION    NW (300)
  AVERAGE WIND SPEED     6.9


SKY COVER
  POSSIBLE SUNSHINE  MM
  AVERAGE SKY COVER 0.6


WEATHER CONDITIONS
 THE FOLLOWING WEATHER WAS RECORDED YESTERDAY.
  FOG
  HAZE


RELATIVE HUMIDITY (PERCENT)
 HIGHEST    87           600 AM
 LOWEST     46           400 PM
 AVERAGE    67

..........................................................


THE AKRON CANTON OH CLIMATE NORMALS FOR TODAY
                         NORMAL    RECORD    YEAR
 MAXIMUM TEMPERATURE (F)   73        93      1991
 MINIMUM TEMPERATURE (F)   53        37      1949


SUNRISE AND SUNSET
MAY 29 2016...........SUNRISE   557 AM EDT   SUNSET   849 PM EDT
MAY 30 2016...........SUNRISE   557 AM EDT   SUNSET   850 PM EDT


-  INDICATES NEGATIVE NUMBERS.
R  INDICATES RECORD WAS SET OR TIED.
MM INDICATES DATA IS MISSING.
T  INDICATES TRACE AMOUNT.




$$
