000
CDUS41 KCLE 270527
CLICAK


CLIMATE REPORT
NATIONAL WEATHER SERVICE CLEVELAND OH
1227 AM EST THU NOV 27 2014


...................................

...THE AKRON CANTON OH CLIMATE SUMMARY FOR NOVEMBER 26 2014...

CLIMATE NORMAL PERIOD 1981 TO 2010
CLIMATE RECORD PERIOD 1887 TO 2014


WEATHER ITEM   OBSERVED TIME   RECORD YEAR NORMAL DEPARTURE LAST
                VALUE   (LST)  VALUE       VALUE  FROM      YEAR
                                                  NORMAL
..................................................................
TEMPERATURE (F)
 YESTERDAY
  MAXIMUM         40    249 PM  70    1896  44     -4       33
  MINIMUM         29    336 AM   8    1950  31     -2       30
  AVERAGE         35                        38     -3       32

PRECIPITATION (IN)
  YESTERDAY        0.00                      0.11  -0.11     0.56
  MONTH TO DATE    2.35                      2.87  -0.52     3.03
  SINCE SEP 1      7.37                      9.15  -1.78    11.52
  SINCE JAN 1     43.16                     36.35   6.81    38.59

SNOWFALL (IN)
  YESTERDAY        0.0                       0.1   -0.1      5.6
  MONTH TO DATE    6.5                       2.3    4.2      9.6
  SINCE SEP 1      6.5                       2.7    3.8      9.6
  SINCE JUL 1      6.5                       2.7    3.8      9.6
  SNOW DEPTH       0

DEGREE DAYS
 HEATING
  YESTERDAY       30                        28      2       33
  MONTH TO DATE  716                       590    126      636
  SINCE SEP 1   1158                      1125     33     1087
  SINCE JUL 1   1174                      1145     29     1100

 COOLING
  YESTERDAY        0                         0      0        0
  MONTH TO DATE    0                         0      0        0
  SINCE SEP 1     83                        70     13      105
  SINCE JAN 1    719                       652     67      829
..................................................................


WIND (MPH)
  HIGHEST WIND SPEED    10   HIGHEST WIND DIRECTION     N (20)
  HIGHEST GUST SPEED    13   HIGHEST GUST DIRECTION     N (20)
  AVERAGE WIND SPEED     6.0


SKY COVER
  POSSIBLE SUNSHINE  MM
  AVERAGE SKY COVER 0.9


WEATHER CONDITIONS
 THE FOLLOWING WEATHER WAS RECORDED YESTERDAY.
  HAZE


RELATIVE HUMIDITY (PERCENT)
 HIGHEST    85           100 AM
 LOWEST     59           300 PM
 AVERAGE    72

..........................................................


THE AKRON CANTON OH CLIMATE NORMALS FOR TODAY
                         NORMAL    RECORD    YEAR
 MAXIMUM TEMPERATURE (F)   44        71      1990
 MINIMUM TEMPERATURE (F)   30         7      1930


SUNRISE AND SUNSET
NOVEMBER 27 2014......SUNRISE   727 AM EST   SUNSET   500 PM EST
NOVEMBER 28 2014......SUNRISE   728 AM EST   SUNSET   459 PM EST


-  INDICATES NEGATIVE NUMBERS.
R  INDICATES RECORD WAS SET OR TIED.
MM INDICATES DATA IS MISSING.
T  INDICATES TRACE AMOUNT.




$$
