000
CDUS41 KCLE 290545
CLICAK


CLIMATE REPORT
NATIONAL WEATHER SERVICE CLEVELAND OH
145 AM EDT FRI APR 29 2016


...................................

...THE AKRON CANTON OH CLIMATE SUMMARY FOR APRIL 28 2016...

CLIMATE NORMAL PERIOD 1981 TO 2010
CLIMATE RECORD PERIOD 1887 TO 2016


WEATHER ITEM   OBSERVED TIME   RECORD YEAR NORMAL DEPARTURE LAST
                VALUE   (LST)  VALUE       VALUE  FROM      YEAR
                                                  NORMAL
..................................................................
TEMPERATURE (F)
 YESTERDAY
  MAXIMUM         50   1212 AM  88    1986  64    -14       60
  MINIMUM         44    917 AM  25    1947  43      1       33
  AVERAGE         47                        54     -7       47

PRECIPITATION (IN)
  YESTERDAY        0.15                      0.11   0.04     0.00
  MONTH TO DATE    3.03                      3.32  -0.29     3.82
  SINCE MAR 1      7.61                      6.30   1.31     6.58
  SINCE JAN 1     12.20                     11.22   0.98    12.06

SNOWFALL (IN)
  YESTERDAY       MM                         0.0   MM        0.0
  MONTH TO DATE    5.1                       2.7    2.4       T
  SINCE MAR 1      7.5                      10.9   -3.4      6.9
  SINCE JUL 1     30.2                      47.4  -17.2     59.8
  SNOW DEPTH       0

DEGREE DAYS
 HEATING
  YESTERDAY       18                        12      6       18
  MONTH TO DATE  473                       457     16      374
  SINCE MAR 1   1075                      1308   -233     1302
  SINCE JUL 1   4722                      5852  -1130     6145

 COOLING
  YESTERDAY        0                         0      0        0
  MONTH TO DATE    0                         0      0        2
  SINCE MAR 1      0                         0      0        2
  SINCE JAN 1      0                         0      0        2
..................................................................


WIND (MPH)
  HIGHEST WIND SPEED    15   HIGHEST WIND DIRECTION     E (70)
  HIGHEST GUST SPEED    19   HIGHEST GUST DIRECTION    NE (60)
  AVERAGE WIND SPEED     8.3


SKY COVER
  POSSIBLE SUNSHINE  MM
  AVERAGE SKY COVER 1.0


WEATHER CONDITIONS
 THE FOLLOWING WEATHER WAS RECORDED YESTERDAY.
  LIGHT RAIN
  FOG


RELATIVE HUMIDITY (PERCENT)
 HIGHEST    93           800 PM
 LOWEST     36          1200 AM
 AVERAGE    65

..........................................................


THE AKRON CANTON OH CLIMATE NORMALS FOR TODAY
                         NORMAL    RECORD    YEAR
 MAXIMUM TEMPERATURE (F)   65        84      1888
 MINIMUM TEMPERATURE (F)   43        29      2012
                                             1944


SUNRISE AND SUNSET
APRIL 29 2016.........SUNRISE   626 AM EDT   SUNSET   821 PM EDT
APRIL 30 2016.........SUNRISE   625 AM EDT   SUNSET   822 PM EDT


-  INDICATES NEGATIVE NUMBERS.
R  INDICATES RECORD WAS SET OR TIED.
MM INDICATES DATA IS MISSING.
T  INDICATES TRACE AMOUNT.




$$
