000
CDUS41 KCLE 100527
CLICAK


CLIMATE REPORT
NATIONAL WEATHER SERVICE CLEVELAND OH
1226 AM EST SAT DEC 10 2016


...................................

...THE AKRON CANTON OH CLIMATE SUMMARY FOR DECEMBER 9 2016...

CLIMATE NORMAL PERIOD 1981 TO 2010
CLIMATE RECORD PERIOD 1887 TO 2016


WEATHER ITEM   OBSERVED TIME   RECORD YEAR NORMAL DEPARTURE LAST
                VALUE   (LST)  VALUE       VALUE  FROM      YEAR
                                                  NORMAL
..................................................................
TEMPERATURE (F)
 YESTERDAY
  MAXIMUM         27        MM  62    1952  39    -12       54
  MINIMUM         22        MM  -7    1917  26     -4       34
  AVERAGE         25                        32     -7       44

PRECIPITATION (IN)
  YESTERDAY        0.02                      0.10  -0.08      T
  MONTH TO DATE    0.61                      0.89  -0.28     0.15
  SINCE DEC 1      0.61                      0.89  -0.28     0.15
  SINCE JAN 1     36.26                     37.67  -1.41    37.68

SNOWFALL (IN)
  YESTERDAY        0.6                       0.4    0.2      0.0
  MONTH TO DATE    0.7                       2.5   -1.8      0.2
  SINCE DEC 1      0.7                       2.5   -1.8      0.2
  SINCE JUL 1      2.8                       5.9   -3.1      0.2
  SNOW DEPTH       T

DEGREE DAYS
 HEATING
  YESTERDAY       40                        33      7       21
  MONTH TO DATE  280                       281     -1      229
  SINCE DEC 1    280                       281     -1      229
  SINCE JUL 1   1158                      1540   -382     1109

 COOLING
  YESTERDAY        0                         0      0        0
  MONTH TO DATE    0                         0      0        0
  SINCE DEC 1      0                         0      0        0
  SINCE JAN 1   1133                       652    481      958
..................................................................


WIND (MPH)
  HIGHEST WIND SPEED    16   HIGHEST WIND DIRECTION     W (260)
  HIGHEST GUST SPEED    22   HIGHEST GUST DIRECTION     W (280)
  AVERAGE WIND SPEED    11.6


SKY COVER
  POSSIBLE SUNSHINE  MM
  AVERAGE SKY COVER 1.0


WEATHER CONDITIONS
 THE FOLLOWING WEATHER WAS RECORDED YESTERDAY.
  LIGHT SNOW
  HAZE


RELATIVE HUMIDITY (PERCENT)
 HIGHEST    81          1000 AM
 LOWEST     68          1200 PM
 AVERAGE    75

..........................................................


THE AKRON CANTON OH CLIMATE NORMALS FOR TODAY
                         NORMAL    RECORD    YEAR
 MAXIMUM TEMPERATURE (F)   39        67      1971
 MINIMUM TEMPERATURE (F)   26       -11      1958


SUNRISE AND SUNSET
DECEMBER 10 2016......SUNRISE   740 AM EST   SUNSET   458 PM EST
DECEMBER 11 2016......SUNRISE   741 AM EST   SUNSET   458 PM EST


-  INDICATES NEGATIVE NUMBERS.
R  INDICATES RECORD WAS SET OR TIED.
MM INDICATES DATA IS MISSING.
T  INDICATES TRACE AMOUNT.




$$
