000
CDUS41 KCLE 220545
CLICAK


CLIMATE REPORT
NATIONAL WEATHER SERVICE CLEVELAND OH
145 AM EDT MON MAY 22 2017


...................................

...THE AKRON CANTON OH CLIMATE SUMMARY FOR MAY 21 2017...

CLIMATE NORMAL PERIOD 1981 TO 2010
CLIMATE RECORD PERIOD 1887 TO 2017


WEATHER ITEM   OBSERVED TIME   RECORD YEAR NORMAL DEPARTURE LAST
                VALUE   (LST)  VALUE       VALUE  FROM      YEAR
                                                  NORMAL
..................................................................
TEMPERATURE (F)
 YESTERDAY
  MAXIMUM         71    350 PM  91    1934  71      0       59
  MINIMUM         60    316 AM  31    1895  50     10       52
  AVERAGE         66                        60      6       56

PRECIPITATION (IN)
  YESTERDAY        1.98                      0.15   1.83     0.57
  MONTH TO DATE    5.72                      2.85   2.87     1.97
  SINCE MAR 1     15.83                      9.38   6.45    10.05
  SINCE JAN 1     24.34                     14.30  10.04    14.64

SNOWFALL (IN)
  YESTERDAY        0.0                       0.0    0.0      0.0
  MONTH TO DATE    0.0                       0.1   -0.1       T
  SINCE MAR 1     16.0                      11.0    5.0      7.5
  SINCE JUL 1     37.2                      47.5  -10.3     30.2
  SNOW DEPTH       0

DEGREE DAYS
 HEATING
  YESTERDAY        0                         6     -6        9
  MONTH TO DATE  176                       176      0      210
  SINCE MAR 1   1254                      1508   -254     1323
  SINCE JUL 1   4854                      6052  -1198     4970

 COOLING
  YESTERDAY        1                         1      0        0
  MONTH TO DATE   26                        15     11        1
  SINCE MAR 1     48                        21     27        1
  SINCE JAN 1     50                        21     29        1
..................................................................


WIND (MPH)
  HIGHEST WIND SPEED    23   HIGHEST WIND DIRECTION     S (200)
  HIGHEST GUST SPEED    28   HIGHEST GUST DIRECTION     S (200)
  AVERAGE WIND SPEED    11.0


SKY COVER
  POSSIBLE SUNSHINE  MM
  AVERAGE SKY COVER 0.9


WEATHER CONDITIONS
 THE FOLLOWING WEATHER WAS RECORDED YESTERDAY.
  HEAVY RAIN
  RAIN
  LIGHT RAIN
  FOG


RELATIVE HUMIDITY (PERCENT)
 HIGHEST    90          1100 AM
 LOWEST     73           800 AM
 AVERAGE    82

..........................................................


THE AKRON CANTON OH CLIMATE NORMALS FOR TODAY
                         NORMAL    RECORD    YEAR
 MAXIMUM TEMPERATURE (F)   71        91      1941
 MINIMUM TEMPERATURE (F)   50        34      2002
                                             1935
                                             1895


SUNRISE AND SUNSET
MAY 22 2017...........SUNRISE   602 AM EDT   SUNSET   843 PM EDT
MAY 23 2017...........SUNRISE   601 AM EDT   SUNSET   844 PM EDT


-  INDICATES NEGATIVE NUMBERS.
R  INDICATES RECORD WAS SET OR TIED.
MM INDICATES DATA IS MISSING.
T  INDICATES TRACE AMOUNT.




$$
