000
CDUS41 KCLE 160526
CLICAK


CLIMATE REPORT
NATIONAL WEATHER SERVICE CLEVELAND OH
1226 AM EST THU NOV 16 2017


...................................

...THE AKRON CANTON OH CLIMATE SUMMARY FOR NOVEMBER 15 2017...

CLIMATE NORMAL PERIOD 1981 TO 2010
CLIMATE RECORD PERIOD 1887 TO 2017


WEATHER ITEM   OBSERVED TIME   RECORD YEAR NORMAL DEPARTURE LAST
                VALUE   (LST)  VALUE       VALUE  FROM      YEAR
                                                  NORMAL
..................................................................
TEMPERATURE (F)
 YESTERDAY
  MAXIMUM         48   1159 PM  72    1964  50     -2       59
                                      1926
  MINIMUM         31    407 AM  10    1933  34     -3       34
  AVERAGE         40                        42     -2       47

PRECIPITATION (IN)
  YESTERDAY        0.13                      0.12   0.01     0.00
  MONTH TO DATE    3.08                      1.62   1.46     0.66
  SINCE SEP 1      8.65                      7.90   0.75    10.96
  SINCE JAN 1     43.32                     35.10   8.22    34.56

SNOWFALL (IN)
  YESTERDAY        0.0                       0.1   -0.1      0.0
  MONTH TO DATE    T                         1.0   -1.0      0.0
  SINCE SEP 1      T                         1.4   -1.4      0.0
  SINCE JUL 1      T                         1.4   -1.4      0.0
  SNOW DEPTH       0

DEGREE DAYS
 HEATING
  YESTERDAY       25                        23      2       18
  MONTH TO DATE  319                       310      9      227
  SINCE SEP 1    624                       845   -221      534
  SINCE JUL 1    630                       865   -235      537

 COOLING
  YESTERDAY        0                         0      0        0
  MONTH TO DATE    0                         0      0        3
  SINCE SEP 1    184                        70    114      179
  SINCE JAN 1    926                       652    274     1133
..................................................................


WIND (MPH)
  HIGHEST WIND SPEED    22   HIGHEST WIND DIRECTION    SW (210)
  HIGHEST GUST SPEED    28   HIGHEST GUST DIRECTION    SW (210)
  AVERAGE WIND SPEED    11.9


SKY COVER
  POSSIBLE SUNSHINE  MM
  AVERAGE SKY COVER 0.7


WEATHER CONDITIONS
 THE FOLLOWING WEATHER WAS RECORDED YESTERDAY.
  RAIN
  LIGHT RAIN
  FOG


RELATIVE HUMIDITY (PERCENT)
 HIGHEST    93          1100 PM
 LOWEST     65          1100 AM
 AVERAGE    79

..........................................................


THE AKRON CANTON OH CLIMATE NORMALS FOR TODAY
                         NORMAL    RECORD    YEAR
 MAXIMUM TEMPERATURE (F)   49        70      1931
 MINIMUM TEMPERATURE (F)   34         4      1933


SUNRISE AND SUNSET
NOVEMBER 16 2017......SUNRISE   714 AM EST   SUNSET   506 PM EST
NOVEMBER 17 2017......SUNRISE   716 AM EST   SUNSET   505 PM EST


-  INDICATES NEGATIVE NUMBERS.
R  INDICATES RECORD WAS SET OR TIED.
MM INDICATES DATA IS MISSING.
T  INDICATES TRACE AMOUNT.




$$
