000
CDUS41 KCLE 040537
CLICAK


CLIMATE REPORT
NATIONAL WEATHER SERVICE CLEVELAND OH
1237 AM EST THU FEB 4 2016


...................................

...THE AKRON CANTON OH CLIMATE SUMMARY FOR FEBRUARY 3 2016...

CLIMATE NORMAL PERIOD 1981 TO 2010
CLIMATE RECORD PERIOD 1887 TO 2016


WEATHER ITEM   OBSERVED TIME   RECORD YEAR NORMAL DEPARTURE LAST
                VALUE   (LST)  VALUE       VALUE  FROM      YEAR
                                                  NORMAL
..................................................................
TEMPERATURE (F)
 YESTERDAY
  MAXIMUM         63R   200 PM  57    1890  34     29       27
  MINIMUM         38   1159 PM -11    1951  20     18        2
  AVERAGE         51                        27     24       15

PRECIPITATION (IN)
  YESTERDAY        0.40                      0.08   0.32     0.02
  MONTH TO DATE    0.68                      0.24   0.44     0.80
  SINCE DEC 1      5.59                      5.69  -0.10     6.60
  SINCE JAN 1      1.89                      2.85  -0.96     4.29

SNOWFALL (IN)
  YESTERDAY        0.0                       0.4   -0.4      0.4
  MONTH TO DATE    0.0                       1.2   -1.2      5.4
  SINCE DEC 1      6.3                      23.8  -17.5     27.2
  SINCE JUL 1      6.3                      27.2  -20.9     35.2
  SNOW DEPTH       0

DEGREE DAYS
 HEATING
  YESTERDAY       14                        38    -24       50
  MONTH TO DATE   63                       114    -51      125
  SINCE DEC 1   1883                      2391   -508     2312
  SINCE JUL 1   2763                      3650   -887     3595

 COOLING
  YESTERDAY        0                         0      0        0
  MONTH TO DATE    0                         0      0        0
  SINCE DEC 1      0                         0      0        0
  SINCE JAN 1      0                         0      0        0
..................................................................


WIND (MPH)
  HIGHEST WIND SPEED    32   HIGHEST WIND DIRECTION    SW (220)
  HIGHEST GUST SPEED    40   HIGHEST GUST DIRECTION    SW (220)
  AVERAGE WIND SPEED    19.8


SKY COVER
  POSSIBLE SUNSHINE  MM
  AVERAGE SKY COVER 0.7


WEATHER CONDITIONS
 THE FOLLOWING WEATHER WAS RECORDED YESTERDAY.
  RAIN
  LIGHT RAIN
  FOG


RELATIVE HUMIDITY (PERCENT)
 HIGHEST    89           500 AM
 LOWEST     36           500 PM
 AVERAGE    63

..........................................................


THE AKRON CANTON OH CLIMATE NORMALS FOR TODAY
                         NORMAL    RECORD    YEAR
 MAXIMUM TEMPERATURE (F)   34        64      1890
 MINIMUM TEMPERATURE (F)   20        -8      1996


SUNRISE AND SUNSET
FEBRUARY  4 2016......SUNRISE   734 AM EST   SUNSET   546 PM EST
FEBRUARY  5 2016......SUNRISE   733 AM EST   SUNSET   547 PM EST


-  INDICATES NEGATIVE NUMBERS.
R  INDICATES RECORD WAS SET OR TIED.
MM INDICATES DATA IS MISSING.
T  INDICATES TRACE AMOUNT.




$$
