803
CDUS41 KCLE 180526
CLICAK


CLIMATE REPORT
NATIONAL WEATHER SERVICE CLEVELAND OH
1225 AM EST SAT FEB 18 2017


...................................

...THE AKRON CANTON OH CLIMATE SUMMARY FOR FEBRUARY 17 2017...

CLIMATE NORMAL PERIOD 1981 TO 2010
CLIMATE RECORD PERIOD 1887 TO 2017


WEATHER ITEM   OBSERVED TIME   RECORD YEAR NORMAL DEPARTURE LAST
                VALUE   (LST)  VALUE       VALUE  FROM      YEAR
                                                  NORMAL
..................................................................
TEMPERATURE (F)
 YESTERDAY
  MAXIMUM         54    447 PM  60    2006  37     17       33
  MINIMUM         25    731 AM -13    1979  22      3       20
  AVERAGE         40                        29     11       27

PRECIPITATION (IN)
  YESTERDAY        0.00                      0.08  -0.08     0.01
  MONTH TO DATE    1.41                      1.38   0.03     1.69
  SINCE DEC 1     10.55                      6.83   3.72     6.60
  SINCE JAN 1      7.55                      3.99   3.56     2.90

SNOWFALL (IN)
  YESTERDAY        0.0                       0.3   -0.3      0.2
  MONTH TO DATE    4.2                       6.2   -2.0     14.3
  SINCE DEC 1     19.1                      28.8   -9.7     20.6
  SINCE JUL 1     21.2                      32.2  -11.0     20.6
  SNOW DEPTH       1

DEGREE DAYS
 HEATING
  YESTERDAY       25                        36    -11       38
  MONTH TO DATE  532                       632   -100      634
  SINCE DEC 1   2558                      2909   -351     2454
  SINCE JUL 1   3436                      4168   -732     3334

 COOLING
  YESTERDAY        0                         0      0        0
  MONTH TO DATE    0                         0      0        0
  SINCE DEC 1      0                         0      0        0
  SINCE JAN 1      0                         0      0        0
..................................................................


WIND (MPH)
  HIGHEST WIND SPEED    13   HIGHEST WIND DIRECTION    SW (230)
  HIGHEST GUST SPEED    19   HIGHEST GUST DIRECTION    SE (150)
  AVERAGE WIND SPEED     7.4


SKY COVER
  POSSIBLE SUNSHINE  MM
  AVERAGE SKY COVER 0.6


WEATHER CONDITIONS
 THE FOLLOWING WEATHER WAS RECORDED YESTERDAY.
  NO SIGNIFICANT WEATHER WAS OBSERVED.


RELATIVE HUMIDITY (PERCENT)
 HIGHEST    68          1200 AM
 LOWEST     41           300 PM
 AVERAGE    55

..........................................................


THE AKRON CANTON OH CLIMATE NORMALS FOR TODAY
                         NORMAL    RECORD    YEAR
 MAXIMUM TEMPERATURE (F)   37        60      1981
 MINIMUM TEMPERATURE (F)   22        -8      1936


SUNRISE AND SUNSET
FEBRUARY 18 2017......SUNRISE   716 AM EST   SUNSET   604 PM EST
FEBRUARY 19 2017......SUNRISE   714 AM EST   SUNSET   605 PM EST


-  INDICATES NEGATIVE NUMBERS.
R  INDICATES RECORD WAS SET OR TIED.
MM INDICATES DATA IS MISSING.
T  INDICATES TRACE AMOUNT.




$$
