000
CDUS41 KCLE 130526
CLICAK


CLIMATE REPORT
NATIONAL WEATHER SERVICE CLEVELAND OH
125 AM EDT SAT MAY 13 2017


...................................

...THE AKRON CANTON OH CLIMATE SUMMARY FOR MAY 12 2017...

CLIMATE NORMAL PERIOD 1981 TO 2010
CLIMATE RECORD PERIOD 1887 TO 2017


WEATHER ITEM   OBSERVED TIME   RECORD YEAR NORMAL DEPARTURE LAST
                VALUE   (LST)  VALUE       VALUE  FROM      YEAR
                                                  NORMAL
..................................................................
TEMPERATURE (F)
 YESTERDAY
  MAXIMUM         60    151 PM  87    1991  68     -8       76
  MINIMUM         50   1152 PM  30    1907  47      3       56
  AVERAGE         55                        58     -3       66

PRECIPITATION (IN)
  YESTERDAY        0.01                      0.14  -0.13     0.02
  MONTH TO DATE    3.15                      1.57   1.58     0.89
  SINCE MAR 1     13.26                      8.10   5.16     8.97
  SINCE JAN 1     21.77                     13.02   8.75    13.56

SNOWFALL (IN)
  YESTERDAY        0.0                       0.0    0.0      0.0
  MONTH TO DATE    0.0                       0.1   -0.1      0.0
  SINCE MAR 1     16.0                      11.0    5.0      7.5
  SINCE JUL 1     37.2                      47.5  -10.3     30.2
  SNOW DEPTH       0

DEGREE DAYS
 HEATING
  YESTERDAY       10                         8      2        0
  MONTH TO DATE  148                       113     35      102
  SINCE MAR 1   1226                      1445   -219     1215
  SINCE JUL 1   4826                      5989  -1163     4862

 COOLING
  YESTERDAY        0                         1     -1        1
  MONTH TO DATE    0                         6     -6        1
  SINCE MAR 1     22                        12     10        1
  SINCE JAN 1     24                        12     12        1
..................................................................


WIND (MPH)
  HIGHEST WIND SPEED    12   HIGHEST WIND DIRECTION    NE (50)
  HIGHEST GUST SPEED    14   HIGHEST GUST DIRECTION    NE (50)
  AVERAGE WIND SPEED     6.3


SKY COVER
  POSSIBLE SUNSHINE  MM
  AVERAGE SKY COVER 1.0


WEATHER CONDITIONS
 THE FOLLOWING WEATHER WAS RECORDED YESTERDAY.
  LIGHT RAIN
  FOG
  HAZE


RELATIVE HUMIDITY (PERCENT)
 HIGHEST    89           800 PM
 LOWEST     64           200 PM
 AVERAGE    77

..........................................................


THE AKRON CANTON OH CLIMATE NORMALS FOR TODAY
                         NORMAL    RECORD    YEAR
 MAXIMUM TEMPERATURE (F)   69        89      1991
 MINIMUM TEMPERATURE (F)   48        27      1996


SUNRISE AND SUNSET
MAY 13 2017...........SUNRISE   610 AM EDT   SUNSET   835 PM EDT
MAY 14 2017...........SUNRISE   609 AM EDT   SUNSET   836 PM EDT


-  INDICATES NEGATIVE NUMBERS.
R  INDICATES RECORD WAS SET OR TIED.
MM INDICATES DATA IS MISSING.
T  INDICATES TRACE AMOUNT.




$$
