000
CDUS41 KCLE 120527
CLICAK


CLIMATE REPORT
NATIONAL WEATHER SERVICE CLEVELAND OH
1226 AM EST SUN MAR 12 2017


...................................

...THE AKRON CANTON OH CLIMATE SUMMARY FOR MARCH 11 2017...

CLIMATE NORMAL PERIOD 1981 TO 2010
CLIMATE RECORD PERIOD 1887 TO 2017


WEATHER ITEM   OBSERVED TIME   RECORD YEAR NORMAL DEPARTURE LAST
                VALUE   (LST)  VALUE       VALUE  FROM      YEAR
                                                  NORMAL
..................................................................
TEMPERATURE (F)
 YESTERDAY
  MAXIMUM         28    346 PM  72    1977  44    -16       49
  MINIMUM         14    654 AM  -1    1960  27    -13       33
  AVERAGE         21                        36    -15       41

PRECIPITATION (IN)
  YESTERDAY        T                         0.09  -0.09      T
  MONTH TO DATE    2.02                      0.96   1.06     1.47
  SINCE MAR 1      2.02                      0.96   1.06     1.47
  SINCE JAN 1     10.53                      5.88   4.65     6.06

SNOWFALL (IN)
  YESTERDAY        T                         0.4   -0.4      0.0
  MONTH TO DATE    3.5                       3.7   -0.2      2.4
  SINCE MAR 1      3.5                       3.7   -0.2      2.4
  SINCE JUL 1     24.7                      40.2  -15.5     25.1
  SNOW DEPTH       3

DEGREE DAYS
 HEATING
  YESTERDAY       44                        29     15       24
  MONTH TO DATE  311                       341    -30      263
  SINCE MAR 1    311                       341    -30      263
  SINCE JUL 1   3911                      4885   -974     3910

 COOLING
  YESTERDAY        0                         0      0        0
  MONTH TO DATE    0                         0      0        0
  SINCE MAR 1      0                         0      0        0
  SINCE JAN 1      2                         0      2        0
..................................................................


WIND (MPH)
  HIGHEST WIND SPEED    21   HIGHEST WIND DIRECTION    NW (330)
  HIGHEST GUST SPEED    28   HIGHEST GUST DIRECTION     N (340)
  AVERAGE WIND SPEED    10.9


SKY COVER
  POSSIBLE SUNSHINE  MM
  AVERAGE SKY COVER 0.7


WEATHER CONDITIONS
 THE FOLLOWING WEATHER WAS RECORDED YESTERDAY.
  LIGHT SNOW


RELATIVE HUMIDITY (PERCENT)
 HIGHEST    62          1100 PM
 LOWEST     42           400 PM
 AVERAGE    52

..........................................................


THE AKRON CANTON OH CLIMATE NORMALS FOR TODAY
                         NORMAL    RECORD    YEAR
 MAXIMUM TEMPERATURE (F)   45        74      1990
 MINIMUM TEMPERATURE (F)   27        -6      1948


SUNRISE AND SUNSET
MARCH 12 2017.........SUNRISE   742 AM EDT   SUNSET   729 PM EDT
MARCH 13 2017.........SUNRISE   740 AM EDT   SUNSET   731 PM EDT


-  INDICATES NEGATIVE NUMBERS.
R  INDICATES RECORD WAS SET OR TIED.
MM INDICATES DATA IS MISSING.
T  INDICATES TRACE AMOUNT.




$$
