000
CDUS41 KCLE 220545
CLICAK


CLIMATE REPORT
NATIONAL WEATHER SERVICE CLEVELAND OH
145 AM EDT FRI APR 22 2016


...................................

...THE AKRON CANTON OH CLIMATE SUMMARY FOR APRIL 21 2016...

CLIMATE NORMAL PERIOD 1981 TO 2010
CLIMATE RECORD PERIOD 1887 TO 2016


WEATHER ITEM   OBSERVED TIME   RECORD YEAR NORMAL DEPARTURE LAST
                VALUE   (LST)  VALUE       VALUE  FROM      YEAR
                                                  NORMAL
..................................................................
TEMPERATURE (F)
 YESTERDAY
  MAXIMUM         68   1246 PM  83    1987  62      6       58
                                      1985
                                      1954
  MINIMUM         57   1159 PM  22    1904  41     16       42
  AVERAGE         63                        51     12       50

PRECIPITATION (IN)
  YESTERDAY        0.11                      0.12  -0.01     0.00
  MONTH TO DATE    2.14                      2.52  -0.38     3.60
  SINCE MAR 1      6.72                      5.50   1.22     6.36
  SINCE JAN 1     11.31                     10.42   0.89    11.84

SNOWFALL (IN)
  YESTERDAY        0.0                       0.0    0.0      0.0
  MONTH TO DATE    5.1                       2.5    2.6       T
  SINCE MAR 1      7.5                      10.7   -3.2      6.9
  SINCE JUL 1     30.2                      47.2  -17.0     59.8
  SNOW DEPTH       0

DEGREE DAYS
 HEATING
  YESTERDAY        2                        14    -12       15
  MONTH TO DATE  394                       368     26      222
  SINCE MAR 1    996                      1219   -223     1150
  SINCE JUL 1   4643                      5763  -1120     5993

 COOLING
  YESTERDAY        0                         0      0        0
  MONTH TO DATE    0                         0      0        2
  SINCE MAR 1      0                         0      0        2
  SINCE JAN 1      0                         0      0        2
..................................................................


WIND (MPH)
  HIGHEST WIND SPEED    15   HIGHEST WIND DIRECTION    SW (230)
  HIGHEST GUST SPEED    20   HIGHEST GUST DIRECTION    SW (220)
  AVERAGE WIND SPEED     7.8


SKY COVER
  POSSIBLE SUNSHINE  MM
  AVERAGE SKY COVER 0.9


WEATHER CONDITIONS
 THE FOLLOWING WEATHER WAS RECORDED YESTERDAY.
  RAIN
  LIGHT RAIN
  HAZE


RELATIVE HUMIDITY (PERCENT)
 HIGHEST    86          1100 PM
 LOWEST     25          1200 AM
 AVERAGE    56

..........................................................


THE AKRON CANTON OH CLIMATE NORMALS FOR TODAY
                         NORMAL    RECORD    YEAR
 MAXIMUM TEMPERATURE (F)   62        85      1985
 MINIMUM TEMPERATURE (F)   41        23      1978


SUNRISE AND SUNSET
APRIL 22 2016.........SUNRISE   636 AM EDT   SUNSET   813 PM EDT
APRIL 23 2016.........SUNRISE   634 AM EDT   SUNSET   814 PM EDT


-  INDICATES NEGATIVE NUMBERS.
R  INDICATES RECORD WAS SET OR TIED.
MM INDICATES DATA IS MISSING.
T  INDICATES TRACE AMOUNT.




$$
