000
CDUS41 KCLE 232113
CLICAK


CLIMATE REPORT
NATIONAL WEATHER SERVICE CLEVELAND OH
513 PM EDT THU JUL 23 2015


...................................

...THE AKRON CANTON OH CLIMATE SUMMARY FOR JULY 23 2015...
VALID TODAY AS OF 0500 PM LOCAL TIME.

CLIMATE NORMAL PERIOD 1981 TO 2010
CLIMATE RECORD PERIOD 1887 TO 2015


WEATHER ITEM   OBSERVED TIME   RECORD YEAR NORMAL DEPARTURE LAST
                VALUE   (LST)  VALUE       VALUE  FROM      YEAR
                                                  NORMAL
..................................................................
TEMPERATURE (F)
 TODAY
  MAXIMUM         83    225 PM 101    1933  82      1       79
  MINIMUM         59    535 AM  45    1904  62     -3       60
  AVERAGE         71                        72     -1       70

PRECIPITATION (IN)
  TODAY            0.00                      0.14  -0.14      T
  MONTH TO DATE    2.80                      3.05  -0.25     2.73
  SINCE JUN 1     11.11                      6.88   4.23    12.01
  SINCE JAN 1     27.52                     22.61   4.91    28.64

SNOWFALL (IN)
  TODAY            0.0                       0.0    0.0      0.0
  MONTH TO DATE    0.0                       0.0    0.0      0.0
  SINCE JUN 1      0.0                       0.0    0.0      0.0
  SINCE JUL 1      0.0                       0.0    0.0      0.0
  SNOW DEPTH       0

DEGREE DAYS
 HEATING
  TODAY            0                         0      0        0
  MONTH TO DATE    0                         0      0        2
  SINCE JUN 1     25                        49    -24       17
  SINCE JUL 1      0                         0      0        2

 COOLING
  TODAY            6                         7     -1        5
  MONTH TO DATE  150                       161    -11      156
  SINCE JUN 1    336                       296     40      339
  SINCE JAN 1    480                       338    142      415
..................................................................


WIND (MPH)
  HIGHEST WIND SPEED    13   HIGHEST WIND DIRECTION     N (360)
  HIGHEST GUST SPEED    21   HIGHEST GUST DIRECTION     W (280)


SKY COVER
  POSSIBLE SUNSHINE  MM
  AVERAGE SKY COVER 0.3


WEATHER CONDITIONS
 THE FOLLOWING WEATHER WAS RECORDED TODAY.
  NO SIGNIFICANT WEATHER WAS OBSERVED.


RELATIVE HUMIDITY (PERCENT)
 HIGHEST    84           600 AM
 LOWEST     35           400 PM
 AVERAGE    60

..........................................................


THE AKRON CANTON OH CLIMATE NORMALS FOR TOMORROW
                         NORMAL    RECORD    YEAR
 MAXIMUM TEMPERATURE (F)   82        97      1934
 MINIMUM TEMPERATURE (F)   62        44      1904


SUNRISE AND SUNSET
JULY 23 2015..........SUNRISE   613 AM EDT   SUNSET   851 PM EDT
JULY 24 2015..........SUNRISE   614 AM EDT   SUNSET   850 PM EDT


-  INDICATES NEGATIVE NUMBERS.
R  INDICATES RECORD WAS SET OR TIED.
MM INDICATES DATA IS MISSING.
T  INDICATES TRACE AMOUNT.




$$
