000
CDUS41 KCLE 150545
CLICAK


CLIMATE REPORT
NATIONAL WEATHER SERVICE CLEVELAND OH
145 AM EDT FRI AUG 15 2014


...................................

...THE AKRON CANTON OH CLIMATE SUMMARY FOR AUGUST 14 2014...

CLIMATE NORMAL PERIOD 1981 TO 2010
CLIMATE RECORD PERIOD 1887 TO 2014


WEATHER ITEM   OBSERVED TIME   RECORD YEAR NORMAL DEPARTURE LAST
                VALUE   (LST)  VALUE       VALUE  FROM      YEAR
                                                  NORMAL
..................................................................
TEMPERATURE (F)
 YESTERDAY
  MAXIMUM         70    250 PM  94    1944  81    -11       70
  MINIMUM         54   1153 PM  45    1964  61     -7       51
  AVERAGE         62                        71     -9       61

PRECIPITATION (IN)
  YESTERDAY        0.00                      0.11  -0.11      T
  MONTH TO DATE    3.22                      1.65   1.57     0.95
  SINCE JUN 1     16.66                      9.56   7.10    13.97
  SINCE JAN 1     33.29                     25.29   8.00    26.23

SNOWFALL (IN)
  YESTERDAY        0.0                       0.0    0.0      0.0
  MONTH TO DATE    0.0                       0.0    0.0      0.0
  SINCE JUN 1      0.0                       0.0    0.0      0.0
  SINCE JUL 1      0.0                       0.0    0.0      0.0
  SNOW DEPTH       0

DEGREE DAYS
 HEATING
  YESTERDAY        3                         0      3        4
  MONTH TO DATE    3                         0      3        4
  SINCE JUN 1     28                        55    -27       36
  SINCE JUL 1     13                         6      7        9

 COOLING
  YESTERDAY        0                         6     -6        0
  MONTH TO DATE   77                        93    -16       66
  SINCE JUN 1    437                       450    -13      499
  SINCE JAN 1    513                       492     21      605
..................................................................


WIND (MPH)
  HIGHEST WIND SPEED    20   HIGHEST WIND DIRECTION    NW (310)
  HIGHEST GUST SPEED    26   HIGHEST GUST DIRECTION    NW (330)
  AVERAGE WIND SPEED     8.6


SKY COVER
  POSSIBLE SUNSHINE  MM
  AVERAGE SKY COVER 0.4


WEATHER CONDITIONS
 THE FOLLOWING WEATHER WAS RECORDED YESTERDAY.
  NO SIGNIFICANT WEATHER WAS OBSERVED.


RELATIVE HUMIDITY (PERCENT)
 HIGHEST    87           400 AM
 LOWEST     40           100 PM
 AVERAGE    64

..........................................................


THE AKRON CANTON OH CLIMATE NORMALS FOR TODAY
                         NORMAL    RECORD    YEAR
 MAXIMUM TEMPERATURE (F)   81        95      1944
 MINIMUM TEMPERATURE (F)   61        47      1979
                                             1964


SUNRISE AND SUNSET
AUGUST 15 2014........SUNRISE   636 AM EDT   SUNSET   824 PM EDT
AUGUST 16 2014........SUNRISE   637 AM EDT   SUNSET   823 PM EDT


-  INDICATES NEGATIVE NUMBERS.
R  INDICATES RECORD WAS SET OR TIED.
MM INDICATES DATA IS MISSING.
T  INDICATES TRACE AMOUNT.




$$
