000
CDUS41 KCLE 020535
CLICAK


CLIMATE REPORT
NATIONAL WEATHER SERVICE CLEVELAND OH
1234 AM EST TUE FEB 2 2016


...................................

...THE AKRON CANTON OH CLIMATE SUMMARY FOR FEBRUARY 1 2016...

CLIMATE NORMAL PERIOD 1981 TO 2010
CLIMATE RECORD PERIOD 1887 TO 2016


WEATHER ITEM   OBSERVED TIME   RECORD YEAR NORMAL DEPARTURE LAST
                VALUE   (LST)  VALUE       VALUE  FROM      YEAR
                                                  NORMAL
..................................................................
TEMPERATURE (F)
 YESTERDAY
  MAXIMUM         58    101 AM  61    1989  34     24       36
  MINIMUM         30   1126 PM  -5    1971  19     11       28
  AVERAGE         44                        27     17       32

PRECIPITATION (IN)
  YESTERDAY        0.06                      0.08  -0.02     0.70
  MONTH TO DATE    0.06                      0.08  -0.02     0.70
  SINCE DEC 1      4.97                      5.53  -0.56     6.50
  SINCE JAN 1      1.27                      2.69  -1.42     4.19

SNOWFALL (IN)
  YESTERDAY        0.0                       0.4   -0.4      4.3
  MONTH TO DATE    0.0                       0.4   -0.4      4.3
  SINCE DEC 1      6.3                      23.0  -16.7     26.1
  SINCE JUL 1      6.3                      26.4  -20.1     34.1
  SNOW DEPTH       0

DEGREE DAYS
 HEATING
  YESTERDAY       21                        38    -17       33
  MONTH TO DATE   21                        38    -17       33
  SINCE DEC 1   1841                      2315   -474     2220
  SINCE JUL 1   2721                      3574   -853     3503

 COOLING
  YESTERDAY        0                         0      0        0
  MONTH TO DATE    0                         0      0        0
  SINCE DEC 1      0                         0      0        0
  SINCE JAN 1      0                         0      0        0
..................................................................


WIND (MPH)
  HIGHEST WIND SPEED    23   HIGHEST WIND DIRECTION    NW (300)
  HIGHEST GUST SPEED    29   HIGHEST GUST DIRECTION    NW (310)
  AVERAGE WIND SPEED     8.1


SKY COVER
  POSSIBLE SUNSHINE  MM
  AVERAGE SKY COVER 0.8


WEATHER CONDITIONS
 THE FOLLOWING WEATHER WAS RECORDED YESTERDAY.
  RAIN
  LIGHT RAIN
  HAZE


RELATIVE HUMIDITY (PERCENT)
 HIGHEST    85          1100 PM
 LOWEST     58           400 PM
 AVERAGE    72

..........................................................


THE AKRON CANTON OH CLIMATE NORMALS FOR TODAY
                         NORMAL    RECORD    YEAR
 MAXIMUM TEMPERATURE (F)   34        61      1903
 MINIMUM TEMPERATURE (F)   20        -9      1951
                                             1905


SUNRISE AND SUNSET
FEBRUARY  2 2016......SUNRISE   736 AM EST   SUNSET   544 PM EST
FEBRUARY  3 2016......SUNRISE   735 AM EST   SUNSET   545 PM EST


-  INDICATES NEGATIVE NUMBERS.
R  INDICATES RECORD WAS SET OR TIED.
MM INDICATES DATA IS MISSING.
T  INDICATES TRACE AMOUNT.




$$
