000
CDUS41 KCLE 050534
CLICAK


CLIMATE REPORT
NATIONAL WEATHER SERVICE CLEVELAND OH
1234 AM EST THU JAN 5 2017


...................................

...THE AKRON CANTON OH CLIMATE SUMMARY FOR JANUARY 4 2017...

CLIMATE NORMAL PERIOD 1981 TO 2010
CLIMATE RECORD PERIOD 1887 TO 2017


WEATHER ITEM   OBSERVED TIME   RECORD YEAR NORMAL DEPARTURE LAST
                VALUE   (LST)  VALUE       VALUE  FROM      YEAR
                                                  NORMAL
..................................................................
TEMPERATURE (F)
 YESTERDAY
  MAXIMUM         42    125 AM  64    1997  33      9       28
  MINIMUM         20   1159 PM  -6    1981  20      0       12
  AVERAGE         31                        26      5       20

PRECIPITATION (IN)
  YESTERDAY        0.07                      0.09  -0.02     0.03
  MONTH TO DATE    1.06                      0.36   0.70     0.08
  SINCE DEC 1      4.06                      3.20   0.86     3.78
  SINCE JAN 1      1.06                      0.36   0.70     0.08

SNOWFALL (IN)
  YESTERDAY        T                         0.4   -0.4      0.3
  MONTH TO DATE    T                         1.6   -1.6      0.8
  SINCE DEC 1      7.5                      11.8   -4.3      1.0
  SINCE JUL 1      9.6                      15.2   -5.6      1.0
  SNOW DEPTH       0

DEGREE DAYS
 HEATING
  YESTERDAY       34                        39     -5       45
  MONTH TO DATE  110                       154    -44      152
  SINCE DEC 1   1176                      1225    -49      804
  SINCE JUL 1   2054                      2484   -430     1684

 COOLING
  YESTERDAY        0                         0      0        0
  MONTH TO DATE    0                         0      0        0
  SINCE DEC 1      0                         0      0        0
  SINCE JAN 1      0                         0      0        0
..................................................................


WIND (MPH)
  HIGHEST WIND SPEED    28   HIGHEST WIND DIRECTION     W (270)
  HIGHEST GUST SPEED    39   HIGHEST GUST DIRECTION     W (270)
  AVERAGE WIND SPEED    19.5


SKY COVER
  POSSIBLE SUNSHINE  MM
  AVERAGE SKY COVER 0.8


WEATHER CONDITIONS
 THE FOLLOWING WEATHER WAS RECORDED YESTERDAY.
  LIGHT RAIN
  LIGHT SNOW
  FOG


RELATIVE HUMIDITY (PERCENT)
 HIGHEST    92           200 AM
 LOWEST     57           100 PM
 AVERAGE    75

..........................................................


THE AKRON CANTON OH CLIMATE NORMALS FOR TODAY
                         NORMAL    RECORD    YEAR
 MAXIMUM TEMPERATURE (F)   33        64      1997
 MINIMUM TEMPERATURE (F)   20       -10      1904


SUNRISE AND SUNSET
JANUARY  5 2017.......SUNRISE   750 AM EST   SUNSET   512 PM EST
JANUARY  6 2017.......SUNRISE   750 AM EST   SUNSET   513 PM EST


-  INDICATES NEGATIVE NUMBERS.
R  INDICATES RECORD WAS SET OR TIED.
MM INDICATES DATA IS MISSING.
T  INDICATES TRACE AMOUNT.




$$
