000
CDUS41 KCLE 170526
CLICAK


CLIMATE REPORT
NATIONAL WEATHER SERVICE CLEVELAND OH
125 AM EDT SUN APR 17 2016


...................................

...THE AKRON CANTON OH CLIMATE SUMMARY FOR APRIL 16 2016...

CLIMATE NORMAL PERIOD 1981 TO 2010
CLIMATE RECORD PERIOD 1887 TO 2016


WEATHER ITEM   OBSERVED TIME   RECORD YEAR NORMAL DEPARTURE LAST
                VALUE   (LST)  VALUE       VALUE  FROM      YEAR
                                                  NORMAL
..................................................................
TEMPERATURE (F)
 YESTERDAY
  MAXIMUM         73    348 PM  84    2002  60     13       58
  MINIMUM         43    551 AM  16    1904  39      4       48
  AVERAGE         58                        50      8       53

PRECIPITATION (IN)
  YESTERDAY        0.00                      0.12  -0.12     0.26
  MONTH TO DATE    2.03                      1.92   0.11     3.17
  SINCE MAR 1      6.61                      4.90   1.71     5.93
  SINCE JAN 1     11.20                      9.82   1.38    11.41

SNOWFALL (IN)
  YESTERDAY        0.0                       0.1   -0.1      0.0
  MONTH TO DATE    5.1                       2.2    2.9       T
  SINCE MAR 1      7.5                      10.4   -2.9      6.9
  SINCE JUL 1     30.2                      46.9  -16.7     59.8
  SNOW DEPTH       0

DEGREE DAYS
 HEATING
  YESTERDAY        7                        16     -9       12
  MONTH TO DATE  374                       295     79      192
  SINCE MAR 1    976                      1146   -170     1120
  SINCE JUL 1   4623                      5690  -1067     5963

 COOLING
  YESTERDAY        0                         0      0        0
  MONTH TO DATE    0                         0      0        2
  SINCE MAR 1      0                         0      0        2
  SINCE JAN 1      0                         0      0        2
..................................................................


WIND (MPH)
  HIGHEST WIND SPEED    13   HIGHEST WIND DIRECTION     E (110)
  HIGHEST GUST SPEED    18   HIGHEST GUST DIRECTION    SE (130)
  AVERAGE WIND SPEED     6.6


SKY COVER
  POSSIBLE SUNSHINE  MM
  AVERAGE SKY COVER 0.0


WEATHER CONDITIONS
 THE FOLLOWING WEATHER WAS RECORDED YESTERDAY.
  NO SIGNIFICANT WEATHER WAS OBSERVED.


RELATIVE HUMIDITY (PERCENT)
 HIGHEST    62           600 AM
 LOWEST     20           500 PM
 AVERAGE    41

..........................................................


THE AKRON CANTON OH CLIMATE NORMALS FOR TODAY
                         NORMAL    RECORD    YEAR
 MAXIMUM TEMPERATURE (F)   60        85      1896
 MINIMUM TEMPERATURE (F)   39        22      1904


SUNRISE AND SUNSET
APRIL 17 2016.........SUNRISE   643 AM EDT   SUNSET   808 PM EDT
APRIL 18 2016.........SUNRISE   641 AM EDT   SUNSET   809 PM EDT


-  INDICATES NEGATIVE NUMBERS.
R  INDICATES RECORD WAS SET OR TIED.
MM INDICATES DATA IS MISSING.
T  INDICATES TRACE AMOUNT.




$$
