000
CDUS41 KCLE 260526
CLICAK


CLIMATE REPORT
NATIONAL WEATHER SERVICE CLEVELAND OH
1226 AM EST SUN NOV 26 2017


...................................

...THE AKRON CANTON OH CLIMATE SUMMARY FOR NOVEMBER 25 2017...

CLIMATE NORMAL PERIOD 1981 TO 2010
CLIMATE RECORD PERIOD 1887 TO 2017


WEATHER ITEM   OBSERVED TIME   RECORD YEAR NORMAL DEPARTURE LAST
                VALUE   (LST)  VALUE       VALUE  FROM      YEAR
                                                  NORMAL
..................................................................
TEMPERATURE (F)
 YESTERDAY
  MAXIMUM         54    219 PM  64    1987  45      9       43
  MINIMUM         41   1159 PM   8    2005  31     10       36
                                      1950
  AVERAGE         48                        38     10       40

PRECIPITATION (IN)
  YESTERDAY        0.00                      0.11  -0.11      T
  MONTH TO DATE    6.21                      2.76   3.45     1.38
  SINCE SEP 1     11.78                      9.04   2.74    11.68
  SINCE JAN 1     46.45                     36.24  10.21    35.28

SNOWFALL (IN)
  YESTERDAY        0.0                       0.2   -0.2      0.0
  MONTH TO DATE    0.1                       2.2   -2.1      2.1
  SINCE SEP 1      0.1                       2.6   -2.5      2.1
  SINCE JUL 1      0.1                       2.6   -2.5      2.1
  SNOW DEPTH       0

DEGREE DAYS
 HEATING
  YESTERDAY       17                        27    -10       25
  MONTH TO DATE  570                       562      8      472
  SINCE SEP 1    875                      1097   -222      779
  SINCE JUL 1    881                      1117   -236      782

 COOLING
  YESTERDAY        0                         0      0        0
  MONTH TO DATE    0                         0      0        3
  SINCE SEP 1    184                        70    114      179
  SINCE JAN 1    926                       652    274     1133
..................................................................


WIND (MPH)
  HIGHEST WIND SPEED    24   HIGHEST WIND DIRECTION     W (280)
  HIGHEST GUST SPEED    31   HIGHEST GUST DIRECTION     W (270)
  AVERAGE WIND SPEED    13.1


SKY COVER
  POSSIBLE SUNSHINE  MM
  AVERAGE SKY COVER 0.7


WEATHER CONDITIONS
 THE FOLLOWING WEATHER WAS RECORDED YESTERDAY.
  NO SIGNIFICANT WEATHER WAS OBSERVED.


RELATIVE HUMIDITY (PERCENT)
 HIGHEST    63          1100 AM
 LOWEST     32          1200 AM
 AVERAGE    48

..........................................................


THE AKRON CANTON OH CLIMATE NORMALS FOR TODAY
                         NORMAL    RECORD    YEAR
 MAXIMUM TEMPERATURE (F)   44        70      1896
 MINIMUM TEMPERATURE (F)   31         8      1950


SUNRISE AND SUNSET
NOVEMBER 26 2017......SUNRISE   726 AM EST   SUNSET   500 PM EST
NOVEMBER 27 2017......SUNRISE   727 AM EST   SUNSET   500 PM EST


-  INDICATES NEGATIVE NUMBERS.
R  INDICATES RECORD WAS SET OR TIED.
MM INDICATES DATA IS MISSING.
T  INDICATES TRACE AMOUNT.




$$
