000
CDUS41 KCLE 190531
CLICAK


CLIMATE REPORT
NATIONAL WEATHER SERVICE CLEVELAND OH
1230 AM EST WED NOV 19 2014


...................................

...THE AKRON CANTON OH CLIMATE SUMMARY FOR NOVEMBER 18 2014...

CLIMATE NORMAL PERIOD 1981 TO 2010
CLIMATE RECORD PERIOD 1887 TO 2014


WEATHER ITEM   OBSERVED TIME   RECORD YEAR NORMAL DEPARTURE LAST
                VALUE   (LST)  VALUE       VALUE  FROM      YEAR
                                                  NORMAL
..................................................................
TEMPERATURE (F)
 YESTERDAY
  MAXIMUM         19    337 PM  70    1958  48    -29       54
                                      1954
  MINIMUM         10   1159 PM   9    1959  33    -23       36
  AVERAGE         15                        41    -26       45

PRECIPITATION (IN)
  YESTERDAY        T                         0.11  -0.11     0.00
  MONTH TO DATE    1.70                      1.96  -0.26     2.26
  SINCE SEP 1      6.72                      8.24  -1.52    10.75
  SINCE JAN 1     42.51                     35.44   7.07    37.82

SNOWFALL (IN)
  YESTERDAY        T                         0.1   -0.1      0.0
  MONTH TO DATE    6.5                       1.3    5.2      3.2
  SINCE SEP 1      6.5                       1.7    4.8      3.2
  SINCE JUL 1      6.5                       1.7    4.8      3.2
  SNOW DEPTH       6

DEGREE DAYS
 HEATING
  YESTERDAY       50                        24     26       20
  MONTH TO DATE  467                       381     86      376
  SINCE SEP 1    909                       916     -7      827
  SINCE JUL 1    925                       936    -11      840

 COOLING
  YESTERDAY        0                         0      0        0
  MONTH TO DATE    0                         0      0        0
  SINCE SEP 1     83                        70     13      105
  SINCE JAN 1    719                       652     67      829
..................................................................


WIND (MPH)
  HIGHEST WIND SPEED    28   HIGHEST WIND DIRECTION     W (250)
  HIGHEST GUST SPEED    36   HIGHEST GUST DIRECTION     W (250)
  AVERAGE WIND SPEED    17.4


SKY COVER
  POSSIBLE SUNSHINE  MM
  AVERAGE SKY COVER 0.6


WEATHER CONDITIONS
 THE FOLLOWING WEATHER WAS RECORDED YESTERDAY.
  LIGHT SNOW
  HAZE
  BLOWING SNOW


RELATIVE HUMIDITY (PERCENT)
 HIGHEST    67          1200 AM
 LOWEST     49           300 PM
 AVERAGE    58

..........................................................


THE AKRON CANTON OH CLIMATE NORMALS FOR TODAY
                         NORMAL    RECORD    YEAR
 MAXIMUM TEMPERATURE (F)   48        72      1985
 MINIMUM TEMPERATURE (F)   33        14      2008


SUNRISE AND SUNSET
NOVEMBER 19 2014......SUNRISE   718 AM EST   SUNSET   504 PM EST
NOVEMBER 20 2014......SUNRISE   719 AM EST   SUNSET   504 PM EST


-  INDICATES NEGATIVE NUMBERS.
R  INDICATES RECORD WAS SET OR TIED.
MM INDICATES DATA IS MISSING.
T  INDICATES TRACE AMOUNT.




$$
