000
CDUS41 KCLE 110526
CLICAK


CLIMATE REPORT
NATIONAL WEATHER SERVICE CLEVELAND OH
125 AM EDT TUE APR 11 2017


...................................

...THE AKRON CANTON OH CLIMATE SUMMARY FOR APRIL 10 2017...

CLIMATE NORMAL PERIOD 1981 TO 2010
CLIMATE RECORD PERIOD 1887 TO 2017


WEATHER ITEM   OBSERVED TIME   RECORD YEAR NORMAL DEPARTURE LAST
                VALUE   (LST)  VALUE       VALUE  FROM      YEAR
                                                  NORMAL
..................................................................
TEMPERATURE (F)
 YESTERDAY
  MAXIMUM         78    351 PM  81    1945  58     20       46
  MINIMUM         57   1119 PM  18    1997  37     20       20
  AVERAGE         68                        47     21       33

PRECIPITATION (IN)
  YESTERDAY        0.00                      0.12  -0.12     0.02
  MONTH TO DATE    0.88                      1.19  -0.31     1.26
  SINCE MAR 1      6.41                      4.17   2.24     5.84
  SINCE JAN 1     14.92                      9.09   5.83    10.43

SNOWFALL (IN)
  YESTERDAY        0.0                       0.1   -0.1       T
  MONTH TO DATE    2.5                       1.5    1.0      5.1
  SINCE MAR 1     16.0                       9.7    6.3      7.5
  SINCE JUL 1     37.2                      46.2   -9.0     30.2
  SNOW DEPTH       0

DEGREE DAYS
 HEATING
  YESTERDAY        0                        18    -18       32
  MONTH TO DATE  154                       196    -42      271
  SINCE MAR 1    957                      1047    -90      873
  SINCE JUL 1   4557                      5591  -1034     4520

 COOLING
  YESTERDAY        3                         0      3        0
  MONTH TO DATE    3                         0      3        0
  SINCE MAR 1      3                         0      3        0
  SINCE JAN 1      5                         0      5        0
..................................................................


WIND (MPH)
  HIGHEST WIND SPEED    28   HIGHEST WIND DIRECTION    SW (230)
  HIGHEST GUST SPEED    36   HIGHEST GUST DIRECTION    SW (230)
  AVERAGE WIND SPEED    13.8


SKY COVER
  POSSIBLE SUNSHINE  MM
  AVERAGE SKY COVER 0.7


WEATHER CONDITIONS
 THE FOLLOWING WEATHER WAS RECORDED YESTERDAY.
  NO SIGNIFICANT WEATHER WAS OBSERVED.


RELATIVE HUMIDITY (PERCENT)
 HIGHEST    45           900 PM
 LOWEST     29           400 AM
 AVERAGE    37

..........................................................


THE AKRON CANTON OH CLIMATE NORMALS FOR TODAY
                         NORMAL    RECORD    YEAR
 MAXIMUM TEMPERATURE (F)   58        87      1930
 MINIMUM TEMPERATURE (F)   37        20      1909


SUNRISE AND SUNSET
APRIL 11 2017.........SUNRISE   653 AM EDT   SUNSET   801 PM EDT
APRIL 12 2017.........SUNRISE   651 AM EDT   SUNSET   803 PM EDT


-  INDICATES NEGATIVE NUMBERS.
R  INDICATES RECORD WAS SET OR TIED.
MM INDICATES DATA IS MISSING.
T  INDICATES TRACE AMOUNT.




$$
