000
CDUS41 KCLE 010528
CLICAK


CLIMATE REPORT
NATIONAL WEATHER SERVICE CLEVELAND OH
1227 AM EST FRI DEC 1 2017


...................................

...THE AKRON CANTON OH CLIMATE SUMMARY FOR NOVEMBER 30 2017...

CLIMATE NORMAL PERIOD 1981 TO 2010
CLIMATE RECORD PERIOD 1887 TO 2017


WEATHER ITEM   OBSERVED TIME   RECORD YEAR NORMAL DEPARTURE LAST
                VALUE   (LST)  VALUE       VALUE  FROM      YEAR
                                                  NORMAL
..................................................................
TEMPERATURE (F)
 YESTERDAY
  MAXIMUM         57   1147 AM  69    1934  43     14       58
  MINIMUM         36    329 AM  -1    1958  29      7       40
  AVERAGE         47                        36     11       49

PRECIPITATION (IN)
  YESTERDAY        0.13                      0.11   0.02     0.23
  MONTH TO DATE    6.34                      3.30   3.04     1.75
  SINCE SEP 1     11.91                      9.58   2.33    12.05
  SINCE JAN 1     46.58                     36.78   9.80    35.65

SNOWFALL (IN)
  YESTERDAY        0.0                       0.2   -0.2      0.0
  MONTH TO DATE    0.1                       3.0   -2.9      2.1
  SINCE SEP 1      0.1                       3.4   -3.3      2.1
  SINCE JUL 1      0.1                       3.4   -3.3      2.1
  SNOW DEPTH       0

DEGREE DAYS
 HEATING
  YESTERDAY       18                        29    -11       16
  MONTH TO DATE  671                       704    -33      568
  SINCE SEP 1    976                      1239   -263      875
  SINCE JUL 1    982                      1259   -277      878

 COOLING
  YESTERDAY        0                         0      0        0
  MONTH TO DATE    0                         0      0        3
  SINCE SEP 1    184                        70    114      179
  SINCE JAN 1    926                       652    274     1133
..................................................................


WIND (MPH)
  HIGHEST WIND SPEED    21   HIGHEST WIND DIRECTION    SW (230)
  HIGHEST GUST SPEED    28   HIGHEST GUST DIRECTION    SW (230)
  AVERAGE WIND SPEED     9.1


SKY COVER
  POSSIBLE SUNSHINE  MM
  AVERAGE SKY COVER 0.6


WEATHER CONDITIONS
 THE FOLLOWING WEATHER WAS RECORDED YESTERDAY.
  RAIN
  LIGHT RAIN
  FOG
  HAZE


RELATIVE HUMIDITY (PERCENT)
 HIGHEST    86           300 PM
 LOWEST     46          1100 AM
 AVERAGE    66

..........................................................


THE AKRON CANTON OH CLIMATE NORMALS FOR TODAY
                         NORMAL    RECORD    YEAR
 MAXIMUM TEMPERATURE (F)   42        65      1970
 MINIMUM TEMPERATURE (F)   29         3      1929


SUNRISE AND SUNSET
DECEMBER  1 2017......SUNRISE   731 AM EST   SUNSET   458 PM EST
DECEMBER  2 2017......SUNRISE   732 AM EST   SUNSET   458 PM EST


-  INDICATES NEGATIVE NUMBERS.
R  INDICATES RECORD WAS SET OR TIED.
MM INDICATES DATA IS MISSING.
T  INDICATES TRACE AMOUNT.




$$
