777
CDUS41 KCLE 160545
CLICAK


CLIMATE REPORT
NATIONAL WEATHER SERVICE CLEVELAND OH
145 AM EDT SUN APR 16 2017


...................................

...THE AKRON CANTON OH CLIMATE SUMMARY FOR APRIL 15 2017...

CLIMATE NORMAL PERIOD 1981 TO 2010
CLIMATE RECORD PERIOD 1887 TO 2017


WEATHER ITEM   OBSERVED TIME   RECORD YEAR NORMAL DEPARTURE LAST
                VALUE   (LST)  VALUE       VALUE  FROM      YEAR
                                                  NORMAL
..................................................................
TEMPERATURE (F)
 YESTERDAY
  MAXIMUM         78    542 PM  82    2010  60     18       70
  MINIMUM         54    536 AM  18    1943  39     15       39
  AVERAGE         66                        49     17       55

PRECIPITATION (IN)
  YESTERDAY        T                         0.12  -0.12     0.00
  MONTH TO DATE    1.36                      1.80  -0.44     2.03
  SINCE MAR 1      6.89                      4.78   2.11     6.61
  SINCE JAN 1     15.40                      9.70   5.70    11.20

SNOWFALL (IN)
  YESTERDAY        0.0                       0.1   -0.1      0.0
  MONTH TO DATE    2.5                       2.1    0.4      5.1
  SINCE MAR 1     16.0                      10.3    5.7      7.5
  SINCE JUL 1     37.2                      46.8   -9.6     30.2
  SNOW DEPTH       0

DEGREE DAYS
 HEATING
  YESTERDAY        0                        16    -16       10
  MONTH TO DATE  190                       279    -89      367
  SINCE MAR 1    993                      1130   -137      969
  SINCE JUL 1   4593                      5674  -1081     4616

 COOLING
  YESTERDAY        1                         0      1        0
  MONTH TO DATE    4                         0      4        0
  SINCE MAR 1      4                         0      4        0
  SINCE JAN 1      6                         0      6        0
..................................................................


WIND (MPH)
  HIGHEST WIND SPEED    21   HIGHEST WIND DIRECTION    SW (210)
  HIGHEST GUST SPEED    27   HIGHEST GUST DIRECTION    SW (220)
  AVERAGE WIND SPEED    10.4


SKY COVER
  POSSIBLE SUNSHINE  MM
  AVERAGE SKY COVER 0.7


WEATHER CONDITIONS
 THE FOLLOWING WEATHER WAS RECORDED YESTERDAY.
  THUNDERSTORM


RELATIVE HUMIDITY (PERCENT)
 HIGHEST    59           900 PM
 LOWEST     41           100 PM
 AVERAGE    50

..........................................................


THE AKRON CANTON OH CLIMATE NORMALS FOR TODAY
                         NORMAL    RECORD    YEAR
 MAXIMUM TEMPERATURE (F)   60        84      2002
 MINIMUM TEMPERATURE (F)   39        16      1904


SUNRISE AND SUNSET
APRIL 16 2017.........SUNRISE   645 AM EDT   SUNSET   807 PM EDT
APRIL 17 2017.........SUNRISE   643 AM EDT   SUNSET   808 PM EDT


-  INDICATES NEGATIVE NUMBERS.
R  INDICATES RECORD WAS SET OR TIED.
MM INDICATES DATA IS MISSING.
T  INDICATES TRACE AMOUNT.




$$
