000
CDUS41 KCLE 130529
CLICAK


CLIMATE REPORT
NATIONAL WEATHER SERVICE CLEVELAND OH
128 AM EDT WED JUL 13 2016


...................................

...THE AKRON CANTON OH CLIMATE SUMMARY FOR JULY 12 2016...

CLIMATE NORMAL PERIOD 1981 TO 2010
CLIMATE RECORD PERIOD 1887 TO 2016


WEATHER ITEM   OBSERVED TIME   RECORD YEAR NORMAL DEPARTURE LAST
                VALUE   (LST)  VALUE       VALUE  FROM      YEAR
                                                  NORMAL
..................................................................
TEMPERATURE (F)
 YESTERDAY
  MAXIMUM         90    447 PM 100    1936  82      8       77
  MINIMUM         66    447 AM  47    1913  62      4       63
  AVERAGE         78                        72      6       70

PRECIPITATION (IN)
  YESTERDAY        0.00                      0.13  -0.13     0.22
  MONTH TO DATE    0.53                      1.58  -1.05     1.72
  SINCE JUN 1      4.04                      5.41  -1.37    10.03
  SINCE JAN 1     18.71                     21.14  -2.43    26.44

SNOWFALL (IN)
  YESTERDAY        0.0                       0.0    0.0      0.0
  MONTH TO DATE    0.0                       0.0    0.0      0.0
  SINCE JUN 1      0.0                       0.0    0.0      0.0
  SINCE JUL 1      0.0                       0.0    0.0      0.0
  SNOW DEPTH       0

DEGREE DAYS
 HEATING
  YESTERDAY        0                         0      0        0
  MONTH TO DATE    3                         0      3        0
  SINCE JUN 1     22                        49    -27       25
  SINCE JUL 1      3                         0      3        0

 COOLING
  YESTERDAY       13                         7      6        5
  MONTH TO DATE   95                        84     11       60
  SINCE JUN 1    289                       219     70      246
  SINCE JAN 1    350                       261     89      390
..................................................................


WIND (MPH)
  HIGHEST WIND SPEED    18   HIGHEST WIND DIRECTION    SW (220)
  HIGHEST GUST SPEED    23   HIGHEST GUST DIRECTION     S (200)
  AVERAGE WIND SPEED     9.1


SKY COVER
  POSSIBLE SUNSHINE  MM
  AVERAGE SKY COVER 0.2


WEATHER CONDITIONS
 THE FOLLOWING WEATHER WAS RECORDED YESTERDAY.
  NO SIGNIFICANT WEATHER WAS OBSERVED.


RELATIVE HUMIDITY (PERCENT)
 HIGHEST    81           500 AM
 LOWEST     41           100 PM
 AVERAGE    61

..........................................................


THE AKRON CANTON OH CLIMATE NORMALS FOR TODAY
                         NORMAL    RECORD    YEAR
 MAXIMUM TEMPERATURE (F)   82        99      1936
 MINIMUM TEMPERATURE (F)   62        43      1904


SUNRISE AND SUNSET
JULY 13 2016..........SUNRISE   606 AM EDT   SUNSET   857 PM EDT
JULY 14 2016..........SUNRISE   606 AM EDT   SUNSET   857 PM EDT


-  INDICATES NEGATIVE NUMBERS.
R  INDICATES RECORD WAS SET OR TIED.
MM INDICATES DATA IS MISSING.
T  INDICATES TRACE AMOUNT.




$$
