000
CDUS41 KCLE 012114
CLICAK


CLIMATE REPORT
NATIONAL WEATHER SERVICE CLEVELAND OH
512 PM EDT WED NOV 1 2017


...................................

...THE AKRON CANTON OH CLIMATE SUMMARY FOR NOVEMBER 1 2017...
VALID TODAY AS OF 0500 PM LOCAL TIME.

CLIMATE NORMAL PERIOD 1981 TO 2010
CLIMATE RECORD PERIOD 1887 TO 2017


WEATHER ITEM   OBSERVED TIME   RECORD YEAR NORMAL DEPARTURE LAST
                VALUE   (LST)  VALUE       VALUE  FROM      YEAR
                                                  NORMAL
..................................................................
TEMPERATURE (F)
 TODAY
  MAXIMUM         44    359 PM  79    1950  55    -11       76
  MINIMUM         32   1205 AM  25    1954  38     -6       43
  AVERAGE         38                        47     -9       60

PRECIPITATION (IN)
  TODAY            0.09                      0.11  -0.02     0.00
  MONTH TO DATE    0.09                      0.11  -0.02     0.00
  SINCE SEP 1      5.66                      6.39  -0.73    10.30
  SINCE JAN 1     40.33                     33.59   6.74    33.90

SNOWFALL (IN)
  TODAY            0.0                       0.0    0.0      0.0
  MONTH TO DATE    0.0                       0.0    0.0      0.0
  SINCE SEP 1      0.0                       0.4   -0.4      0.0
  SINCE JUL 1      0.0                       0.4   -0.4      0.0
  SNOW DEPTH       0

DEGREE DAYS
 HEATING
  TODAY           27                        18      9        5
  MONTH TO DATE   27                        18      9        5
  SINCE SEP 1    332                       553   -221      312
  SINCE JUL 1    338                       573   -235      315

 COOLING
  TODAY            0                         0      0        0
  MONTH TO DATE    0                         0      0        0
  SINCE SEP 1    184                        70    114      176
  SINCE JAN 1    926                       652    274     1130
..................................................................


WIND (MPH)
  HIGHEST WIND SPEED    13   HIGHEST WIND DIRECTION    SE (150)
  HIGHEST GUST SPEED    15   HIGHEST GUST DIRECTION    SE (150)


SKY COVER
  POSSIBLE SUNSHINE  MM
  AVERAGE SKY COVER 1.0


WEATHER CONDITIONS
 THE FOLLOWING WEATHER WAS RECORDED TODAY.
  LIGHT RAIN
  FOG


RELATIVE HUMIDITY (PERCENT)
 HIGHEST    89           100 PM
 LOWEST     64           600 AM
 AVERAGE    77

..........................................................


THE AKRON CANTON OH CLIMATE NORMALS FOR TOMORROW
                         NORMAL    RECORD    YEAR
 MAXIMUM TEMPERATURE (F)   55        77      2016
 MINIMUM TEMPERATURE (F)   38        22      1911
                                             1905


SUNRISE AND SUNSET
NOVEMBER  1 2017......SUNRISE   757 AM EDT   SUNSET   621 PM EDT
NOVEMBER  2 2017......SUNRISE   758 AM EDT   SUNSET   620 PM EDT


-  INDICATES NEGATIVE NUMBERS.
R  INDICATES RECORD WAS SET OR TIED.
MM INDICATES DATA IS MISSING.
T  INDICATES TRACE AMOUNT.




$$
