000
CDUS41 KCLE 232230
CLICAK


CLIMATE REPORT
NATIONAL WEATHER SERVICE CLEVELAND OH
530 PM EST THU NOV 23 2017


...................................

...THE AKRON CANTON OH CLIMATE SUMMARY FOR NOVEMBER 23 2017...
VALID TODAY AS OF 0500 PM LOCAL TIME.

CLIMATE NORMAL PERIOD 1981 TO 2010
CLIMATE RECORD PERIOD 1887 TO 2017


WEATHER ITEM   OBSERVED TIME   RECORD YEAR NORMAL DEPARTURE LAST
                VALUE   (LST)  VALUE       VALUE  FROM      YEAR
                                                  NORMAL
..................................................................
TEMPERATURE (F)
 TODAY
  MAXIMUM         40    222 PM  74    1931  46     -6       41
  MINIMUM         23    445 AM  10    2000  32     -9       25
                                      1971
  AVERAGE         32                        39     -7       33

PRECIPITATION (IN)
  TODAY            0.00                      0.12  -0.12     0.01
  MONTH TO DATE    6.21                      2.54   3.67     1.21
  SINCE SEP 1     11.78                      8.82   2.96    11.51
  SINCE JAN 1     46.45                     36.02  10.43    35.11

SNOWFALL (IN)
  TODAY            0.0                       0.2   -0.2      0.0
  MONTH TO DATE    0.1                       1.9   -1.8      2.1
  SINCE SEP 1      0.1                       2.3   -2.2      2.1
  SINCE JUL 1      0.1                       2.3   -2.2      2.1
  SNOW DEPTH       0

DEGREE DAYS
 HEATING
  TODAY           33                        26      7       32
  MONTH TO DATE  528                       508     20      427
  SINCE SEP 1    833                      1043   -210      734
  SINCE JUL 1    839                      1063   -224      737

 COOLING
  TODAY            0                         0      0        0
  MONTH TO DATE    0                         0      0        3
  SINCE SEP 1    184                        70    114      179
  SINCE JAN 1    926                       652    274     1133
..................................................................


WIND (MPH)
  HIGHEST WIND SPEED    13   HIGHEST WIND DIRECTION    SW (220)
  HIGHEST GUST SPEED    16   HIGHEST GUST DIRECTION    SW (220)


SKY COVER
  POSSIBLE SUNSHINE  MM
  AVERAGE SKY COVER 0.7


WEATHER CONDITIONS
 THE FOLLOWING WEATHER WAS RECORDED TODAY.
  NO SIGNIFICANT WEATHER WAS OBSERVED.


RELATIVE HUMIDITY (PERCENT)
 HIGHEST    75           700 AM
 LOWEST     48           300 PM
 AVERAGE    62

..........................................................


THE AKRON CANTON OH CLIMATE NORMALS FOR TOMORROW
                         NORMAL    RECORD    YEAR
 MAXIMUM TEMPERATURE (F)   45        68      1931
 MINIMUM TEMPERATURE (F)   31         7      1950


SUNRISE AND SUNSET
NOVEMBER 23 2017......SUNRISE   723 AM EST   SUNSET   502 PM EST
NOVEMBER 24 2017......SUNRISE   724 AM EST   SUNSET   501 PM EST


-  INDICATES NEGATIVE NUMBERS.
R  INDICATES RECORD WAS SET OR TIED.
MM INDICATES DATA IS MISSING.
T  INDICATES TRACE AMOUNT.




$$
