000
CDUS41 KCLE 170526
CLICAK


CLIMATE REPORT
NATIONAL WEATHER SERVICE CLEVELAND OH
125 AM EDT SUN MAY 17 2015


...................................

...THE AKRON CANTON OH CLIMATE SUMMARY FOR MAY 16 2015...

CLIMATE NORMAL PERIOD 1981 TO 2010
CLIMATE RECORD PERIOD 1887 TO 2015


WEATHER ITEM   OBSERVED TIME   RECORD YEAR NORMAL DEPARTURE LAST
                VALUE   (LST)  VALUE       VALUE  FROM      YEAR
                                                  NORMAL
..................................................................
TEMPERATURE (F)
 YESTERDAY
  MAXIMUM         78   1250 PM  90    1962  69      9       57
  MINIMUM         64    912 PM  30    1910  49     15       44
  AVERAGE         71                        59     12       51

PRECIPITATION (IN)
  YESTERDAY        0.16                      0.14   0.02     0.00
  MONTH TO DATE    0.38                      2.14  -1.76     2.83
  SINCE MAR 1      6.98                      8.67  -1.69    11.65
  SINCE JAN 1     12.46                     13.59  -1.13    15.16

SNOWFALL (IN)
  YESTERDAY        0.0                       0.0    0.0      0.0
  MONTH TO DATE    0.0                       0.1   -0.1      0.0
  SINCE MAR 1      6.9                      11.0   -4.1     10.6
  SINCE JUL 1     59.8                      47.5   12.3     69.9
  SNOW DEPTH       0

DEGREE DAYS
 HEATING
  YESTERDAY        0                         7     -7       14
  MONTH TO DATE   53                       143    -90      104
  SINCE MAR 1   1383                      1475    -92     1532
  SINCE JUL 1   6226                      6019    207     6355

 COOLING
  YESTERDAY        6                         1      5        0
  MONTH TO DATE   68                        10     58       38
  SINCE MAR 1     70                        16     54       41
  SINCE JAN 1     70                        16     54       41
..................................................................


WIND (MPH)
  HIGHEST WIND SPEED    14   HIGHEST WIND DIRECTION    SW (240)
  HIGHEST GUST SPEED    14   HIGHEST GUST DIRECTION    SW (240)
  AVERAGE WIND SPEED     7.5


SKY COVER
  POSSIBLE SUNSHINE  MM
  AVERAGE SKY COVER 0.9


WEATHER CONDITIONS
 THE FOLLOWING WEATHER WAS RECORDED YESTERDAY.
  THUNDERSTORM
  LIGHT RAIN
  FOG
  HAZE


RELATIVE HUMIDITY (PERCENT)
 HIGHEST    93           900 PM
 LOWEST     60           100 PM
 AVERAGE    77

..........................................................


THE AKRON CANTON OH CLIMATE NORMALS FOR TODAY
                         NORMAL    RECORD    YEAR
 MAXIMUM TEMPERATURE (F)   70        90      1962
 MINIMUM TEMPERATURE (F)   49        30      1891


SUNRISE AND SUNSET
MAY 17 2015...........SUNRISE   607 AM EDT   SUNSET   838 PM EDT
MAY 18 2015...........SUNRISE   606 AM EDT   SUNSET   839 PM EDT


-  INDICATES NEGATIVE NUMBERS.
R  INDICATES RECORD WAS SET OR TIED.
MM INDICATES DATA IS MISSING.
T  INDICATES TRACE AMOUNT.




$$
