000
CDUS41 KCLE 032215
CLICAK


CLIMATE REPORT
NATIONAL WEATHER SERVICE CLEVELAND OH
515 PM EST FRI FEB 3 2017


...................................

...THE AKRON CANTON OH CLIMATE SUMMARY FOR FEBRUARY 3 2017...
VALID TODAY AS OF 0500 PM LOCAL TIME.

CLIMATE NORMAL PERIOD 1981 TO 2010
CLIMATE RECORD PERIOD 1887 TO 2017


WEATHER ITEM   OBSERVED TIME   RECORD YEAR NORMAL DEPARTURE LAST
                VALUE   (LST)  VALUE       VALUE  FROM      YEAR
                                                  NORMAL
..................................................................
TEMPERATURE (F)
 TODAY
  MAXIMUM         25    348 PM  63    2016  34     -9       63
  MINIMUM         16    549 AM -11    1951  20     -4       38
  AVERAGE         21                        27     -6       51

PRECIPITATION (IN)
  TODAY            T                         0.08  -0.08     0.40
  MONTH TO DATE    T                         0.24  -0.24     0.68
  SINCE DEC 1      9.14                      5.69   3.45     5.59
  SINCE JAN 1      6.14                      2.85   3.29     1.89

SNOWFALL (IN)
  TODAY            T                         0.4   -0.4      0.0
  MONTH TO DATE    T                         1.2   -1.2      0.0
  SINCE DEC 1     14.9                      23.8   -8.9      6.3
  SINCE JUL 1     17.0                      27.2  -10.2      6.3
  SNOW DEPTH       T

DEGREE DAYS
 HEATING
  TODAY           44                        38      6       14
  MONTH TO DATE  111                       114     -3       63
  SINCE DEC 1   2137                      2391   -254     1883
  SINCE JUL 1   3015                      3650   -635     2763

 COOLING
  TODAY            0                         0      0        0
  MONTH TO DATE    0                         0      0        0
  SINCE DEC 1      0                         0      0        0
  SINCE JAN 1      0                         0      0        0
..................................................................


WIND (MPH)
  HIGHEST WIND SPEED    20   HIGHEST WIND DIRECTION     W (290)
  HIGHEST GUST SPEED    24   HIGHEST GUST DIRECTION     W (290)


SKY COVER
  POSSIBLE SUNSHINE  MM
  AVERAGE SKY COVER 0.6


WEATHER CONDITIONS
 THE FOLLOWING WEATHER WAS RECORDED TODAY.
  LIGHT SNOW


RELATIVE HUMIDITY (PERCENT)
 HIGHEST    73           500 AM
 LOWEST     55           200 PM
 AVERAGE    64

..........................................................


THE AKRON CANTON OH CLIMATE NORMALS FOR TOMORROW
                         NORMAL    RECORD    YEAR
 MAXIMUM TEMPERATURE (F)   34        64      1890
 MINIMUM TEMPERATURE (F)   20        -8      1996


SUNRISE AND SUNSET
FEBRUARY  3 2017......SUNRISE   734 AM EST   SUNSET   546 PM EST
FEBRUARY  4 2017......SUNRISE   733 AM EST   SUNSET   547 PM EST


-  INDICATES NEGATIVE NUMBERS.
R  INDICATES RECORD WAS SET OR TIED.
MM INDICATES DATA IS MISSING.
T  INDICATES TRACE AMOUNT.




$$
