000
CDUS41 KCLE 140526
CLICAK


CLIMATE REPORT
NATIONAL WEATHER SERVICE CLEVELAND OH
125 AM EDT SUN AUG 14 2016


...................................

...THE AKRON CANTON OH CLIMATE SUMMARY FOR AUGUST 13 2016...

CLIMATE NORMAL PERIOD 1981 TO 2010
CLIMATE RECORD PERIOD 1887 TO 2016


WEATHER ITEM   OBSERVED TIME   RECORD YEAR NORMAL DEPARTURE LAST
                VALUE   (LST)  VALUE       VALUE  FROM      YEAR
                                                  NORMAL
..................................................................
TEMPERATURE (F)
 YESTERDAY
  MAXIMUM         93    120 PM  97    1918  81     12       81
  MINIMUM         72    931 PM  45    1941  61     11       53
  AVERAGE         83                        71     12       67

PRECIPITATION (IN)
  YESTERDAY        0.22                      0.11   0.11     0.00
  MONTH TO DATE    1.04                      1.54  -0.50     0.06
  SINCE JUN 1      6.61                      9.45  -2.84    12.23
  SINCE JAN 1     21.28                     25.18  -3.90    28.64

SNOWFALL (IN)
  YESTERDAY        0.0                       0.0    0.0      0.0
  MONTH TO DATE    0.0                       0.0    0.0      0.0
  SINCE JUN 1      0.0                       0.0    0.0      0.0
  SINCE JUL 1      0.0                       0.0    0.0      0.0
  SNOW DEPTH       0

DEGREE DAYS
 HEATING
  YESTERDAY        0                         0      0        0
  MONTH TO DATE    0                         0      0        0
  SINCE JUN 1     22                        55    -33       25
  SINCE JUL 1      3                         6     -3        0

 COOLING
  YESTERDAY       18                         6     12        2
  MONTH TO DATE  178                        87     91       84
  SINCE JUN 1    701                       444    257      510
  SINCE JAN 1    762                       486    276      654
..................................................................


WIND (MPH)
  HIGHEST WIND SPEED    28   HIGHEST WIND DIRECTION    SW (230)
  HIGHEST GUST SPEED    35   HIGHEST GUST DIRECTION    SW (240)
  AVERAGE WIND SPEED    11.3


SKY COVER
  POSSIBLE SUNSHINE  MM
  AVERAGE SKY COVER 0.8


WEATHER CONDITIONS
 THE FOLLOWING WEATHER WAS RECORDED YESTERDAY.
  THUNDERSTORM
  RAIN
  LIGHT RAIN
  FOG


RELATIVE HUMIDITY (PERCENT)
 HIGHEST    93          1100 PM
 LOWEST     47           300 PM
 AVERAGE    70

..........................................................


THE AKRON CANTON OH CLIMATE NORMALS FOR TODAY
                         NORMAL    RECORD    YEAR
 MAXIMUM TEMPERATURE (F)   81        94      1944
 MINIMUM TEMPERATURE (F)   61        45      1964


SUNRISE AND SUNSET
AUGUST 14 2016........SUNRISE   635 AM EDT   SUNSET   825 PM EDT
AUGUST 15 2016........SUNRISE   636 AM EDT   SUNSET   823 PM EDT


-  INDICATES NEGATIVE NUMBERS.
R  INDICATES RECORD WAS SET OR TIED.
MM INDICATES DATA IS MISSING.
T  INDICATES TRACE AMOUNT.




$$
