000
CDUS41 KCLE 200536
CLICAK


CLIMATE REPORT
NATIONAL WEATHER SERVICE CLEVELAND OH
125 AM EDT THU APR 20 2017


...................................

...THE AKRON CANTON OH CLIMATE SUMMARY FOR APRIL 19 2017...

CLIMATE NORMAL PERIOD 1981 TO 2010
CLIMATE RECORD PERIOD 1887 TO 2017


WEATHER ITEM   OBSERVED TIME   RECORD YEAR NORMAL DEPARTURE LAST
                VALUE   (LST)  VALUE       VALUE  FROM      YEAR
                                                  NORMAL
..................................................................
TEMPERATURE (F)
 YESTERDAY
  MAXIMUM         75    448 PM  85    1941  61     14       68
  MINIMUM         60   1159 PM  22    1983  40     20       48
  AVERAGE         68                        51     17       58

PRECIPITATION (IN)
  YESTERDAY        1.70                      0.12   1.58     0.00
  MONTH TO DATE    3.07                      2.28   0.79     2.03
  SINCE MAR 1      8.60                      5.26   3.34     6.61
  SINCE JAN 1     17.11                     10.18   6.93    11.20

SNOWFALL (IN)
  YESTERDAY        0.0                       0.0    0.0      0.0
  MONTH TO DATE    2.5                       2.4    0.1      5.1
  SINCE MAR 1     16.0                      10.6    5.4      7.5
  SINCE JUL 1     37.2                      47.1   -9.9     30.2
  SNOW DEPTH       0

DEGREE DAYS
 HEATING
  YESTERDAY        0                        15    -15        7
  MONTH TO DATE  204                       340   -136      385
  SINCE MAR 1   1007                      1191   -184      987
  SINCE JUL 1   4607                      5735  -1128     4634

 COOLING
  YESTERDAY        3                         0      3        0
  MONTH TO DATE   12                         0     12        0
  SINCE MAR 1     12                         0     12        0
  SINCE JAN 1     14                         0     14        0
..................................................................


WIND (MPH)
  HIGHEST WIND SPEED    25   HIGHEST WIND DIRECTION    NW (300)
  HIGHEST GUST SPEED    48   HIGHEST GUST DIRECTION    SW (230)
  AVERAGE WIND SPEED    12.1


SKY COVER
  POSSIBLE SUNSHINE  MM
  AVERAGE SKY COVER 1.0


WEATHER CONDITIONS
 THE FOLLOWING WEATHER WAS RECORDED YESTERDAY.
  THUNDERSTORM
  HEAVY RAIN
  RAIN
  LIGHT RAIN
  FOG
  HAZE


RELATIVE HUMIDITY (PERCENT)
 HIGHEST    90          1100 PM
 LOWEST     36           100 AM
 AVERAGE    63

..........................................................


THE AKRON CANTON OH CLIMATE NORMALS FOR TODAY
                         NORMAL    RECORD    YEAR
 MAXIMUM TEMPERATURE (F)   62        82      1985
                                             1915
 MINIMUM TEMPERATURE (F)   40        22      1904


SUNRISE AND SUNSET
APRIL 20 2017.........SUNRISE   639 AM EDT   SUNSET   811 PM EDT
APRIL 21 2017.........SUNRISE   637 AM EDT   SUNSET   812 PM EDT


-  INDICATES NEGATIVE NUMBERS.
R  INDICATES RECORD WAS SET OR TIED.
MM INDICATES DATA IS MISSING.
T  INDICATES TRACE AMOUNT.




$$
