000
CDUS41 KCLE 300545
CLICAK


CLIMATE REPORT
NATIONAL WEATHER SERVICE CLEVELAND OH
145 AM EDT MON JUN 30 2014


...................................

...THE AKRON CANTON OH CLIMATE SUMMARY FOR JUNE 29 2014...

CLIMATE NORMAL PERIOD 1981 TO 2010
CLIMATE RECORD PERIOD 1887 TO 2014


WEATHER ITEM   OBSERVED TIME   RECORD YEAR NORMAL DEPARTURE LAST
                VALUE   (LST)  VALUE       VALUE  FROM      YEAR
                                                  NORMAL
..................................................................
TEMPERATURE (F)
 YESTERDAY
  MAXIMUM         87    344 PM  98    1952  81      6       80
                                      1934
  MINIMUM         72   1159 PM  47    1905  61     11       60
  AVERAGE         80                        71      9       70

PRECIPITATION (IN)
  YESTERDAY        0.00                      0.12  -0.12     0.08
  MONTH TO DATE    8.91                      3.70   5.21     5.91
  SINCE JUN 1      8.91                      3.70   5.21     5.91
  SINCE JAN 1     25.54                     19.43   6.11    18.17

SNOWFALL (IN)
  YESTERDAY        0.0                       0.0    0.0      0.0
  MONTH TO DATE    0.0                       0.0    0.0      0.0
  SINCE JUN 1      0.0                       0.0    0.0      0.0
  SINCE JUL 1     69.9                      47.5   22.4     47.2
  SNOW DEPTH       0

DEGREE DAYS
 HEATING
  YESTERDAY        0                         0      0        0
  MONTH TO DATE   15                        51    -36       27
  SINCE JUN 1     15                        51    -36       27
  SINCE JUL 1   6422                      6152    270     5829

 COOLING
  YESTERDAY       15                         7      8        5
  MONTH TO DATE  170                       128     42      154
  SINCE JUN 1    170                       128     42      154
  SINCE JAN 1    246                       170     76      260
..................................................................


WIND (MPH)
  HIGHEST WIND SPEED    17   HIGHEST WIND DIRECTION     W (250)
  HIGHEST GUST SPEED    17   HIGHEST GUST DIRECTION     W (250)
  AVERAGE WIND SPEED     8.8


SKY COVER
  POSSIBLE SUNSHINE  MM
  AVERAGE SKY COVER 0.8


WEATHER CONDITIONS
 THE FOLLOWING WEATHER WAS RECORDED YESTERDAY.
  THUNDERSTORM
  LIGHT RAIN
  FOG
  FOG W/VISIBILITY <= 1/4 MILE
  HAZE


RELATIVE HUMIDITY (PERCENT)
 HIGHEST   100           900 PM
 LOWEST     53           300 PM
 AVERAGE    77

..........................................................


THE AKRON CANTON OH CLIMATE NORMALS FOR TODAY
                         NORMAL    RECORD    YEAR
 MAXIMUM TEMPERATURE (F)   81        96      1913
 MINIMUM TEMPERATURE (F)   61        46      1899


SUNRISE AND SUNSET
JUNE 30 2014..........SUNRISE   557 AM EDT   SUNSET   902 PM EDT
JULY  1 2014..........SUNRISE   558 AM EDT   SUNSET   901 PM EDT


-  INDICATES NEGATIVE NUMBERS.
R  INDICATES RECORD WAS SET OR TIED.
MM INDICATES DATA IS MISSING.
T  INDICATES TRACE AMOUNT.




$$
