802
CDUS41 KCLE 120545
CLICAK


CLIMATE REPORT
NATIONAL WEATHER SERVICE CLEVELAND OH
145 AM EDT SAT AUG 12 2017


...................................

...THE AKRON CANTON OH CLIMATE SUMMARY FOR AUGUST 11 2017...

CLIMATE NORMAL PERIOD 1981 TO 2010
CLIMATE RECORD PERIOD 1887 TO 2017


WEATHER ITEM   OBSERVED TIME   RECORD YEAR NORMAL DEPARTURE LAST
                VALUE   (LST)  VALUE       VALUE  FROM      YEAR
                                                  NORMAL
..................................................................
TEMPERATURE (F)
 YESTERDAY
  MAXIMUM         77   1200 PM  96    1944  81     -4       95
                                      1918
  MINIMUM         65   1159 PM  49    1965  61      4       72
                                      1919
  AVERAGE         71                        71      0       84

PRECIPITATION (IN)
  YESTERDAY        0.17                      0.11   0.06     0.68
  MONTH TO DATE    0.47                      1.32  -0.85     0.72
  SINCE JUN 1      8.27                      9.23  -0.96     6.29
  SINCE JAN 1     34.39                     24.96   9.43    20.96

SNOWFALL (IN)
  YESTERDAY        0.0                       0.0    0.0      0.0
  MONTH TO DATE    0.0                       0.0    0.0      0.0
  SINCE JUN 1      0.0                       0.0    0.0      0.0
  SINCE JUL 1      0.0                       0.0    0.0      0.0
  SNOW DEPTH       0

DEGREE DAYS
 HEATING
  YESTERDAY        0                         0      0        0
  MONTH TO DATE    0                         0      0        0
  SINCE JUN 1     23                        55    -32       22
  SINCE JUL 1      0                         6     -6        3

 COOLING
  YESTERDAY        6                         6      0       19
  MONTH TO DATE   71                        75     -4      141
  SINCE JUN 1    550                       432    118      664
  SINCE JAN 1    614                       474    140      725
..................................................................


WIND (MPH)
  HIGHEST WIND SPEED    14   HIGHEST WIND DIRECTION     S (170)
  HIGHEST GUST SPEED    17   HIGHEST GUST DIRECTION     S (200)
  AVERAGE WIND SPEED     7.5


SKY COVER
  POSSIBLE SUNSHINE  MM
  AVERAGE SKY COVER 0.9


WEATHER CONDITIONS
 THE FOLLOWING WEATHER WAS RECORDED YESTERDAY.
  THUNDERSTORM
  RAIN
  LIGHT RAIN
  FOG
  HAZE


RELATIVE HUMIDITY (PERCENT)
 HIGHEST    93          1000 PM
 LOWEST     64          1200 PM
 AVERAGE    79

..........................................................


THE AKRON CANTON OH CLIMATE NORMALS FOR TODAY
                         NORMAL    RECORD    YEAR
 MAXIMUM TEMPERATURE (F)   81        93      1947
                                             1944
 MINIMUM TEMPERATURE (F)   61        48      1967
                                             1930
                                             1889


SUNRISE AND SUNSET
AUGUST 12 2017........SUNRISE   633 AM EDT   SUNSET   828 PM EDT
AUGUST 13 2017........SUNRISE   634 AM EDT   SUNSET   826 PM EDT


-  INDICATES NEGATIVE NUMBERS.
R  INDICATES RECORD WAS SET OR TIED.
MM INDICATES DATA IS MISSING.
T  INDICATES TRACE AMOUNT.




$$
