300
CDUS41 KCLE 170545
CLICAK


CLIMATE REPORT
NATIONAL WEATHER SERVICE CLEVELAND OH
145 AM EDT THU AUG 17 2017


...................................

...THE AKRON CANTON OH CLIMATE SUMMARY FOR AUGUST 16 2017...

CLIMATE NORMAL PERIOD 1981 TO 2010
CLIMATE RECORD PERIOD 1887 TO 2017


WEATHER ITEM   OBSERVED TIME   RECORD YEAR NORMAL DEPARTURE LAST
                VALUE   (LST)  VALUE       VALUE  FROM      YEAR
                                                  NORMAL
..................................................................
TEMPERATURE (F)
 YESTERDAY
  MAXIMUM         88    328 PM  93    1965  81      7       87
                                      1944
  MINIMUM         61    417 AM  44    1979  61      0       71
  AVERAGE         75                        71      4       79

PRECIPITATION (IN)
  YESTERDAY        0.00                      0.11  -0.11     0.64
  MONTH TO DATE    0.47                      1.87  -1.40     2.09
  SINCE JUN 1      8.27                      9.78  -1.51     7.66
  SINCE JAN 1     34.39                     25.51   8.88    22.33

SNOWFALL (IN)
  YESTERDAY        0.0                       0.0    0.0      0.0
  MONTH TO DATE    0.0                       0.0    0.0      0.0
  SINCE JUN 1      0.0                       0.0    0.0      0.0
  SINCE JUL 1      0.0                       0.0    0.0      0.0
  SNOW DEPTH       0

DEGREE DAYS
 HEATING
  YESTERDAY        0                         0      0        0
  MONTH TO DATE    0                         0      0        0
  SINCE JUN 1     23                        55    -32       22
  SINCE JUL 1      0                         6     -6        3

 COOLING
  YESTERDAY       10                         6      4       14
  MONTH TO DATE  109                       105      4      212
  SINCE JUN 1    588                       462    126      735
  SINCE JAN 1    652                       504    148      796
..................................................................


WIND (MPH)
  HIGHEST WIND SPEED    13   HIGHEST WIND DIRECTION     E (90)
  HIGHEST GUST SPEED    17   HIGHEST GUST DIRECTION     W (290)
  AVERAGE WIND SPEED     4.6


SKY COVER
  POSSIBLE SUNSHINE  MM
  AVERAGE SKY COVER 0.3


WEATHER CONDITIONS
 THE FOLLOWING WEATHER WAS RECORDED YESTERDAY.
  FOG
  HAZE


RELATIVE HUMIDITY (PERCENT)
 HIGHEST    87           200 AM
 LOWEST     39           300 PM
 AVERAGE    63

..........................................................


THE AKRON CANTON OH CLIMATE NORMALS FOR TODAY
                         NORMAL    RECORD    YEAR
 MAXIMUM TEMPERATURE (F)   80        97      1988
 MINIMUM TEMPERATURE (F)   61        46      1902


SUNRISE AND SUNSET
AUGUST 17 2017........SUNRISE   638 AM EDT   SUNSET   821 PM EDT
AUGUST 18 2017........SUNRISE   639 AM EDT   SUNSET   819 PM EDT


-  INDICATES NEGATIVE NUMBERS.
R  INDICATES RECORD WAS SET OR TIED.
MM INDICATES DATA IS MISSING.
T  INDICATES TRACE AMOUNT.




$$
