000
CDUS41 KCLE 240525
CLICAK


CLIMATE REPORT
NATIONAL WEATHER SERVICE CLEVELAND OH
125 AM EDT WED JUN 24 2015


...................................

...THE AKRON CANTON OH CLIMATE SUMMARY FOR JUNE 23 2015...

CLIMATE NORMAL PERIOD 1981 TO 2010
CLIMATE RECORD PERIOD 1887 TO 2015


WEATHER ITEM   OBSERVED TIME   RECORD YEAR NORMAL DEPARTURE LAST
                VALUE   (LST)  VALUE       VALUE  FROM      YEAR
                                                  NORMAL
..................................................................
TEMPERATURE (F)
 YESTERDAY
  MAXIMUM         85    152 PM  94    1923  80      5       87
  MINIMUM         63   1153 PM  43    1902  60      3       62
  AVERAGE         74                        70      4       75

PRECIPITATION (IN)
  YESTERDAY        0.17                      0.13   0.04     0.35
  MONTH TO DATE    5.91                      2.94   2.97     7.97
  SINCE JUN 1      5.91                      2.94   2.97     7.97
  SINCE JAN 1     22.32                     18.67   3.65    24.60

SNOWFALL (IN)
  YESTERDAY        0.0                       0.0    0.0      0.0
  MONTH TO DATE    0.0                       0.0    0.0      0.0
  SINCE JUN 1      0.0                       0.0    0.0      0.0
  SINCE JUL 1     59.8                      47.5   12.3     69.9
  SNOW DEPTH       0

DEGREE DAYS
 HEATING
  YESTERDAY        0                         1     -1        0
  MONTH TO DATE   21                        46    -25       15
  SINCE JUN 1     21                        46    -25       15
  SINCE JUL 1   6297                      6147    150     6422

 COOLING
  YESTERDAY        9                         6      3       10
  MONTH TO DATE  162                        91     71      110
  SINCE JUN 1    162                        91     71      110
  SINCE JAN 1    306                       133    173      186
..................................................................


WIND (MPH)
  HIGHEST WIND SPEED    22   HIGHEST WIND DIRECTION    NW (330)
  HIGHEST GUST SPEED    31   HIGHEST GUST DIRECTION    NW (320)
  AVERAGE WIND SPEED    10.8


SKY COVER
  POSSIBLE SUNSHINE  MM
  AVERAGE SKY COVER 0.5


WEATHER CONDITIONS
 THE FOLLOWING WEATHER WAS RECORDED YESTERDAY.
  THUNDERSTORM
  RAIN
  LIGHT RAIN
  FOG
  HAZE


RELATIVE HUMIDITY (PERCENT)
 HIGHEST    84          1100 PM
 LOWEST     40           300 PM
 AVERAGE    62

..........................................................


THE AKRON CANTON OH CLIMATE NORMALS FOR TODAY
                         NORMAL    RECORD    YEAR
 MAXIMUM TEMPERATURE (F)   80        95      1923
                                             1914
 MINIMUM TEMPERATURE (F)   60        42      1915


SUNRISE AND SUNSET
JUNE 24 2015..........SUNRISE   555 AM EDT   SUNSET   901 PM EDT
JUNE 25 2015..........SUNRISE   555 AM EDT   SUNSET   902 PM EDT


-  INDICATES NEGATIVE NUMBERS.
R  INDICATES RECORD WAS SET OR TIED.
MM INDICATES DATA IS MISSING.
T  INDICATES TRACE AMOUNT.




$$
