000
CDUS41 KCLE 060541
CLICAK


CLIMATE REPORT
NATIONAL WEATHER SERVICE CLEVELAND OH
127 AM EDT SAT AUG 6 2016


...................................

...THE AKRON CANTON OH CLIMATE SUMMARY FOR AUGUST 5 2016...

CLIMATE NORMAL PERIOD 1981 TO 2010
CLIMATE RECORD PERIOD 1887 TO 2016


WEATHER ITEM   OBSERVED TIME   RECORD YEAR NORMAL DEPARTURE LAST
                VALUE   (LST)  VALUE       VALUE  FROM      YEAR
                                                  NORMAL
..................................................................
TEMPERATURE (F)
 YESTERDAY
  MAXIMUM         91    231 PM  98    1918  81     10       81
  MINIMUM         70    559 AM  46    1972  62      8       57
                                      1951
  AVERAGE         81                        71     10       69

PRECIPITATION (IN)
  YESTERDAY        0.00                      0.12  -0.12     0.00
  MONTH TO DATE    0.00                      0.61  -0.61      T
  SINCE JUN 1      5.57                      8.52  -2.95    12.17
  SINCE JAN 1     20.24                     24.25  -4.01    28.58

SNOWFALL (IN)
  YESTERDAY        0.0                       0.0    0.0      0.0
  MONTH TO DATE    0.0                       0.0    0.0      0.0
  SINCE JUN 1      0.0                       0.0    0.0      0.0
  SINCE JUL 1      0.0                       0.0    0.0      0.0
  SNOW DEPTH       0

DEGREE DAYS
 HEATING
  YESTERDAY        0                         0      0        0
  MONTH TO DATE    0                         0      0        0
  SINCE JUN 1     22                        55    -33       25
  SINCE JUL 1      3                         6     -3        0

 COOLING
  YESTERDAY       16                         7      9        4
  MONTH TO DATE   65                        35     30       38
  SINCE JUN 1    588                       392    196      464
  SINCE JAN 1    649                       434    215      608
..................................................................


WIND (MPH)
  HIGHEST WIND SPEED    17   HIGHEST WIND DIRECTION     S (200)
  HIGHEST GUST SPEED    22   HIGHEST GUST DIRECTION    SW (210)
  AVERAGE WIND SPEED     8.3


SKY COVER
  POSSIBLE SUNSHINE  MM
  AVERAGE SKY COVER 0.6


WEATHER CONDITIONS
 THE FOLLOWING WEATHER WAS RECORDED YESTERDAY.
  NO SIGNIFICANT WEATHER WAS OBSERVED.


RELATIVE HUMIDITY (PERCENT)
 HIGHEST    90           500 AM
 LOWEST     44           100 PM
 AVERAGE    67

..........................................................


THE AKRON CANTON OH CLIMATE NORMALS FOR TODAY
                         NORMAL    RECORD    YEAR
 MAXIMUM TEMPERATURE (F)   81       104      1918
 MINIMUM TEMPERATURE (F)   62        47      1948


SUNRISE AND SUNSET
AUGUST  6 2016........SUNRISE   627 AM EDT   SUNSET   835 PM EDT
AUGUST  7 2016........SUNRISE   628 AM EDT   SUNSET   834 PM EDT


-  INDICATES NEGATIVE NUMBERS.
R  INDICATES RECORD WAS SET OR TIED.
MM INDICATES DATA IS MISSING.
T  INDICATES TRACE AMOUNT.




$$
