000
CDUS41 KCLE 090525
CLICAK


CLIMATE REPORT
NATIONAL WEATHER SERVICE CLEVELAND OH
1225 AM EST THU NOV 9 2017


...................................

...THE AKRON CANTON OH CLIMATE SUMMARY FOR NOVEMBER 8 2017...

CLIMATE NORMAL PERIOD 1981 TO 2010
CLIMATE RECORD PERIOD 1887 TO 2017


WEATHER ITEM   OBSERVED TIME   RECORD YEAR NORMAL DEPARTURE LAST
                VALUE   (LST)  VALUE       VALUE  FROM      YEAR
                                                  NORMAL
..................................................................
TEMPERATURE (F)
 YESTERDAY
  MAXIMUM         51    330 PM  71    1916  53     -2       66
  MINIMUM         31    626 AM  18    1976  36     -5       43
  AVERAGE         41                        44     -3       55

PRECIPITATION (IN)
  YESTERDAY        0.00                      0.10  -0.10     0.29
  MONTH TO DATE    2.78                      0.86   1.92     0.33
  SINCE SEP 1      8.35                      7.14   1.21    10.63
  SINCE JAN 1     43.02                     34.34   8.68    34.23

SNOWFALL (IN)
  YESTERDAY        0.0                       0.0    0.0      0.0
  MONTH TO DATE    0.0                       0.4   -0.4      0.0
  SINCE SEP 1      0.0                       0.8   -0.8      0.0
  SINCE JUL 1      0.0                       0.8   -0.8      0.0
  SNOW DEPTH       0

DEGREE DAYS
 HEATING
  YESTERDAY       24                        21      3       10
  MONTH TO DATE  125                       156    -31       77
  SINCE SEP 1    430                       691   -261      384
  SINCE JUL 1    436                       711   -275      387

 COOLING
  YESTERDAY        0                         0      0        0
  MONTH TO DATE    0                         0      0        3
  SINCE SEP 1    184                        70    114      179
  SINCE JAN 1    926                       652    274     1133
..................................................................


WIND (MPH)
  HIGHEST WIND SPEED    13   HIGHEST WIND DIRECTION     E (100)
  HIGHEST GUST SPEED    16   HIGHEST GUST DIRECTION     E (100)
  AVERAGE WIND SPEED     5.5


SKY COVER
  POSSIBLE SUNSHINE  MM
  AVERAGE SKY COVER 0.2


WEATHER CONDITIONS
 THE FOLLOWING WEATHER WAS RECORDED YESTERDAY.
  NO SIGNIFICANT WEATHER WAS OBSERVED.


RELATIVE HUMIDITY (PERCENT)
 HIGHEST    82           200 AM
 LOWEST     41           300 PM
 AVERAGE    62

..........................................................


THE AKRON CANTON OH CLIMATE NORMALS FOR TODAY
                         NORMAL    RECORD    YEAR
 MAXIMUM TEMPERATURE (F)   52        75      1975
 MINIMUM TEMPERATURE (F)   36        18      1991


SUNRISE AND SUNSET
NOVEMBER  9 2017......SUNRISE   706 AM EST   SUNSET   513 PM EST
NOVEMBER 10 2017......SUNRISE   707 AM EST   SUNSET   512 PM EST


-  INDICATES NEGATIVE NUMBERS.
R  INDICATES RECORD WAS SET OR TIED.
MM INDICATES DATA IS MISSING.
T  INDICATES TRACE AMOUNT.




$$
