000
CDUS41 KCLE 200531
CLICAK


CLIMATE REPORT
NATIONAL WEATHER SERVICE CLEVELAND OH
1230 AM EST FRI FEB 20 2015


...................................

...THE AKRON CANTON OH CLIMATE SUMMARY FOR FEBRUARY 19 2015...

CLIMATE NORMAL PERIOD 1981 TO 2010
CLIMATE RECORD PERIOD 1887 TO 2015


WEATHER ITEM   OBSERVED TIME   RECORD YEAR NORMAL DEPARTURE LAST
                VALUE   (LST)  VALUE       VALUE  FROM      YEAR
                                                  NORMAL
..................................................................
TEMPERATURE (F)
 YESTERDAY
  MAXIMUM          7   1203 AM  65    1939  38    -31       46
  MINIMUM         -6   1134 PM  -9    1936  22    -28       27
  AVERAGE          1                        30    -29       37

PRECIPITATION (IN)
  YESTERDAY        T                         0.08  -0.08     0.00
  MONTH TO DATE    1.49                      1.54  -0.05     1.20
  SINCE DEC 1      7.29                      6.99   0.30     6.61
  SINCE JAN 1      4.98                      4.15   0.83     3.12

SNOWFALL (IN)
  YESTERDAY        0.1                       0.4   -0.3      0.0
  MONTH TO DATE   15.4                       7.0    8.4     15.1
  SINCE DEC 1     37.2                      29.6    7.6     46.7
  SINCE JUL 1     45.2                      33.0   12.2     57.4
  SNOW DEPTH       7

DEGREE DAYS
 HEATING
  YESTERDAY       64                        35     29       28
  MONTH TO DATE  893                       702    191      834
  SINCE DEC 1   3080                      2979    101     3229
  SINCE JUL 1   4363                      4238    125     4479

 COOLING
  YESTERDAY        0                         0      0        0
  MONTH TO DATE    0                         0      0        0
  SINCE DEC 1      0                         0      0        0
  SINCE JAN 1      0                         0      0        0
..................................................................


WIND (MPH)
  HIGHEST WIND SPEED    25   HIGHEST WIND DIRECTION    NW (300)
  HIGHEST GUST SPEED    33   HIGHEST GUST DIRECTION     W (290)
  AVERAGE WIND SPEED    12.8


SKY COVER
  POSSIBLE SUNSHINE  MM
  AVERAGE SKY COVER 0.7


WEATHER CONDITIONS
 THE FOLLOWING WEATHER WAS RECORDED YESTERDAY.
  LIGHT SNOW
  HAZE
  BLOWING SNOW


RELATIVE HUMIDITY (PERCENT)
 HIGHEST    80          1200 AM
 LOWEST     46           400 PM
 AVERAGE    63

..........................................................


THE AKRON CANTON OH CLIMATE NORMALS FOR TODAY
                         NORMAL    RECORD    YEAR
 MAXIMUM TEMPERATURE (F)   38        66      1930
 MINIMUM TEMPERATURE (F)   22        -7      1936


SUNRISE AND SUNSET
FEBRUARY 20 2015......SUNRISE   713 AM EST   SUNSET   606 PM EST
FEBRUARY 21 2015......SUNRISE   712 AM EST   SUNSET   607 PM EST


-  INDICATES NEGATIVE NUMBERS.
R  INDICATES RECORD WAS SET OR TIED.
MM INDICATES DATA IS MISSING.
T  INDICATES TRACE AMOUNT.




$$
