000
CDUS41 KCLE 080526
CLICAK


CLIMATE REPORT
NATIONAL WEATHER SERVICE CLEVELAND OH
126 AM EDT SAT JUL 8 2017


...................................

...THE AKRON CANTON OH CLIMATE SUMMARY FOR JULY 7 2017...

CLIMATE NORMAL PERIOD 1981 TO 2010
CLIMATE RECORD PERIOD 1887 TO 2017


WEATHER ITEM   OBSERVED TIME   RECORD YEAR NORMAL DEPARTURE LAST
                VALUE   (LST)  VALUE       VALUE  FROM      YEAR
                                                  NORMAL
..................................................................
TEMPERATURE (F)
 YESTERDAY
  MAXIMUM         82   1202 PM 101    2012  82      0       90
  MINIMUM         65    413 AM  47    1990  62      3       67
  AVERAGE         74                        72      2       79

PRECIPITATION (IN)
  YESTERDAY        0.12                      0.13  -0.01      T
  MONTH TO DATE    0.35                      0.91  -0.56     0.07
  SINCE JUN 1      5.08                      4.74   0.34     3.58
  SINCE JAN 1     31.20                     20.47  10.73    18.25

SNOWFALL (IN)
  YESTERDAY        0.0                       0.0    0.0      0.0
  MONTH TO DATE    0.0                       0.0    0.0      0.0
  SINCE JUN 1      0.0                       0.0    0.0      0.0
  SINCE JUL 1      0.0                       0.0    0.0      0.0
  SNOW DEPTH       0

DEGREE DAYS
 HEATING
  YESTERDAY        0                         0      0        0
  MONTH TO DATE    0                         0      0        3
  SINCE JUN 1     23                        49    -26       22
  SINCE JUL 1      0                         0      0        3

 COOLING
  YESTERDAY        9                         7      2       14
  MONTH TO DATE   65                        49     16       44
  SINCE JUN 1    254                       184     70      238
  SINCE JAN 1    318                       226     92      299
..................................................................


WIND (MPH)
  HIGHEST WIND SPEED    21   HIGHEST WIND DIRECTION    NW (320)
  HIGHEST GUST SPEED    30   HIGHEST GUST DIRECTION    NW (310)
  AVERAGE WIND SPEED     8.4


SKY COVER
  POSSIBLE SUNSHINE  MM
  AVERAGE SKY COVER 0.6


WEATHER CONDITIONS
 THE FOLLOWING WEATHER WAS RECORDED YESTERDAY.
  THUNDERSTORM
  LIGHT RAIN
  FOG
  HAZE


RELATIVE HUMIDITY (PERCENT)
 HIGHEST    93           500 AM
 LOWEST     58          1200 PM
 AVERAGE    76

..........................................................


THE AKRON CANTON OH CLIMATE NORMALS FOR TODAY
                         NORMAL    RECORD    YEAR
 MAXIMUM TEMPERATURE (F)   82        99      1988
 MINIMUM TEMPERATURE (F)   62        47      1954


SUNRISE AND SUNSET
JULY  8 2017..........SUNRISE   602 AM EDT   SUNSET   900 PM EDT
JULY  9 2017..........SUNRISE   603 AM EDT   SUNSET   859 PM EDT


-  INDICATES NEGATIVE NUMBERS.
R  INDICATES RECORD WAS SET OR TIED.
MM INDICATES DATA IS MISSING.
T  INDICATES TRACE AMOUNT.




$$
