000
CDUS41 KCLE 132121
CLICAK


CLIMATE REPORT
NATIONAL WEATHER SERVICE CLEVELAND OH
521 PM EDT SAT SEP 13 2014


...................................

...THE AKRON CANTON OH CLIMATE SUMMARY FOR SEPTEMBER 13 2014...
VALID TODAY AS OF 0500 PM LOCAL TIME.

CLIMATE NORMAL PERIOD 1981 TO 2010
CLIMATE RECORD PERIOD 1887 TO 2014


WEATHER ITEM   OBSERVED TIME   RECORD YEAR NORMAL DEPARTURE LAST
                VALUE   (LST)  VALUE       VALUE  FROM      YEAR
                                                  NORMAL
..................................................................
TEMPERATURE (F)
 TODAY
  MAXIMUM         65    211 PM  93    1897  74     -9       62
  MINIMUM         54   1210 AM  37    1975  54      0       51
  AVERAGE         60                        64     -4       57

PRECIPITATION (IN)
  TODAY            T                         0.12  -0.12     0.07
  MONTH TO DATE    0.68                      1.54  -0.86     1.52
  SINCE SEP 1      0.68                      1.54  -0.86     1.52
  SINCE JAN 1     36.47                     28.74   7.73    28.59

SNOWFALL (IN)
  TODAY            0.0                       0.0    0.0      0.0
  MONTH TO DATE    0.0                       0.0    0.0      0.0
  SINCE SEP 1      0.0                       0.0    0.0      0.0
  SINCE JUL 1      0.0                       0.0    0.0      0.0
  SNOW DEPTH       0

DEGREE DAYS
 HEATING
  TODAY            5                         3      2        8
  MONTH TO DATE   13                        23    -10       17
  SINCE SEP 1     13                        23    -10       17
  SINCE JUL 1     29                        43    -14       30

 COOLING
  TODAY            0                         2     -2        0
  MONTH TO DATE   69                        42     27       64
  SINCE SEP 1     69                        42     27       64
  SINCE JAN 1    705                       624     81      788
..................................................................


WIND (MPH)
  HIGHEST WIND SPEED    20   HIGHEST WIND DIRECTION     W (290)
  HIGHEST GUST SPEED    26   HIGHEST GUST DIRECTION     W (280)


SKY COVER
  POSSIBLE SUNSHINE  MM
  AVERAGE SKY COVER 0.9


WEATHER CONDITIONS
 THE FOLLOWING WEATHER WAS RECORDED TODAY.
  NO SIGNIFICANT WEATHER WAS OBSERVED.


RELATIVE HUMIDITY (PERCENT)
 HIGHEST    86           200 AM
 LOWEST     48           100 PM
 AVERAGE    67

..........................................................


THE AKRON CANTON OH CLIMATE NORMALS FOR TOMORROW
                         NORMAL    RECORD    YEAR
 MAXIMUM TEMPERATURE (F)   74        97      1939
 MINIMUM TEMPERATURE (F)   54        36      1902


SUNRISE AND SUNSET
SEPTEMBER 13 2014.....SUNRISE   704 AM EDT   SUNSET   738 PM EDT
SEPTEMBER 14 2014.....SUNRISE   705 AM EDT   SUNSET   736 PM EDT


-  INDICATES NEGATIVE NUMBERS.
R  INDICATES RECORD WAS SET OR TIED.
MM INDICATES DATA IS MISSING.
T  INDICATES TRACE AMOUNT.




$$
