059
CDUS41 KCLE 090528
CLICAK


CLIMATE REPORT
NATIONAL WEATHER SERVICE CLEVELAND OH
1227 AM EST TUE JAN 9 2018


...................................

...THE AKRON CANTON OH CLIMATE SUMMARY FOR JANUARY 8 2018...

CLIMATE NORMAL PERIOD 1981 TO 2010
CLIMATE RECORD PERIOD 1887 TO 2018


WEATHER ITEM   OBSERVED TIME   RECORD YEAR NORMAL DEPARTURE LAST
                VALUE   (LST)  VALUE       VALUE  FROM      YEAR
                                                  NORMAL
..................................................................
TEMPERATURE (F)
 YESTERDAY
  MAXIMUM         35   1100 PM  64    2008  33      2       16
  MINIMUM         28   1205 AM -10    1942  19      9        6
  AVERAGE         32                        26      6       11

PRECIPITATION (IN)
  YESTERDAY        0.21                      0.08   0.13      T
  MONTH TO DATE    0.26                      0.70  -0.44     1.25
  SINCE DEC 1      2.16                      3.54  -1.38     4.25
  SINCE JAN 1      0.26                      0.70  -0.44     1.25

SNOWFALL (IN)
  YESTERDAY        0.8                       0.4    0.4       T
  MONTH TO DATE    2.3                       3.1   -0.8      3.2
  SINCE DEC 1     16.3                      13.3    3.0     10.7
  SINCE JUL 1     16.4                      16.7   -0.3     12.8
  SNOW DEPTH       1

DEGREE DAYS
 HEATING
  YESTERDAY       33                        39     -6       54
  MONTH TO DATE  436                       310    126      330
  SINCE DEC 1   1564                      1381    183     1396
  SINCE JUL 1   2554                      2640    -86     2274

 COOLING
  YESTERDAY        0                         0      0        0
  MONTH TO DATE    0                         0      0        0
  SINCE DEC 1      0                         0      0        0
  SINCE JAN 1      0                         0      0        0
..................................................................


WIND (MPH)
  HIGHEST WIND SPEED    24   HIGHEST WIND DIRECTION    SW (210)
  HIGHEST GUST SPEED    30   HIGHEST GUST DIRECTION    SW (220)
  AVERAGE WIND SPEED    14.7


SKY COVER
  POSSIBLE SUNSHINE  MM
  AVERAGE SKY COVER 1.0


WEATHER CONDITIONS
 THE FOLLOWING WEATHER WAS RECORDED YESTERDAY.
  LIGHT RAIN
  LT FREEZING RAIN
  LIGHT SNOW
  SLEET
  FOG


RELATIVE HUMIDITY (PERCENT)
 HIGHEST    89          1200 PM
 LOWEST     39           100 AM
 AVERAGE    64

..........................................................


THE AKRON CANTON OH CLIMATE NORMALS FOR TODAY
                         NORMAL    RECORD    YEAR
 MAXIMUM TEMPERATURE (F)   33        63      1946
 MINIMUM TEMPERATURE (F)   19        -6      1979
                                             1970


SUNRISE AND SUNSET
JANUARY  9 2018.......SUNRISE   750 AM EST   SUNSET   516 PM EST
JANUARY 10 2018.......SUNRISE   750 AM EST   SUNSET   517 PM EST


-  INDICATES NEGATIVE NUMBERS.
R  INDICATES RECORD WAS SET OR TIED.
MM INDICATES DATA IS MISSING.
T  INDICATES TRACE AMOUNT.




$$
