000
CDUS41 KCLE 282213
CLICAK


CLIMATE REPORT
NATIONAL WEATHER SERVICE CLEVELAND OH
512 PM EST WED DEC 28 2016


...................................

...THE AKRON CANTON OH CLIMATE SUMMARY FOR DECEMBER 28 2016...
VALID TODAY AS OF 0500 PM LOCAL TIME.

CLIMATE NORMAL PERIOD 1981 TO 2010
CLIMATE RECORD PERIOD 1887 TO 2016


WEATHER ITEM   OBSERVED TIME   RECORD YEAR NORMAL DEPARTURE LAST
                VALUE   (LST)  VALUE       VALUE  FROM      YEAR
                                                  NORMAL
..................................................................
TEMPERATURE (F)
 TODAY
  MAXIMUM         39    359 PM  66    1982  34      5       46
  MINIMUM         31   1000 AM  -5    1924  21     10       34
  AVERAGE         35                        27      8       40

PRECIPITATION (IN)
  TODAY            0.00                      0.09  -0.09     0.40
  MONTH TO DATE    2.91                      2.58   0.33     3.60
  SINCE DEC 1      2.91                      2.58   0.33     3.60
  SINCE JAN 1     38.56                     39.36  -0.80    41.13

SNOWFALL (IN)
  TODAY            0.0                       0.4   -0.4       T
  MONTH TO DATE    6.7                       9.1   -2.4      0.2
  SINCE DEC 1      6.7                       9.1   -2.4      0.2
  SINCE JUL 1      8.8                      12.5   -3.7      0.2
  SNOW DEPTH       0

DEGREE DAYS
 HEATING
  TODAY           30                        38     -8       25
  MONTH TO DATE  968                       959      9      573
  SINCE DEC 1    968                       959      9      573
  SINCE JUL 1   1846                      2218   -372     1453

 COOLING
  TODAY            0                         0      0        0
  MONTH TO DATE    0                         0      0        0
  SINCE DEC 1      0                         0      0        0
  SINCE JAN 1   1133                       652    481      958
..................................................................


WIND (MPH)
  HIGHEST WIND SPEED    18   HIGHEST WIND DIRECTION     W (280)
  HIGHEST GUST SPEED    22   HIGHEST GUST DIRECTION     W (280)


SKY COVER
  POSSIBLE SUNSHINE  MM
  AVERAGE SKY COVER 0.7


WEATHER CONDITIONS
 THE FOLLOWING WEATHER WAS RECORDED TODAY.
  HAZE


RELATIVE HUMIDITY (PERCENT)
 HIGHEST    72           300 AM
 LOWEST     48           300 PM
 AVERAGE    60

..........................................................


THE AKRON CANTON OH CLIMATE NORMALS FOR TOMORROW
                         NORMAL    RECORD    YEAR
 MAXIMUM TEMPERATURE (F)   34        65      1889
 MINIMUM TEMPERATURE (F)   21        -5      1961
                                             1924


SUNRISE AND SUNSET
DECEMBER 28 2016......SUNRISE   750 AM EST   SUNSET   506 PM EST
DECEMBER 29 2016......SUNRISE   750 AM EST   SUNSET   506 PM EST


-  INDICATES NEGATIVE NUMBERS.
R  INDICATES RECORD WAS SET OR TIED.
MM INDICATES DATA IS MISSING.
T  INDICATES TRACE AMOUNT.




$$
