000
CDUS41 KCLE 090533
CLICAK


CLIMATE REPORT
NATIONAL WEATHER SERVICE CLEVELAND OH
132 AM EDT SAT AUG 9 2014


...................................

...THE AKRON CANTON OH CLIMATE SUMMARY FOR AUGUST 8 2014...

CLIMATE NORMAL PERIOD 1981 TO 2010
CLIMATE RECORD PERIOD 1887 TO 2014


WEATHER ITEM   OBSERVED TIME   RECORD YEAR NORMAL DEPARTURE LAST
                VALUE   (LST)  VALUE       VALUE  FROM      YEAR
                                                  NORMAL
..................................................................
TEMPERATURE (F)
 YESTERDAY
  MAXIMUM         79    221 PM  98    1931  81     -2       83
  MINIMUM         57    527 AM  48    1922  62     -5       71
  AVERAGE         68                        71     -3       77

PRECIPITATION (IN)
  YESTERDAY        0.00                      0.12  -0.12     0.07
  MONTH TO DATE    1.03                      0.97   0.06     0.92
  SINCE JUN 1     14.47                      8.88   5.59    13.94
  SINCE JAN 1     31.10                     24.61   6.49    26.20

SNOWFALL (IN)
  YESTERDAY        0.0                       0.0    0.0      0.0
  MONTH TO DATE    0.0                       0.0    0.0      0.0
  SINCE JUN 1      0.0                       0.0    0.0      0.0
  SINCE JUL 1      0.0                       0.0    0.0      0.0
  SNOW DEPTH       0

DEGREE DAYS
 HEATING
  YESTERDAY        0                         0      0        0
  MONTH TO DATE    0                         0      0        0
  SINCE JUN 1     25                        55    -30       32
  SINCE JUL 1     10                         6      4        5

 COOLING
  YESTERDAY        3                         7     -4       12
  MONTH TO DATE   45                        56    -11       40
  SINCE JUN 1    405                       413     -8      473
  SINCE JAN 1    481                       455     26      579
..................................................................


WIND (MPH)
  HIGHEST WIND SPEED    13   HIGHEST WIND DIRECTION     E (90)
  HIGHEST GUST SPEED    20   HIGHEST GUST DIRECTION     E (80)
  AVERAGE WIND SPEED     6.5


SKY COVER
  POSSIBLE SUNSHINE  MM
  AVERAGE SKY COVER 0.4


WEATHER CONDITIONS
 THE FOLLOWING WEATHER WAS RECORDED YESTERDAY.
  NO SIGNIFICANT WEATHER WAS OBSERVED.


RELATIVE HUMIDITY (PERCENT)
 HIGHEST    80           500 AM
 LOWEST     39           200 PM
 AVERAGE    60

..........................................................


THE AKRON CANTON OH CLIMATE NORMALS FOR TODAY
                         NORMAL    RECORD    YEAR
 MAXIMUM TEMPERATURE (F)   81        95      2001
 MINIMUM TEMPERATURE (F)   61        48      1922


SUNRISE AND SUNSET
AUGUST  9 2014........SUNRISE   630 AM EDT   SUNSET   832 PM EDT
AUGUST 10 2014........SUNRISE   631 AM EDT   SUNSET   831 PM EDT


-  INDICATES NEGATIVE NUMBERS.
R  INDICATES RECORD WAS SET OR TIED.
MM INDICATES DATA IS MISSING.
T  INDICATES TRACE AMOUNT.




$$
