000
CDUS41 KCLE 010544
CLICAK


CLIMATE REPORT
NATIONAL WEATHER SERVICE CLEVELAND OH
133 AM EDT SAT JUL 1 2017


...................................

...THE AKRON CANTON OH CLIMATE SUMMARY FOR JUNE 30 2017...

CLIMATE NORMAL PERIOD 1981 TO 2010
CLIMATE RECORD PERIOD 1887 TO 2017


WEATHER ITEM   OBSERVED TIME   RECORD YEAR NORMAL DEPARTURE LAST
                VALUE   (LST)  VALUE       VALUE  FROM      YEAR
                                                  NORMAL
..................................................................
TEMPERATURE (F)
 YESTERDAY
  MAXIMUM         86    429 PM  96    1913  81      5       81
  MINIMUM         68   1136 PM  46    1899  61      7       54
  AVERAGE         77                        71      6       68

PRECIPITATION (IN)
  YESTERDAY        1.09                      0.13   0.96     0.00
  MONTH TO DATE    4.73                      3.83   0.90     3.51
  SINCE JUN 1      4.73                      3.83   0.90     3.51
  SINCE JAN 1     30.85                     19.56  11.29    18.18

SNOWFALL (IN)
  YESTERDAY        0.0                       0.0    0.0      0.0
  MONTH TO DATE    0.0                       0.0    0.0      0.0
  SINCE JUN 1      0.0                       0.0    0.0      0.0
  SINCE JUL 1     37.2                      47.5  -10.3     30.2
  SNOW DEPTH       0

DEGREE DAYS
 HEATING
  YESTERDAY        0                         0      0        0
  MONTH TO DATE   23                        51    -28       19
  SINCE JUN 1     23                        49    -26       19
  SINCE JUL 1   4896                      6150  -1254     5000

 COOLING
  YESTERDAY       12                         7      5        3
  MONTH TO DATE  189                       135     54      194
  SINCE JUN 1    189                       135     54      194
  SINCE JAN 1    253                       177     76      255
..................................................................


WIND (MPH)
  HIGHEST WIND SPEED    35   HIGHEST WIND DIRECTION    SW (220)
  HIGHEST GUST SPEED    42   HIGHEST GUST DIRECTION    SW (220)
  AVERAGE WIND SPEED    10.2


SKY COVER
  POSSIBLE SUNSHINE  MM
  AVERAGE SKY COVER 0.8


WEATHER CONDITIONS
 THE FOLLOWING WEATHER WAS RECORDED YESTERDAY.
  THUNDERSTORM
  HEAVY RAIN
  RAIN
  LIGHT RAIN
  FOG


RELATIVE HUMIDITY (PERCENT)
 HIGHEST    90           800 PM
 LOWEST     55           200 PM
 AVERAGE    73

..........................................................


THE AKRON CANTON OH CLIMATE NORMALS FOR TODAY
                         NORMAL    RECORD    YEAR
 MAXIMUM TEMPERATURE (F)   82        97      1931
 MINIMUM TEMPERATURE (F)   61        43      1988


SUNRISE AND SUNSET
JULY  1 2017..........SUNRISE   558 AM EDT   SUNSET   901 PM EDT
JULY  2 2017..........SUNRISE   558 AM EDT   SUNSET   901 PM EDT


-  INDICATES NEGATIVE NUMBERS.
R  INDICATES RECORD WAS SET OR TIED.
MM INDICATES DATA IS MISSING.
T  INDICATES TRACE AMOUNT.




$$
