000
CDUS41 KCLE 160529
CLICAK


CLIMATE REPORT
NATIONAL WEATHER SERVICE CLEVELAND OH
1229 AM EST FRI JAN 16 2015


...................................

...THE AKRON CANTON OH CLIMATE SUMMARY FOR JANUARY 15 2015...

CLIMATE NORMAL PERIOD 1981 TO 2010
CLIMATE RECORD PERIOD 1887 TO 2015


WEATHER ITEM   OBSERVED TIME   RECORD YEAR NORMAL DEPARTURE LAST
                VALUE   (LST)  VALUE       VALUE  FROM      YEAR
                                                  NORMAL
..................................................................
TEMPERATURE (F)
 YESTERDAY
  MAXIMUM         30        MM  63    1932  33     -3       39
  MINIMUM         24        MM -11    1972  19      5       25
  AVERAGE         27                        26      1       32

PRECIPITATION (IN)
  YESTERDAY        0.00                      0.08  -0.08      T
  MONTH TO DATE    2.32                      1.29   1.03     1.36
  SINCE DEC 1      4.63                      4.13   0.50     4.85
  SINCE JAN 1      2.32                      1.29   1.03     1.36

SNOWFALL (IN)
  YESTERDAY        0.0                       0.4   -0.4       T
  MONTH TO DATE    9.3                       5.9    3.4      7.8
  SINCE DEC 1      9.8                      16.1   -6.3     20.3
  SINCE JUL 1     17.8                      19.5   -1.7     31.0
  SNOW DEPTH       3

DEGREE DAYS
 HEATING
  YESTERDAY       38                        39     -1       33
  MONTH TO DATE  663                       583     80      587
  SINCE DEC 1   1585                      1654    -69     1616
  SINCE JUL 1   2868                      2913    -45     2866

 COOLING
  YESTERDAY        0                         0      0        0
  MONTH TO DATE    0                         0      0        0
  SINCE DEC 1      0                         0      0        0
  SINCE JAN 1      0                         0      0        0
..................................................................


WIND (MPH)
  HIGHEST WIND SPEED    16   HIGHEST WIND DIRECTION    SW (240)
  HIGHEST GUST SPEED    23   HIGHEST GUST DIRECTION    SW (240)
  AVERAGE WIND SPEED     9.3


SKY COVER
  POSSIBLE SUNSHINE  MM
  AVERAGE SKY COVER 0.7


WEATHER CONDITIONS
 THE FOLLOWING WEATHER WAS RECORDED YESTERDAY.
  FOG
  HAZE


RELATIVE HUMIDITY (PERCENT)
 HIGHEST    84           500 AM
 LOWEST     46           500 PM
 AVERAGE    65

..........................................................


THE AKRON CANTON OH CLIMATE NORMALS FOR TODAY
                         NORMAL    RECORD    YEAR
 MAXIMUM TEMPERATURE (F)   33        55      1953
 MINIMUM TEMPERATURE (F)   19       -16      1982


SUNRISE AND SUNSET
JANUARY 16 2015.......SUNRISE   748 AM EST   SUNSET   523 PM EST
JANUARY 17 2015.......SUNRISE   747 AM EST   SUNSET   525 PM EST


-  INDICATES NEGATIVE NUMBERS.
R  INDICATES RECORD WAS SET OR TIED.
MM INDICATES DATA IS MISSING.
T  INDICATES TRACE AMOUNT.




$$
