359
CDUS41 KCLE 142126
CLICAK


CLIMATE REPORT
NATIONAL WEATHER SERVICE CLEVELAND OH
525 PM EDT WED JUN 14 2017


...................................

...THE AKRON CANTON OH CLIMATE SUMMARY FOR JUNE 14 2017...
VALID TODAY AS OF 0500 PM LOCAL TIME.

CLIMATE NORMAL PERIOD 1981 TO 2010
CLIMATE RECORD PERIOD 1887 TO 2017


WEATHER ITEM   OBSERVED TIME   RECORD YEAR NORMAL DEPARTURE LAST
                VALUE   (LST)  VALUE       VALUE  FROM      YEAR
                                                  NORMAL
..................................................................
TEMPERATURE (F)
 TODAY
  MAXIMUM         90    317 PM  93    1988  78     12       79
                                      1967
  MINIMUM         64    458 AM  43    1978  58      6       58
                                      1959
                                      1933
  AVERAGE         77                        68      9       69

PRECIPITATION (IN)
  TODAY            0.00                      0.12  -0.12     0.00
  MONTH TO DATE    0.60                      1.78  -1.18     0.74
  SINCE JUN 1      0.60                      1.78  -1.18     0.74
  SINCE JAN 1     26.72                     17.51   9.21    15.41

SNOWFALL (IN)
  TODAY            0.0                       0.0    0.0      0.0
  MONTH TO DATE    0.0                       0.0    0.0      0.0
  SINCE JUN 1      0.0                       0.0    0.0      0.0
  SINCE JUL 1     37.2                      47.5  -10.3     30.2
  SNOW DEPTH       0

DEGREE DAYS
 HEATING
  TODAY            0                         2     -2        0
  MONTH TO DATE   18                        37    -19       17
  SINCE JUN 1     18                        37    -19       17
  SINCE JUL 1   4891                      6138  -1247     4998

 COOLING
  TODAY           12                         4      8        4
  MONTH TO DATE   73                        45     28       69
  SINCE JUN 1     73                        45     28       69
  SINCE JAN 1    137                        87     50      130
..................................................................


WIND (MPH)
  HIGHEST WIND SPEED    10   HIGHEST WIND DIRECTION     S (200)
  HIGHEST GUST SPEED    14   HIGHEST GUST DIRECTION     W (280)


SKY COVER
  POSSIBLE SUNSHINE  MM
  AVERAGE SKY COVER 0.4


WEATHER CONDITIONS
 THE FOLLOWING WEATHER WAS RECORDED TODAY.
  FOG
  HAZE


RELATIVE HUMIDITY (PERCENT)
 HIGHEST    93           400 AM
 LOWEST     43           300 PM
 AVERAGE    68

..........................................................


THE AKRON CANTON OH CLIMATE NORMALS FOR TOMORROW
                         NORMAL    RECORD    YEAR
 MAXIMUM TEMPERATURE (F)   78        94      1925
 MINIMUM TEMPERATURE (F)   58        39      1933


SUNRISE AND SUNSET
JUNE 14 2017..........SUNRISE   553 AM EDT   SUNSET   859 PM EDT
JUNE 15 2017..........SUNRISE   553 AM EDT   SUNSET   859 PM EDT


-  INDICATES NEGATIVE NUMBERS.
R  INDICATES RECORD WAS SET OR TIED.
MM INDICATES DATA IS MISSING.
T  INDICATES TRACE AMOUNT.




$$
