000
CDUS41 KCLE 162222
CLICAK


CLIMATE REPORT
NATIONAL WEATHER SERVICE CLEVELAND OH
511 PM EST MON FEB 16 2015


...................................

...THE AKRON CANTON OH CLIMATE SUMMARY FOR FEBRUARY 16 2015...
VALID TODAY AS OF 0500 PM LOCAL TIME.

CLIMATE NORMAL PERIOD 1981 TO 2010
CLIMATE RECORD PERIOD 1887 TO 2015


WEATHER ITEM   OBSERVED TIME   RECORD YEAR NORMAL DEPARTURE LAST
                VALUE   (LST)  VALUE       VALUE  FROM      YEAR
                                                  NORMAL
..................................................................
TEMPERATURE (F)
 TODAY
  MAXIMUM          7    359 PM  63    1954  37    -30       23
                                      1927
                                      1921
  MINIMUM         -9    506 AM -11    1904  21    -30        9
  AVERAGE         -1                        29    -30       16

PRECIPITATION (IN)
  TODAY            0.00                      0.07  -0.07     0.11
  MONTH TO DATE    1.38                      1.30   0.08     0.83
  SINCE DEC 1      7.18                      6.75   0.43     6.24
  SINCE JAN 1      4.87                      3.91   0.96     2.75

SNOWFALL (IN)
  TODAY            0.0                       0.4   -0.4      2.2
  MONTH TO DATE   12.6                       5.9    6.7     11.4
  SINCE DEC 1     34.4                      28.5    5.9     43.0
  SINCE JUL 1     42.4                      31.9   10.5     53.7
  SNOW DEPTH       6

DEGREE DAYS
 HEATING
  TODAY           66                        36     30       49
  MONTH TO DATE  720                       596    124      724
  SINCE DEC 1   2907                      2873     34     3119
  SINCE JUL 1   4190                      4132     58     4369

 COOLING
  TODAY            0                         0      0        0
  MONTH TO DATE    0                         0      0        0
  SINCE DEC 1      0                         0      0        0
  SINCE JAN 1      0                         0      0        0
..................................................................


WIND (MPH)
  HIGHEST WIND SPEED    10   HIGHEST WIND DIRECTION    NE (60)
  HIGHEST GUST SPEED    14   HIGHEST GUST DIRECTION     E (100)


SKY COVER
  POSSIBLE SUNSHINE  MM
  AVERAGE SKY COVER 0.7


WEATHER CONDITIONS
 THE FOLLOWING WEATHER WAS RECORDED TODAY.
  HAZE


RELATIVE HUMIDITY (PERCENT)
 HIGHEST    83           200 AM
 LOWEST     49           300 PM
 AVERAGE    66

..........................................................


THE AKRON CANTON OH CLIMATE NORMALS FOR TOMORROW
                         NORMAL    RECORD    YEAR
 MAXIMUM TEMPERATURE (F)   37        60      2006
 MINIMUM TEMPERATURE (F)   22       -13      1979


SUNRISE AND SUNSET
FEBRUARY 16 2015......SUNRISE   719 AM EST   SUNSET   601 PM EST
FEBRUARY 17 2015......SUNRISE   718 AM EST   SUNSET   602 PM EST


-  INDICATES NEGATIVE NUMBERS.
R  INDICATES RECORD WAS SET OR TIED.
MM INDICATES DATA IS MISSING.
T  INDICATES TRACE AMOUNT.




$$
