000
CDUS41 KCLE 190546
CLICAK


CLIMATE REPORT
NATIONAL WEATHER SERVICE CLEVELAND OH
145 AM EDT FRI JUN 19 2015


...................................

...THE AKRON CANTON OH CLIMATE SUMMARY FOR JUNE 18 2015...

CLIMATE NORMAL PERIOD 1981 TO 2010
CLIMATE RECORD PERIOD 1887 TO 2015


WEATHER ITEM   OBSERVED TIME   RECORD YEAR NORMAL DEPARTURE LAST
                VALUE   (LST)  VALUE       VALUE  FROM      YEAR
                                                  NORMAL
..................................................................
TEMPERATURE (F)
 YESTERDAY
  MAXIMUM         86    244 PM  96    1944  79      7       92
  MINIMUM         65    627 PM  39    1950  59      6       68
  AVERAGE         76                        69      7       80

PRECIPITATION (IN)
  YESTERDAY        1.45                      0.13   1.32     2.49
  MONTH TO DATE    5.49                      2.29   3.20     6.50
  SINCE JUN 1      5.49                      2.29   3.20     6.50
  SINCE JAN 1     21.90                     18.02   3.88    23.13

SNOWFALL (IN)
  YESTERDAY        0.0                       0.0    0.0      0.0
  MONTH TO DATE    0.0                       0.0    0.0      0.0
  SINCE JUN 1      0.0                       0.0    0.0      0.0
  SINCE JUL 1     59.8                      47.5   12.3     69.9
  SNOW DEPTH       0

DEGREE DAYS
 HEATING
  YESTERDAY        0                         1     -1        0
  MONTH TO DATE   21                        41    -20       15
  SINCE JUN 1     21                        41    -20       15
  SINCE JUL 1   6297                      6142    155     6422

 COOLING
  YESTERDAY       11                         5      6       15
  MONTH TO DATE  122                        64     58       81
  SINCE JUN 1    122                        64     58       81
  SINCE JAN 1    266                       106    160      157
..................................................................


WIND (MPH)
  HIGHEST WIND SPEED    38   HIGHEST WIND DIRECTION    NW (310)
  HIGHEST GUST SPEED    54   HIGHEST GUST DIRECTION    NW (300)
  AVERAGE WIND SPEED     8.4


SKY COVER
  POSSIBLE SUNSHINE  MM
  AVERAGE SKY COVER 1.0


WEATHER CONDITIONS
 THE FOLLOWING WEATHER WAS RECORDED YESTERDAY.
  THUNDERSTORM
  HEAVY RAIN
  RAIN
  LIGHT RAIN
  FOG
  HAZE


RELATIVE HUMIDITY (PERCENT)
 HIGHEST    90           300 AM
 LOWEST     55           200 PM
 AVERAGE    73

..........................................................


THE AKRON CANTON OH CLIMATE NORMALS FOR TODAY
                         NORMAL    RECORD    YEAR
 MAXIMUM TEMPERATURE (F)   79        94      1994
 MINIMUM TEMPERATURE (F)   59        46      1947


SUNRISE AND SUNSET
JUNE 19 2015..........SUNRISE   554 AM EDT   SUNSET   901 PM EDT
JUNE 20 2015..........SUNRISE   554 AM EDT   SUNSET   901 PM EDT


-  INDICATES NEGATIVE NUMBERS.
R  INDICATES RECORD WAS SET OR TIED.
MM INDICATES DATA IS MISSING.
T  INDICATES TRACE AMOUNT.




$$
