000
CDUS41 KCLE 190538
CLICAK


CLIMATE REPORT
NATIONAL WEATHER SERVICE CLEVELAND OH
125 AM EDT TUE MAY 19 2015


...................................

...THE AKRON CANTON OH CLIMATE SUMMARY FOR MAY 18 2015...

CLIMATE NORMAL PERIOD 1981 TO 2010
CLIMATE RECORD PERIOD 1887 TO 2015


WEATHER ITEM   OBSERVED TIME   RECORD YEAR NORMAL DEPARTURE LAST
                VALUE   (LST)  VALUE       VALUE  FROM      YEAR
                                                  NORMAL
..................................................................
TEMPERATURE (F)
 YESTERDAY
  MAXIMUM         82    216 PM  92    1962  70     12       65
  MINIMUM         66    525 AM  34    1941  49     17       39
                                      1925
  AVERAGE         74                        59     15       52

PRECIPITATION (IN)
  YESTERDAY        0.05                      0.14  -0.09     0.00
  MONTH TO DATE    0.45                      2.42  -1.97     3.25
  SINCE MAR 1      7.05                      8.95  -1.90    12.07
  SINCE JAN 1     12.53                     13.87  -1.34    15.58

SNOWFALL (IN)
  YESTERDAY        0.0                       0.0    0.0      0.0
  MONTH TO DATE    0.0                       0.1   -0.1       T
  SINCE MAR 1      6.9                      11.0   -4.1     10.6
  SINCE JUL 1     59.8                      47.5   12.3     69.9
  SNOW DEPTH       0

DEGREE DAYS
 HEATING
  YESTERDAY        0                         7     -7       13
  MONTH TO DATE   53                       157   -104      135
  SINCE MAR 1   1383                      1489   -106     1563
  SINCE JUL 1   6226                      6033    193     6386

 COOLING
  YESTERDAY        9                         1      8        0
  MONTH TO DATE   86                        12     74       38
  SINCE MAR 1     88                        18     70       41
  SINCE JAN 1     88                        18     70       41
..................................................................


WIND (MPH)
  HIGHEST WIND SPEED    20   HIGHEST WIND DIRECTION    SW (230)
  HIGHEST GUST SPEED    23   HIGHEST GUST DIRECTION    SW (230)
  AVERAGE WIND SPEED     8.7


SKY COVER
  POSSIBLE SUNSHINE  MM
  AVERAGE SKY COVER 0.7


WEATHER CONDITIONS
 THE FOLLOWING WEATHER WAS RECORDED YESTERDAY.
  LIGHT RAIN
  FOG


RELATIVE HUMIDITY (PERCENT)
 HIGHEST    93           500 AM
 LOWEST     62           100 PM
 AVERAGE    78

..........................................................


THE AKRON CANTON OH CLIMATE NORMALS FOR TODAY
                         NORMAL    RECORD    YEAR
 MAXIMUM TEMPERATURE (F)   70        91      1911
 MINIMUM TEMPERATURE (F)   49        32      2002


SUNRISE AND SUNSET
MAY 19 2015...........SUNRISE   605 AM EDT   SUNSET   840 PM EDT
MAY 20 2015...........SUNRISE   604 AM EDT   SUNSET   841 PM EDT


-  INDICATES NEGATIVE NUMBERS.
R  INDICATES RECORD WAS SET OR TIED.
MM INDICATES DATA IS MISSING.
T  INDICATES TRACE AMOUNT.




$$
