000
CDUS41 KCLE 030526
CLICAK


CLIMATE REPORT
NATIONAL WEATHER SERVICE CLEVELAND OH
1226 AM EST FRI FEB 3 2017


...................................

...THE AKRON CANTON OH CLIMATE SUMMARY FOR FEBRUARY 2 2017...

CLIMATE NORMAL PERIOD 1981 TO 2010
CLIMATE RECORD PERIOD 1887 TO 2017


WEATHER ITEM   OBSERVED TIME   RECORD YEAR NORMAL DEPARTURE LAST
                VALUE   (LST)  VALUE       VALUE  FROM      YEAR
                                                  NORMAL
..................................................................
TEMPERATURE (F)
 YESTERDAY
  MAXIMUM         34   1205 AM  61    1903  34      0       50
  MINIMUM         21   1048 PM  -9    1951  20      1       23
                                      1905
  AVERAGE         28                        27      1       37

PRECIPITATION (IN)
  YESTERDAY        T                         0.08  -0.08     0.22
  MONTH TO DATE    T                         0.16  -0.16     0.28
  SINCE DEC 1      9.14                      5.61   3.53     5.19
  SINCE JAN 1      6.14                      2.77   3.37     1.49

SNOWFALL (IN)
  YESTERDAY        T                         0.4   -0.4      0.0
  MONTH TO DATE    T                         0.8   -0.8      0.0
  SINCE DEC 1     14.9                      23.4   -8.5      6.3
  SINCE JUL 1     17.0                      26.8   -9.8      6.3
  SNOW DEPTH       T

DEGREE DAYS
 HEATING
  YESTERDAY       37                        38     -1       28
  MONTH TO DATE   67                        76     -9       49
  SINCE DEC 1   2093                      2353   -260     1869
  SINCE JUL 1   2971                      3612   -641     2749

 COOLING
  YESTERDAY        0                         0      0        0
  MONTH TO DATE    0                         0      0        0
  SINCE DEC 1      0                         0      0        0
  SINCE JAN 1      0                         0      0        0
..................................................................


WIND (MPH)
  HIGHEST WIND SPEED    25   HIGHEST WIND DIRECTION    NW (300)
  HIGHEST GUST SPEED    31   HIGHEST GUST DIRECTION     W (290)
  AVERAGE WIND SPEED    11.8


SKY COVER
  POSSIBLE SUNSHINE  MM
  AVERAGE SKY COVER 0.7


WEATHER CONDITIONS
 THE FOLLOWING WEATHER WAS RECORDED YESTERDAY.
  LIGHT SNOW
  BLOWING SNOW


RELATIVE HUMIDITY (PERCENT)
 HIGHEST    75           800 AM
 LOWEST     43           200 PM
 AVERAGE    59

..........................................................


THE AKRON CANTON OH CLIMATE NORMALS FOR TODAY
                         NORMAL    RECORD    YEAR
 MAXIMUM TEMPERATURE (F)   34        63      2016
 MINIMUM TEMPERATURE (F)   20       -11      1951


SUNRISE AND SUNSET
FEBRUARY  3 2017......SUNRISE   734 AM EST   SUNSET   546 PM EST
FEBRUARY  4 2017......SUNRISE   733 AM EST   SUNSET   547 PM EST


-  INDICATES NEGATIVE NUMBERS.
R  INDICATES RECORD WAS SET OR TIED.
MM INDICATES DATA IS MISSING.
T  INDICATES TRACE AMOUNT.




$$
