270
CDUS41 KCLE 082110
CLICAK


CLIMATE REPORT
NATIONAL WEATHER SERVICE CLEVELAND OH
510 PM EDT SUN OCT 8 2017


...................................

...THE AKRON CANTON OH CLIMATE SUMMARY FOR OCTOBER 8 2017...
VALID TODAY AS OF 0500 PM LOCAL TIME.

CLIMATE NORMAL PERIOD 1981 TO 2010
CLIMATE RECORD PERIOD 1887 TO 2017


WEATHER ITEM   OBSERVED TIME   RECORD YEAR NORMAL DEPARTURE LAST
                VALUE   (LST)  VALUE       VALUE  FROM      YEAR
                                                  NORMAL
..................................................................
TEMPERATURE (F)
 TODAY
  MAXIMUM         72   1210 AM  88    1939  64      8       67
  MINIMUM         64    758 AM  29    1935  45     19       45
                                      1897
  AVERAGE         68                        54     14       56

PRECIPITATION (IN)
  TODAY            0.56                      0.09   0.47     0.04
  MONTH TO DATE    0.74                      0.74   0.00     0.04
  SINCE SEP 1      2.76                      4.19  -1.43     6.58
  SINCE JAN 1     37.43                     31.39   6.04    30.18

SNOWFALL (IN)
  TODAY            0.0                       0.0    0.0      0.0
  MONTH TO DATE    0.0                       0.0    0.0      0.0
  SINCE SEP 1      0.0                       0.0    0.0      0.0
  SINCE JUL 1      0.0                       0.0    0.0      0.0
  SNOW DEPTH       0

DEGREE DAYS
 HEATING
  TODAY            0                        11    -11        9
  MONTH TO DATE   12                        79    -67       23
  SINCE SEP 1     81                       198   -117       53
  SINCE JUL 1     87                       218   -131       56

 COOLING
  TODAY            3                         0      3        0
  MONTH TO DATE   23                         3     20        4
  SINCE SEP 1    172                        67    105      159
  SINCE JAN 1    914                       649    265     1113
..................................................................


WIND (MPH)
  HIGHEST WIND SPEED    23   HIGHEST WIND DIRECTION    SW (220)
  HIGHEST GUST SPEED    31   HIGHEST GUST DIRECTION    SW (230)


SKY COVER
  POSSIBLE SUNSHINE  MM
  AVERAGE SKY COVER 0.9


WEATHER CONDITIONS
 THE FOLLOWING WEATHER WAS RECORDED TODAY.
  THUNDERSTORM
  HEAVY RAIN
  RAIN
  LIGHT RAIN
  FOG


RELATIVE HUMIDITY (PERCENT)
 HIGHEST    84           300 AM
 LOWEST     61           300 PM
 AVERAGE    73

..........................................................


THE AKRON CANTON OH CLIMATE NORMALS FOR TOMORROW
                         NORMAL    RECORD    YEAR
 MAXIMUM TEMPERATURE (F)   63        86      1939
 MINIMUM TEMPERATURE (F)   45        31      2000
                                             1989
                                             1951


SUNRISE AND SUNSET
OCTOBER  8 2017.......SUNRISE   730 AM EDT   SUNSET   656 PM EDT
OCTOBER  9 2017.......SUNRISE   731 AM EDT   SUNSET   654 PM EDT


-  INDICATES NEGATIVE NUMBERS.
R  INDICATES RECORD WAS SET OR TIED.
MM INDICATES DATA IS MISSING.
T  INDICATES TRACE AMOUNT.




$$
