000
CDUS41 KCLE 102221
CLICAK


CLIMATE REPORT
NATIONAL WEATHER SERVICE CLEVELAND OH
520 PM EST THU NOV 10 2016


...................................

...THE AKRON CANTON OH CLIMATE SUMMARY FOR NOVEMBER 10 2016...
VALID TODAY AS OF 0500 PM LOCAL TIME.

CLIMATE NORMAL PERIOD 1981 TO 2010
CLIMATE RECORD PERIOD 1887 TO 2016


WEATHER ITEM   OBSERVED TIME   RECORD YEAR NORMAL DEPARTURE LAST
                VALUE   (LST)  VALUE       VALUE  FROM      YEAR
                                                  NORMAL
..................................................................
TEMPERATURE (F)
 TODAY
  MAXIMUM         59    231 PM  70    1998  52      7       54
  MINIMUM         33    459 AM  18    1991  36     -3       46
  AVERAGE         46                        44      2       50

PRECIPITATION (IN)
  TODAY            0.00                      0.11  -0.11     0.46
  MONTH TO DATE    0.66                      1.07  -0.41     0.79
  SINCE SEP 1     10.96                      7.35   3.61     7.22
  SINCE JAN 1     34.56                     34.55   0.01    36.56

SNOWFALL (IN)
  TODAY            0.0                       0.1   -0.1      0.0
  MONTH TO DATE    0.0                       0.6   -0.6      0.0
  SINCE SEP 1      0.0                       1.0   -1.0      0.0
  SINCE JUL 1      0.0                       1.0   -1.0      0.0
  SNOW DEPTH       0

DEGREE DAYS
 HEATING
  TODAY           19                        21     -2       15
  MONTH TO DATE  116                       198    -82      106
  SINCE SEP 1    423                       733   -310      475
  SINCE JUL 1    426                       753   -327      484

 COOLING
  TODAY            0                         0      0        0
  MONTH TO DATE    3                         0      3        5
  SINCE SEP 1    179                        70    109      174
  SINCE JAN 1   1133                       652    481      958
..................................................................


WIND (MPH)
  HIGHEST WIND SPEED    21   HIGHEST WIND DIRECTION    SW (220)
  HIGHEST GUST SPEED    27   HIGHEST GUST DIRECTION    SW (230)


SKY COVER
  POSSIBLE SUNSHINE  MM
  AVERAGE SKY COVER 0.2


WEATHER CONDITIONS
 THE FOLLOWING WEATHER WAS RECORDED TODAY.
  FOG


RELATIVE HUMIDITY (PERCENT)
 HIGHEST    89           200 AM
 LOWEST     39           200 PM
 AVERAGE    64

..........................................................


THE AKRON CANTON OH CLIMATE NORMALS FOR TOMORROW
                         NORMAL    RECORD    YEAR
 MAXIMUM TEMPERATURE (F)   51        72      1915
 MINIMUM TEMPERATURE (F)   36        18      1957


SUNRISE AND SUNSET
NOVEMBER 10 2016......SUNRISE   708 AM EST   SUNSET   511 PM EST
NOVEMBER 11 2016......SUNRISE   709 AM EST   SUNSET   510 PM EST


-  INDICATES NEGATIVE NUMBERS.
R  INDICATES RECORD WAS SET OR TIED.
MM INDICATES DATA IS MISSING.
T  INDICATES TRACE AMOUNT.




$$
