000
CDUS41 KCLE 132111
CLICAK


CLIMATE REPORT
NATIONAL WEATHER SERVICE CLEVELAND OH
511 PM EDT MON MAR 13 2017


...................................

...THE AKRON CANTON OH CLIMATE SUMMARY FOR MARCH 13 2017...
VALID TODAY AS OF 0500 PM LOCAL TIME.

CLIMATE NORMAL PERIOD 1981 TO 2010
CLIMATE RECORD PERIOD 1887 TO 2017


WEATHER ITEM   OBSERVED TIME   RECORD YEAR NORMAL DEPARTURE LAST
                VALUE   (LST)  VALUE       VALUE  FROM      YEAR
                                                  NORMAL
..................................................................
TEMPERATURE (F)
 TODAY
  MAXIMUM         32    359 PM  75    1990  45    -13       52
  MINIMUM         20    701 AM   4    1948  27     -7       47
  AVERAGE         26                        36    -10       50

PRECIPITATION (IN)
  TODAY            0.00                      0.09  -0.09     0.47
  MONTH TO DATE    2.02                      1.14   0.88     1.94
  SINCE MAR 1      2.02                      1.14   0.88     1.94
  SINCE JAN 1     10.53                      6.06   4.47     6.53

SNOWFALL (IN)
  TODAY            0.0                       0.3   -0.3      0.0
  MONTH TO DATE    3.5                       4.3   -0.8      2.4
  SINCE MAR 1      3.5                       4.3   -0.8      2.4
  SINCE JUL 1     24.7                      40.8  -16.1     25.1
  SNOW DEPTH       0

DEGREE DAYS
 HEATING
  TODAY           39                        29     10       15
  MONTH TO DATE  393                       399     -6      297
  SINCE MAR 1    393                       399     -6      297
  SINCE JUL 1   3993                      4943   -950     3944

 COOLING
  TODAY            0                         0      0        0
  MONTH TO DATE    0                         0      0        0
  SINCE MAR 1      0                         0      0        0
  SINCE JAN 1      2                         0      2        0
..................................................................


WIND (MPH)
  HIGHEST WIND SPEED    17   HIGHEST WIND DIRECTION     E (80)
  HIGHEST GUST SPEED    32   HIGHEST GUST DIRECTION     E (80)


SKY COVER
  POSSIBLE SUNSHINE  MM
  AVERAGE SKY COVER 0.8


WEATHER CONDITIONS
 THE FOLLOWING WEATHER WAS RECORDED TODAY.
  NO SIGNIFICANT WEATHER WAS OBSERVED.


RELATIVE HUMIDITY (PERCENT)
 HIGHEST    62           400 AM
 LOWEST     49           100 PM
 AVERAGE    56

..........................................................


THE AKRON CANTON OH CLIMATE NORMALS FOR TOMORROW
                         NORMAL    RECORD    YEAR
 MAXIMUM TEMPERATURE (F)   46        77      1990
 MINIMUM TEMPERATURE (F)   28         7      1895


SUNRISE AND SUNSET
MARCH 13 2017.........SUNRISE   740 AM EDT   SUNSET   731 PM EDT
MARCH 14 2017.........SUNRISE   739 AM EDT   SUNSET   732 PM EDT


-  INDICATES NEGATIVE NUMBERS.
R  INDICATES RECORD WAS SET OR TIED.
MM INDICATES DATA IS MISSING.
T  INDICATES TRACE AMOUNT.




$$
