000
CDUS41 KCLE 130545
CLICAK


CLIMATE REPORT
NATIONAL WEATHER SERVICE CLEVELAND OH
145 AM EDT TUE JUN 13 2017


...................................

...THE AKRON CANTON OH CLIMATE SUMMARY FOR JUNE 12 2017...

CLIMATE NORMAL PERIOD 1981 TO 2010
CLIMATE RECORD PERIOD 1887 TO 2017


WEATHER ITEM   OBSERVED TIME   RECORD YEAR NORMAL DEPARTURE LAST
                VALUE   (LST)  VALUE       VALUE  FROM      YEAR
                                                  NORMAL
..................................................................
TEMPERATURE (F)
 YESTERDAY
  MAXIMUM         89    408 PM  91    1984  77     12       77
                                      1967
                                      1961
  MINIMUM         69    517 AM  40    1906  57     12       50
  AVERAGE         79                        67     12       64

PRECIPITATION (IN)
  YESTERDAY        0.00                      0.12  -0.12     0.00
  MONTH TO DATE    0.53                      1.53  -1.00     0.74
  SINCE JUN 1      0.53                      1.53  -1.00     0.74
  SINCE JAN 1     26.65                     17.26   9.39    15.41

SNOWFALL (IN)
  YESTERDAY        0.0                       0.0    0.0      0.0
  MONTH TO DATE    0.0                       0.0    0.0      0.0
  SINCE JUN 1      0.0                       0.0    0.0      0.0
  SINCE JUL 1     37.2                      47.5  -10.3     30.2
  SNOW DEPTH       0

DEGREE DAYS
 HEATING
  YESTERDAY        0                         2     -2        1
  MONTH TO DATE   18                        33    -15       15
  SINCE JUN 1     18                        33    -15       15
  SINCE JUL 1   4891                      6134  -1243     4996

 COOLING
  YESTERDAY       14                         4     10        0
  MONTH TO DATE   47                        37     10       65
  SINCE JUN 1     47                        37     10       65
  SINCE JAN 1    111                        79     32      126
..................................................................


WIND (MPH)
  HIGHEST WIND SPEED    17   HIGHEST WIND DIRECTION    SW (230)
  HIGHEST GUST SPEED    22   HIGHEST GUST DIRECTION     W (270)
  AVERAGE WIND SPEED     8.4


SKY COVER
  POSSIBLE SUNSHINE  MM
  AVERAGE SKY COVER 0.4


WEATHER CONDITIONS
 THE FOLLOWING WEATHER WAS RECORDED YESTERDAY.
  NO SIGNIFICANT WEATHER WAS OBSERVED.


RELATIVE HUMIDITY (PERCENT)
 HIGHEST    73           200 AM
 LOWEST     40          1200 PM
 AVERAGE    57

..........................................................


THE AKRON CANTON OH CLIMATE NORMALS FOR TODAY
                         NORMAL    RECORD    YEAR
 MAXIMUM TEMPERATURE (F)   78        91      1988
                                             1967
                                             1956
 MINIMUM TEMPERATURE (F)   57        44      1985
                                             1979
                                             1978


SUNRISE AND SUNSET
JUNE 13 2017..........SUNRISE   553 AM EDT   SUNSET   859 PM EDT
JUNE 14 2017..........SUNRISE   553 AM EDT   SUNSET   859 PM EDT


-  INDICATES NEGATIVE NUMBERS.
R  INDICATES RECORD WAS SET OR TIED.
MM INDICATES DATA IS MISSING.
T  INDICATES TRACE AMOUNT.




$$
