000
CDUS41 KCLE 270545
CLICAK


CLIMATE REPORT
NATIONAL WEATHER SERVICE CLEVELAND OH
145 AM EDT FRI JUN 27 2014


...................................

...THE AKRON CANTON OH CLIMATE SUMMARY FOR JUNE 26 2014...

CLIMATE NORMAL PERIOD 1981 TO 2010
CLIMATE RECORD PERIOD 1887 TO 2014


WEATHER ITEM   OBSERVED TIME   RECORD YEAR NORMAL DEPARTURE LAST
                VALUE   (LST)  VALUE       VALUE  FROM      YEAR
                                                  NORMAL
..................................................................
TEMPERATURE (F)
 YESTERDAY
  MAXIMUM         80    544 PM 100    1952  81     -1       83
  MINIMUM         63    651 AM  46    1955  60      3       67
                                      1922
  AVERAGE         72                        71      1       75

PRECIPITATION (IN)
  YESTERDAY        0.00                      0.12  -0.12     0.61
  MONTH TO DATE    8.91                      3.32   5.59     5.42
  SINCE JUN 1      8.91                      3.32   5.59     5.42
  SINCE JAN 1     25.54                     19.05   6.49    17.68

SNOWFALL (IN)
  YESTERDAY        0.0                       0.0    0.0      0.0
  MONTH TO DATE    0.0                       0.0    0.0      0.0
  SINCE JUN 1      0.0                       0.0    0.0      0.0
  SINCE JUL 1     69.9                      47.5   22.4     47.2
  SNOW DEPTH       0

DEGREE DAYS
 HEATING
  YESTERDAY        0                         1     -1        0
  MONTH TO DATE   15                        49    -34       27
  SINCE JUN 1     15                        49    -34       27
  SINCE JUL 1   6422                      6150    272     5829

 COOLING
  YESTERDAY        7                         6      1       10
  MONTH TO DATE  137                       109     28      132
  SINCE JUN 1    137                       109     28      132
  SINCE JAN 1    213                       151     62      238
..................................................................


WIND (MPH)
  HIGHEST WIND SPEED    12   HIGHEST WIND DIRECTION    NW (320)
  HIGHEST GUST SPEED    12   HIGHEST GUST DIRECTION    NW (320)
  AVERAGE WIND SPEED     4.9


SKY COVER
  POSSIBLE SUNSHINE  MM
  AVERAGE SKY COVER 0.5


WEATHER CONDITIONS
 THE FOLLOWING WEATHER WAS RECORDED YESTERDAY.
  NO SIGNIFICANT WEATHER WAS OBSERVED.


RELATIVE HUMIDITY (PERCENT)
 HIGHEST    93           300 AM
 LOWEST     58           300 PM
 AVERAGE    76

..........................................................


THE AKRON CANTON OH CLIMATE NORMALS FOR TODAY
                         NORMAL    RECORD    YEAR
 MAXIMUM TEMPERATURE (F)   81        95      1944
 MINIMUM TEMPERATURE (F)   61        47      1897


SUNRISE AND SUNSET
JUNE 27 2014..........SUNRISE   556 AM EDT   SUNSET   902 PM EDT
JUNE 28 2014..........SUNRISE   556 AM EDT   SUNSET   902 PM EDT


-  INDICATES NEGATIVE NUMBERS.
R  INDICATES RECORD WAS SET OR TIED.
MM INDICATES DATA IS MISSING.
T  INDICATES TRACE AMOUNT.




$$
