000
CDUS41 KCLE 040532
CLICAK


CLIMATE REPORT
NATIONAL WEATHER SERVICE CLEVELAND OH
131 AM EDT MON JUL 4 2016


...................................

...THE AKRON CANTON OH CLIMATE SUMMARY FOR JULY 3 2016...

CLIMATE NORMAL PERIOD 1981 TO 2010
CLIMATE RECORD PERIOD 1887 TO 2016


WEATHER ITEM   OBSERVED TIME   RECORD YEAR NORMAL DEPARTURE LAST
                VALUE   (LST)  VALUE       VALUE  FROM      YEAR
                                                  NORMAL
..................................................................
TEMPERATURE (F)
 YESTERDAY
  MAXIMUM         74    418 PM  97    1911  82     -8       78
                                      1898
  MINIMUM         54    522 AM  42    1907  61     -7       53
  AVERAGE         64                        72     -8       66

PRECIPITATION (IN)
  YESTERDAY        0.00                      0.13  -0.13     0.00
  MONTH TO DATE    0.07                      0.40  -0.33     0.00
  SINCE JUN 1      3.58                      4.23  -0.65     8.31
  SINCE JAN 1     18.25                     19.96  -1.71    24.72

SNOWFALL (IN)
  YESTERDAY        0.0                       0.0    0.0      0.0
  MONTH TO DATE    0.0                       0.0    0.0      0.0
  SINCE JUN 1      0.0                       0.0    0.0      0.0
  SINCE JUL 1      0.0                       0.0    0.0      0.0
  SNOW DEPTH       0

DEGREE DAYS
 HEATING
  YESTERDAY        1                         0      1        0
  MONTH TO DATE    3                         0      3        0
  SINCE JUN 1     22                        49    -27       25
  SINCE JUL 1      3                         0      3        0

 COOLING
  YESTERDAY        0                         7     -7        1
  MONTH TO DATE    4                        21    -17        8
  SINCE JUN 1    198                       156     42      194
  SINCE JAN 1    259                       198     61      338
..................................................................


WIND (MPH)
  HIGHEST WIND SPEED     8   HIGHEST WIND DIRECTION     E (80)
  HIGHEST GUST SPEED    14   HIGHEST GUST DIRECTION    NE (60)
  AVERAGE WIND SPEED     2.6


SKY COVER
  POSSIBLE SUNSHINE  MM
  AVERAGE SKY COVER 0.8


WEATHER CONDITIONS
 THE FOLLOWING WEATHER WAS RECORDED YESTERDAY.
  HAZE


RELATIVE HUMIDITY (PERCENT)
 HIGHEST    86           600 AM
 LOWEST     67           800 AM
 AVERAGE    77

..........................................................


THE AKRON CANTON OH CLIMATE NORMALS FOR TODAY
                         NORMAL    RECORD    YEAR
 MAXIMUM TEMPERATURE (F)   82        99      1911
 MINIMUM TEMPERATURE (F)   62        41      1904


SUNRISE AND SUNSET
JULY  4 2016..........SUNRISE   600 AM EDT   SUNSET   901 PM EDT
JULY  5 2016..........SUNRISE   600 AM EDT   SUNSET   900 PM EDT


-  INDICATES NEGATIVE NUMBERS.
R  INDICATES RECORD WAS SET OR TIED.
MM INDICATES DATA IS MISSING.
T  INDICATES TRACE AMOUNT.




$$
