000
CDUS41 KCLE 030813
CLICAK


CLIMATE REPORT
NATIONAL WEATHER SERVICE CLEVELAND OH
413 AM EDT WED MAY 3 2017


...................................

...THE AKRON CANTON OH CLIMATE SUMMARY FOR MAY 2 2017...

CLIMATE NORMAL PERIOD 1981 TO 2010
CLIMATE RECORD PERIOD 1887 TO 2017


WEATHER ITEM   OBSERVED TIME   RECORD YEAR NORMAL DEPARTURE LAST
                VALUE   (LST)  VALUE       VALUE  FROM      YEAR
                                                  NORMAL
..................................................................
TEMPERATURE (F)
 YESTERDAY
  MAXIMUM         53    340 PM  85    1899  66    -13       54
  MINIMUM         46    945 AM  29    1909  44      2       43
  AVERAGE         50                        55     -5       49

PRECIPITATION (IN)
  YESTERDAY        0.02                      0.13  -0.11     0.35
  MONTH TO DATE    1.06                      0.25   0.81     0.50
  SINCE MAR 1     11.17                      6.78   4.39     8.58
  SINCE JAN 1     19.68                     11.70   7.98    13.17

SNOWFALL (IN)
  YESTERDAY        0.0                       0.0    0.0      0.0
  MONTH TO DATE    0.0                       0.0    0.0      0.0
  SINCE MAR 1     16.0                      10.9    5.1      7.5
  SINCE JUL 1     37.2                      47.4  -10.2     30.2
  SNOW DEPTH       0

DEGREE DAYS
 HEATING
  YESTERDAY       15                        11      4       16
  MONTH TO DATE   16                        22     -6       18
  SINCE MAR 1   1094                      1354   -260     1131
  SINCE JUL 1   4694                      5898  -1204     4778

 COOLING
  YESTERDAY        0                         0      0        0
  MONTH TO DATE    0                         0      0        0
  SINCE MAR 1     22                         6     16        0
  SINCE JAN 1     24                         6     18        0
..................................................................


WIND (MPH)
  HIGHEST WIND SPEED    33   HIGHEST WIND DIRECTION     W (250)
  HIGHEST GUST SPEED    43   HIGHEST GUST DIRECTION     W (260)
  AVERAGE WIND SPEED    17.1


SKY COVER
  POSSIBLE SUNSHINE  MM
  AVERAGE SKY COVER 0.9


WEATHER CONDITIONS
 THE FOLLOWING WEATHER WAS RECORDED YESTERDAY.
  LIGHT RAIN
  HAZE


RELATIVE HUMIDITY (PERCENT)
 HIGHEST    77           500 AM
 LOWEST     50           100 PM
 AVERAGE    64

..........................................................


THE AKRON CANTON OH CLIMATE NORMALS FOR TODAY
                         NORMAL    RECORD    YEAR
 MAXIMUM TEMPERATURE (F)   66        88      2012
 MINIMUM TEMPERATURE (F)   45        30      1986


SUNRISE AND SUNSET
MAY  3 2017...........SUNRISE   621 AM EDT   SUNSET   825 PM EDT
MAY  4 2017...........SUNRISE   620 AM EDT   SUNSET   826 PM EDT


-  INDICATES NEGATIVE NUMBERS.
R  INDICATES RECORD WAS SET OR TIED.
MM INDICATES DATA IS MISSING.
T  INDICATES TRACE AMOUNT.




$$
