000
CDUS41 KCLE 290545
CLICAK


CLIMATE REPORT
NATIONAL WEATHER SERVICE CLEVELAND OH
145 AM EDT FRI SEP 29 2017


...................................

...THE AKRON CANTON OH CLIMATE SUMMARY FOR SEPTEMBER 28 2017...

CLIMATE NORMAL PERIOD 1981 TO 2010
CLIMATE RECORD PERIOD 1887 TO 2017


WEATHER ITEM   OBSERVED TIME   RECORD YEAR NORMAL DEPARTURE LAST
                VALUE   (LST)  VALUE       VALUE  FROM      YEAR
                                                  NORMAL
..................................................................
TEMPERATURE (F)
 YESTERDAY
  MAXIMUM         71    150 PM  88    1959  68      3       72
  MINIMUM         49    926 PM  33    1942  49      0       53
  AVERAGE         60                        58      2       63

PRECIPITATION (IN)
  YESTERDAY        0.00                      0.11  -0.11     0.22
  MONTH TO DATE    2.01                      3.24  -1.23     4.60
  SINCE SEP 1      2.01                      3.24  -1.23     4.60
  SINCE JAN 1     36.68                     30.44   6.24    28.20

SNOWFALL (IN)
  YESTERDAY        0.0                       0.0    0.0      0.0
  MONTH TO DATE    0.0                       0.0    0.0      0.0
  SINCE SEP 1      0.0                       0.0    0.0      0.0
  SINCE JUL 1      0.0                       0.0    0.0      0.0
  SNOW DEPTH       0

DEGREE DAYS
 HEATING
  YESTERDAY        5                         8     -3        2
  MONTH TO DATE   54                       102    -48       19
  SINCE SEP 1     54                       102    -48       19
  SINCE JUL 1     60                       122    -62       22

 COOLING
  YESTERDAY        0                         1     -1        0
  MONTH TO DATE  149                        63     86      155
  SINCE SEP 1    149                        63     86      155
  SINCE JAN 1    891                       645    246     1109
..................................................................


WIND (MPH)
  HIGHEST WIND SPEED    17   HIGHEST WIND DIRECTION    NW (320)
  HIGHEST GUST SPEED    25   HIGHEST GUST DIRECTION     N (340)
  AVERAGE WIND SPEED     8.8


SKY COVER
  POSSIBLE SUNSHINE  MM
  AVERAGE SKY COVER 0.5


WEATHER CONDITIONS
 THE FOLLOWING WEATHER WAS RECORDED YESTERDAY.
  NO SIGNIFICANT WEATHER WAS OBSERVED.


RELATIVE HUMIDITY (PERCENT)
 HIGHEST    84           100 AM
 LOWEST     40          1200 PM
 AVERAGE    62

..........................................................


THE AKRON CANTON OH CLIMATE NORMALS FOR TODAY
                         NORMAL    RECORD    YEAR
 MAXIMUM TEMPERATURE (F)   68        93      1953
 MINIMUM TEMPERATURE (F)   48        29      1942


SUNRISE AND SUNSET
SEPTEMBER 29 2017.....SUNRISE   721 AM EDT   SUNSET   711 PM EDT
SEPTEMBER 30 2017.....SUNRISE   722 AM EDT   SUNSET   709 PM EDT


-  INDICATES NEGATIVE NUMBERS.
R  INDICATES RECORD WAS SET OR TIED.
MM INDICATES DATA IS MISSING.
T  INDICATES TRACE AMOUNT.




$$
