000
CDUS41 KCLE 180545
CLICAK


CLIMATE REPORT
NATIONAL WEATHER SERVICE CLEVELAND OH
145 AM EDT SAT JUL 18 2015


...................................

...THE AKRON CANTON OH CLIMATE SUMMARY FOR JULY 17 2015...

CLIMATE NORMAL PERIOD 1981 TO 2010
CLIMATE RECORD PERIOD 1887 TO 2015


WEATHER ITEM   OBSERVED TIME   RECORD YEAR NORMAL DEPARTURE LAST
                VALUE   (LST)  VALUE       VALUE  FROM      YEAR
                                                  NORMAL
..................................................................
TEMPERATURE (F)
 YESTERDAY
  MAXIMUM         83    513 PM  99    1931  82      1       76
  MINIMUM         64    242 AM  48    1939  62      2       55
                                      1892
  AVERAGE         74                        72      2       66

PRECIPITATION (IN)
  YESTERDAY        0.11                      0.13  -0.02     0.00
  MONTH TO DATE    2.71                      2.25   0.46     1.99
  SINCE JUN 1     11.02                      6.08   4.94    11.27
  SINCE JAN 1     27.43                     21.81   5.62    27.90

SNOWFALL (IN)
  YESTERDAY        0.0                       0.0    0.0      0.0
  MONTH TO DATE    0.0                       0.0    0.0      0.0
  SINCE JUN 1      0.0                       0.0    0.0      0.0
  SINCE JUL 1      0.0                       0.0    0.0      0.0
  SNOW DEPTH       0

DEGREE DAYS
 HEATING
  YESTERDAY        0                         0      0        0
  MONTH TO DATE    0                         0      0        2
  SINCE JUN 1     25                        49    -24       17
  SINCE JUL 1      0                         0      0        2

 COOLING
  YESTERDAY        9                         7      2        1
  MONTH TO DATE   89                       119    -30      116
  SINCE JUN 1    275                       254     21      299
  SINCE JAN 1    419                       296    123      375
..................................................................


WIND (MPH)
  HIGHEST WIND SPEED    21   HIGHEST WIND DIRECTION    SW (220)
  HIGHEST GUST SPEED    26   HIGHEST GUST DIRECTION    SW (220)
  AVERAGE WIND SPEED     9.0


SKY COVER
  POSSIBLE SUNSHINE  MM
  AVERAGE SKY COVER 0.7


WEATHER CONDITIONS
 THE FOLLOWING WEATHER WAS RECORDED YESTERDAY.
  RAIN
  LIGHT RAIN
  FOG


RELATIVE HUMIDITY (PERCENT)
 HIGHEST    87           100 PM
 LOWEST     59          1200 AM
 AVERAGE    73

..........................................................


THE AKRON CANTON OH CLIMATE NORMALS FOR TODAY
                         NORMAL    RECORD    YEAR
 MAXIMUM TEMPERATURE (F)   82        96      1930
                                             1904
 MINIMUM TEMPERATURE (F)   62        50      1924


SUNRISE AND SUNSET
JULY 18 2015..........SUNRISE   609 AM EDT   SUNSET   854 PM EDT
JULY 19 2015..........SUNRISE   610 AM EDT   SUNSET   854 PM EDT


-  INDICATES NEGATIVE NUMBERS.
R  INDICATES RECORD WAS SET OR TIED.
MM INDICATES DATA IS MISSING.
T  INDICATES TRACE AMOUNT.




$$
