000
CDUS41 KCLE 282220
CLICAK


CLIMATE REPORT
NATIONAL WEATHER SERVICE CLEVELAND OH
519 PM EST SAT JAN 28 2017


...................................

...THE AKRON CANTON OH CLIMATE SUMMARY FOR JANUARY 28 2017...
VALID TODAY AS OF 0500 PM LOCAL TIME.

CLIMATE NORMAL PERIOD 1981 TO 2010
CLIMATE RECORD PERIOD 1887 TO 2017


WEATHER ITEM   OBSERVED TIME   RECORD YEAR NORMAL DEPARTURE LAST
                VALUE   (LST)  VALUE       VALUE  FROM      YEAR
                                                  NORMAL
..................................................................
TEMPERATURE (F)
 TODAY
  MAXIMUM         30    359 PM  60    2002  34     -4       43
  MINIMUM         25    629 AM -13    1977  19      6       21
  AVERAGE         28                        26      2       32

PRECIPITATION (IN)
  TODAY            T                         0.08  -0.08     0.01
  MONTH TO DATE    5.87                      2.37   3.50     1.16
  SINCE DEC 1      8.87                      5.21   3.66     4.86
  SINCE JAN 1      5.87                      2.37   3.50     1.16

SNOWFALL (IN)
  TODAY            T                         0.4   -0.4      0.1
  MONTH TO DATE    5.3                      11.2   -5.9      5.6
  SINCE DEC 1     12.8                      21.4   -8.6      5.8
  SINCE JUL 1     14.9                      24.8   -9.9      5.8
  SNOW DEPTH       1

DEGREE DAYS
 HEATING
  TODAY           37                        39     -2       33
  MONTH TO DATE  849                      1090   -241     1090
  SINCE DEC 1   1915                      2161   -246     1742
  SINCE JUL 1   2793                      3420   -627     2622

 COOLING
  TODAY            0                         0      0        0
  MONTH TO DATE    0                         0      0        0
  SINCE DEC 1      0                         0      0        0
  SINCE JAN 1      0                         0      0        0
..................................................................


WIND (MPH)
  HIGHEST WIND SPEED    24   HIGHEST WIND DIRECTION    SW (230)
  HIGHEST GUST SPEED    30   HIGHEST GUST DIRECTION    SW (220)


SKY COVER
  POSSIBLE SUNSHINE  MM
  AVERAGE SKY COVER 1.0


WEATHER CONDITIONS
 THE FOLLOWING WEATHER WAS RECORDED TODAY.
  LIGHT SNOW


RELATIVE HUMIDITY (PERCENT)
 HIGHEST    75          1200 AM
 LOWEST     63          1200 PM
 AVERAGE    69

..........................................................


THE AKRON CANTON OH CLIMATE NORMALS FOR TOMORROW
                         NORMAL    RECORD    YEAR
 MAXIMUM TEMPERATURE (F)   34        64      1975
 MINIMUM TEMPERATURE (F)   19       -13      1977


SUNRISE AND SUNSET
JANUARY 28 2017.......SUNRISE   740 AM EST   SUNSET   538 PM EST
JANUARY 29 2017.......SUNRISE   739 AM EST   SUNSET   540 PM EST


-  INDICATES NEGATIVE NUMBERS.
R  INDICATES RECORD WAS SET OR TIED.
MM INDICATES DATA IS MISSING.
T  INDICATES TRACE AMOUNT.




$$
