000
CDUS41 KCLE 030527
CLICAK


CLIMATE REPORT
NATIONAL WEATHER SERVICE CLEVELAND OH
125 AM EDT WED SEP 3 2014


...................................

...THE AKRON CANTON OH CLIMATE SUMMARY FOR SEPTEMBER 2 2014...

CLIMATE NORMAL PERIOD 1981 TO 2010
CLIMATE RECORD PERIOD 1887 TO 2014


WEATHER ITEM   OBSERVED TIME   RECORD YEAR NORMAL DEPARTURE LAST
                VALUE   (LST)  VALUE       VALUE  FROM      YEAR
                                                  NORMAL
..................................................................
TEMPERATURE (F)
 YESTERDAY
  MAXIMUM         79    345 PM  99    1953  78      1       82
  MINIMUM         64   1154 PM  42    1909  58      6       61
  AVERAGE         72                        68      4       72

PRECIPITATION (IN)
  YESTERDAY        0.02                      0.12  -0.10     0.61
  MONTH TO DATE    0.02                      0.24  -0.22     0.61
  SINCE SEP 1      0.02                      0.24  -0.22     0.61
  SINCE JAN 1     35.81                     27.44   8.37    27.68

SNOWFALL (IN)
  YESTERDAY        0.0                       0.0    0.0      0.0
  MONTH TO DATE    0.0                       0.0    0.0      0.0
  SINCE SEP 1      0.0                       0.0    0.0      0.0
  SINCE JUL 1      0.0                       0.0    0.0      0.0
  SNOW DEPTH       0

DEGREE DAYS
 HEATING
  YESTERDAY        0                         1     -1        0
  MONTH TO DATE    0                         2     -2        0
  SINCE SEP 1      0                         2     -2        0
  SINCE JUL 1     16                        22     -6       13

 COOLING
  YESTERDAY        7                         4      3        7
  MONTH TO DATE   20                         8     12       19
  SINCE SEP 1     20                         8     12       19
  SINCE JAN 1    656                       590     66      743
..................................................................


WIND (MPH)
  HIGHEST WIND SPEED    20   HIGHEST WIND DIRECTION     W (270)
  HIGHEST GUST SPEED    26   HIGHEST GUST DIRECTION     W (260)
  AVERAGE WIND SPEED     8.3


SKY COVER
  POSSIBLE SUNSHINE  MM
  AVERAGE SKY COVER 0.7


WEATHER CONDITIONS
 THE FOLLOWING WEATHER WAS RECORDED YESTERDAY.
  RAIN
  LIGHT RAIN
  FOG


RELATIVE HUMIDITY (PERCENT)
 HIGHEST    90           400 AM
 LOWEST     64           300 PM
 AVERAGE    77

..........................................................


THE AKRON CANTON OH CLIMATE NORMALS FOR TODAY
                         NORMAL    RECORD    YEAR
 MAXIMUM TEMPERATURE (F)   78        99      1953
 MINIMUM TEMPERATURE (F)   58        41      1946


SUNRISE AND SUNSET
SEPTEMBER  3 2014.....SUNRISE   654 AM EDT   SUNSET   755 PM EDT
SEPTEMBER  4 2014.....SUNRISE   655 AM EDT   SUNSET   753 PM EDT


-  INDICATES NEGATIVE NUMBERS.
R  INDICATES RECORD WAS SET OR TIED.
MM INDICATES DATA IS MISSING.
T  INDICATES TRACE AMOUNT.




$$
