000
CDUS41 KCLE 140526
CLICAK


CLIMATE REPORT
NATIONAL WEATHER SERVICE CLEVELAND OH
1226 AM EST SAT FEB 14 2015


...................................

...THE AKRON CANTON OH CLIMATE SUMMARY FOR FEBRUARY 13 2015...

CLIMATE NORMAL PERIOD 1981 TO 2010
CLIMATE RECORD PERIOD 1887 TO 2015


WEATHER ITEM   OBSERVED TIME   RECORD YEAR NORMAL DEPARTURE LAST
                VALUE   (LST)  VALUE       VALUE  FROM      YEAR
                                                  NORMAL
..................................................................
TEMPERATURE (F)
 YESTERDAY
  MAXIMUM         20   1159 PM  66    1938  36    -16       37
  MINIMUM         -1    632 AM -12    1905  21    -22       13
  AVERAGE         10                        28    -18       25

PRECIPITATION (IN)
  YESTERDAY        T                         0.08  -0.08     0.00
  MONTH TO DATE    1.26                      1.06   0.20     0.68
  SINCE DEC 1      7.06                      6.51   0.55     6.09
  SINCE JAN 1      4.75                      3.67   1.08     2.60

SNOWFALL (IN)
  YESTERDAY        T                         0.4   -0.4      0.0
  MONTH TO DATE    8.8                       4.8    4.0      8.7
  SINCE DEC 1     30.6                      27.4    3.2     40.3
  SINCE JUL 1     38.6                      30.8    7.8     51.0
  SNOW DEPTH       3

DEGREE DAYS
 HEATING
  YESTERDAY       55                        37     18       40
  MONTH TO DATE  537                       488     49      589
  SINCE DEC 1   2724                      2765    -41     2984
  SINCE JUL 1   4007                      4024    -17     4234

 COOLING
  YESTERDAY        0                         0      0        0
  MONTH TO DATE    0                         0      0        0
  SINCE DEC 1      0                         0      0        0
  SINCE JAN 1      0                         0      0        0
..................................................................


WIND (MPH)
  HIGHEST WIND SPEED    18   HIGHEST WIND DIRECTION    SW (210)
  HIGHEST GUST SPEED    23   HIGHEST GUST DIRECTION    SW (210)
  AVERAGE WIND SPEED     9.3


SKY COVER
  POSSIBLE SUNSHINE  MM
  AVERAGE SKY COVER 0.4


WEATHER CONDITIONS
 THE FOLLOWING WEATHER WAS RECORDED YESTERDAY.
  LIGHT SNOW


RELATIVE HUMIDITY (PERCENT)
 HIGHEST    75           100 AM
 LOWEST     49           500 PM
 AVERAGE    62

..........................................................


THE AKRON CANTON OH CLIMATE NORMALS FOR TODAY
                         NORMAL    RECORD    YEAR
 MAXIMUM TEMPERATURE (F)   36        63      1918
 MINIMUM TEMPERATURE (F)   21        -7      1905


SUNRISE AND SUNSET
FEBRUARY 14 2015......SUNRISE   722 AM EST   SUNSET   559 PM EST
FEBRUARY 15 2015......SUNRISE   720 AM EST   SUNSET   600 PM EST


-  INDICATES NEGATIVE NUMBERS.
R  INDICATES RECORD WAS SET OR TIED.
MM INDICATES DATA IS MISSING.
T  INDICATES TRACE AMOUNT.




$$
