000
CDUS41 KCLE 092214
CLICAK


CLIMATE REPORT
NATIONAL WEATHER SERVICE CLEVELAND OH
513 PM EST WED NOV 9 2016


...................................

...THE AKRON CANTON OH CLIMATE SUMMARY FOR NOVEMBER 9 2016...
VALID TODAY AS OF 0500 PM LOCAL TIME.

CLIMATE NORMAL PERIOD 1981 TO 2010
CLIMATE RECORD PERIOD 1887 TO 2016


WEATHER ITEM   OBSERVED TIME   RECORD YEAR NORMAL DEPARTURE LAST
                VALUE   (LST)  VALUE       VALUE  FROM      YEAR
                                                  NORMAL
..................................................................
TEMPERATURE (F)
 TODAY
  MAXIMUM         52   1236 AM  75    1975  52      0       60
  MINIMUM         46    217 PM  18    1991  36     10       31
  AVERAGE         49                        44      5       46

PRECIPITATION (IN)
  TODAY            0.33                      0.10   0.23     0.00
  MONTH TO DATE    0.66                      0.96  -0.30     0.33
  SINCE SEP 1     10.96                      7.24   3.72     6.76
  SINCE JAN 1     34.56                     34.44   0.12    36.10

SNOWFALL (IN)
  TODAY            0.0                       0.1   -0.1      0.0
  MONTH TO DATE    0.0                       0.5   -0.5      0.0
  SINCE SEP 1      0.0                       0.9   -0.9      0.0
  SINCE JUL 1      0.0                       0.9   -0.9      0.0
  SNOW DEPTH       0

DEGREE DAYS
 HEATING
  TODAY           16                        21     -5       19
  MONTH TO DATE   93                       177    -84       91
  SINCE SEP 1    400                       712   -312      460
  SINCE JUL 1    403                       732   -329      469

 COOLING
  TODAY            0                         0      0        0
  MONTH TO DATE    3                         0      3        5
  SINCE SEP 1    179                        70    109      174
  SINCE JAN 1   1133                       652    481      958
..................................................................


WIND (MPH)
  HIGHEST WIND SPEED    25   HIGHEST WIND DIRECTION     N (360)
  HIGHEST GUST SPEED    35   HIGHEST GUST DIRECTION     N (10)


SKY COVER
  POSSIBLE SUNSHINE  MM
  AVERAGE SKY COVER 1.0


WEATHER CONDITIONS
 THE FOLLOWING WEATHER WAS RECORDED TODAY.
  RAIN
  LIGHT RAIN
  FOG
  HAZE


RELATIVE HUMIDITY (PERCENT)
 HIGHEST    93           500 AM
 LOWEST     65           400 PM
 AVERAGE    79

..........................................................


THE AKRON CANTON OH CLIMATE NORMALS FOR TOMORROW
                         NORMAL    RECORD    YEAR
 MAXIMUM TEMPERATURE (F)   52        70      1998
 MINIMUM TEMPERATURE (F)   36        18      1991


SUNRISE AND SUNSET
NOVEMBER  9 2016......SUNRISE   706 AM EST   SUNSET   512 PM EST
NOVEMBER 10 2016......SUNRISE   708 AM EST   SUNSET   511 PM EST


-  INDICATES NEGATIVE NUMBERS.
R  INDICATES RECORD WAS SET OR TIED.
MM INDICATES DATA IS MISSING.
T  INDICATES TRACE AMOUNT.




$$
