000
CDUS41 KCLE 112218
CLICAK


CLIMATE REPORT
NATIONAL WEATHER SERVICE CLEVELAND OH
517 PM EST TUE NOV 11 2014


...................................

...THE AKRON CANTON OH CLIMATE SUMMARY FOR NOVEMBER 11 2014...
VALID TODAY AS OF 0500 PM LOCAL TIME.

CLIMATE NORMAL PERIOD 1981 TO 2010
CLIMATE RECORD PERIOD 1887 TO 2014


WEATHER ITEM   OBSERVED TIME   RECORD YEAR NORMAL DEPARTURE LAST
                VALUE   (LST)  VALUE       VALUE  FROM      YEAR
                                                  NORMAL
..................................................................
TEMPERATURE (F)
 TODAY
  MAXIMUM         68    307 PM  72    1915  51     17       47
  MINIMUM         50    747 AM  18    1957  36     14       32
  AVERAGE         59                        43     16       40

PRECIPITATION (IN)
  TODAY            0.00                      0.10  -0.10     0.17
  MONTH TO DATE    1.00                      1.17  -0.17     1.04
  SINCE SEP 1      6.02                      7.45  -1.43     9.53
  SINCE JAN 1     41.81                     34.65   7.16    36.60

SNOWFALL (IN)
  TODAY            0.0                       0.1   -0.1      0.6
  MONTH TO DATE    T                         0.7   -0.7      0.6
  SINCE SEP 1      T                         1.1   -1.1      0.6
  SINCE JUL 1      T                         1.1   -1.1      0.6
  SNOW DEPTH       0

DEGREE DAYS
 HEATING
  TODAY            6                        22    -16       25
  MONTH TO DATE  210                       220    -10      218
  SINCE SEP 1    652                       755   -103      669
  SINCE JUL 1    668                       775   -107      682

 COOLING
  TODAY            0                         0      0        0
  MONTH TO DATE    0                         0      0        0
  SINCE SEP 1     83                        70     13      105
  SINCE JAN 1    719                       652     67      829
..................................................................


WIND (MPH)
  HIGHEST WIND SPEED    24   HIGHEST WIND DIRECTION     S (200)
  HIGHEST GUST SPEED    32   HIGHEST GUST DIRECTION     S (190)


SKY COVER
  POSSIBLE SUNSHINE  MM
  AVERAGE SKY COVER 0.3


WEATHER CONDITIONS
 THE FOLLOWING WEATHER WAS RECORDED TODAY.
  NO SIGNIFICANT WEATHER WAS OBSERVED.


RELATIVE HUMIDITY (PERCENT)
 HIGHEST    54           400 AM
 LOWEST     44          1000 AM
 AVERAGE    49

..........................................................


THE AKRON CANTON OH CLIMATE NORMALS FOR TOMORROW
                         NORMAL    RECORD    YEAR
 MAXIMUM TEMPERATURE (F)   51        72      1949
 MINIMUM TEMPERATURE (F)   35        16      1950


SUNRISE AND SUNSET
NOVEMBER 11 2014......SUNRISE   708 AM EST   SUNSET   511 PM EST
NOVEMBER 12 2014......SUNRISE   709 AM EST   SUNSET   510 PM EST


-  INDICATES NEGATIVE NUMBERS.
R  INDICATES RECORD WAS SET OR TIED.
MM INDICATES DATA IS MISSING.
T  INDICATES TRACE AMOUNT.




$$
