000
CDUS41 KCLE 042119
CLICAK


CLIMATE REPORT
NATIONAL WEATHER SERVICE CLEVELAND OH
519 PM EDT THU SEP 4 2014


...................................

...THE AKRON CANTON OH CLIMATE SUMMARY FOR SEPTEMBER 4 2014...
VALID TODAY AS OF 0500 PM LOCAL TIME.

CLIMATE NORMAL PERIOD 1981 TO 2010
CLIMATE RECORD PERIOD 1887 TO 2014


WEATHER ITEM   OBSERVED TIME   RECORD YEAR NORMAL DEPARTURE LAST
                VALUE   (LST)  VALUE       VALUE  FROM      YEAR
                                                  NORMAL
..................................................................
TEMPERATURE (F)
 TODAY
  MAXIMUM         85    340 PM  95    1953  77      8       80
  MINIMUM         64    607 AM  43    1997  57      7       52
                                      1946
  AVERAGE         75                        67      8       66

PRECIPITATION (IN)
  TODAY            0.00                      0.12  -0.12     0.00
  MONTH TO DATE    0.02                      0.48  -0.46     0.61
  SINCE SEP 1      0.02                      0.48  -0.46     0.61
  SINCE JAN 1     35.81                     27.68   8.13    27.68

SNOWFALL (IN)
  TODAY            0.0                       0.0    0.0      0.0
  MONTH TO DATE    0.0                       0.0    0.0      0.0
  SINCE SEP 1      0.0                       0.0    0.0      0.0
  SINCE JUL 1      0.0                       0.0    0.0      0.0
  SNOW DEPTH       0

DEGREE DAYS
 HEATING
  TODAY            0                         1     -1        0
  MONTH TO DATE    0                         4     -4        5
  SINCE SEP 1      0                         4     -4        5
  SINCE JUL 1     16                        24     -8       18

 COOLING
  TODAY           10                         4      6        1
  MONTH TO DATE   37                        16     21       20
  SINCE SEP 1     37                        16     21       20
  SINCE JAN 1    673                       598     75      744
..................................................................


WIND (MPH)
  HIGHEST WIND SPEED    15   HIGHEST WIND DIRECTION    SW (220)
  HIGHEST GUST SPEED    16   HIGHEST GUST DIRECTION    SW (210)


SKY COVER
  POSSIBLE SUNSHINE  MM
  AVERAGE SKY COVER 0.5


WEATHER CONDITIONS
 THE FOLLOWING WEATHER WAS RECORDED TODAY.
  FOG
  HAZE


RELATIVE HUMIDITY (PERCENT)
 HIGHEST    87           300 AM
 LOWEST     40           100 PM
 AVERAGE    64

..........................................................


THE AKRON CANTON OH CLIMATE NORMALS FOR TOMORROW
                         NORMAL    RECORD    YEAR
 MAXIMUM TEMPERATURE (F)   77        98      1954
 MINIMUM TEMPERATURE (F)   57        43      1902


SUNRISE AND SUNSET
SEPTEMBER  4 2014.....SUNRISE   655 AM EDT   SUNSET   753 PM EDT
SEPTEMBER  5 2014.....SUNRISE   656 AM EDT   SUNSET   752 PM EDT


-  INDICATES NEGATIVE NUMBERS.
R  INDICATES RECORD WAS SET OR TIED.
MM INDICATES DATA IS MISSING.
T  INDICATES TRACE AMOUNT.




$$
