000
CDUS41 KCLE 052217
CLICAK


CLIMATE REPORT
NATIONAL WEATHER SERVICE CLEVELAND OH
517 PM EST FRI DEC 5 2014


...................................

...THE AKRON CANTON OH CLIMATE SUMMARY FOR DECEMBER 5 2014...
VALID TODAY AS OF 0500 PM LOCAL TIME.

CLIMATE NORMAL PERIOD 1981 TO 2010
CLIMATE RECORD PERIOD 1887 TO 2014


WEATHER ITEM   OBSERVED TIME   RECORD YEAR NORMAL DEPARTURE LAST
                VALUE   (LST)  VALUE       VALUE  FROM      YEAR
                                                  NORMAL
..................................................................
TEMPERATURE (F)
 TODAY
  MAXIMUM         40    359 PM  69    2001  40      0       60
  MINIMUM         30    105 AM   7    1991  27      3       34
  AVERAGE         35                        34      1       47

PRECIPITATION (IN)
  TODAY            T                         0.10  -0.10     0.06
  MONTH TO DATE    0.05                      0.49  -0.44     0.08
  SINCE DEC 1      0.05                      0.49  -0.44     0.08
  SINCE JAN 1     43.43                     37.27   6.16    38.78

SNOWFALL (IN)
  TODAY            T                         0.3   -0.3       T
  MONTH TO DATE    0.1                       1.3   -1.2       T
  SINCE DEC 1      0.1                       1.3   -1.2       T
  SINCE JUL 1      8.1                       4.7    3.4     10.7
  SNOW DEPTH       0

DEGREE DAYS
 HEATING
  TODAY           30                        31     -1       18
  MONTH TO DATE  157                       152      5      112
  SINCE DEC 1    157                       152      5      112
  SINCE JUL 1   1440                      1411     29     1362

 COOLING
  TODAY            0                         0      0        0
  MONTH TO DATE    0                         0      0        0
  SINCE DEC 1      0                         0      0        0
  SINCE JAN 1    719                       652     67      829
..................................................................


WIND (MPH)
  HIGHEST WIND SPEED    10   HIGHEST WIND DIRECTION    SE (150)
  HIGHEST GUST SPEED    13   HIGHEST GUST DIRECTION    SE (150)


SKY COVER
  POSSIBLE SUNSHINE  MM
  AVERAGE SKY COVER 1.0


WEATHER CONDITIONS
 THE FOLLOWING WEATHER WAS RECORDED TODAY.
  LIGHT RAIN
  FOG
  HAZE


RELATIVE HUMIDITY (PERCENT)
 HIGHEST    92           500 PM
 LOWEST     64           400 AM
 AVERAGE    78

..........................................................


THE AKRON CANTON OH CLIMATE NORMALS FOR TOMORROW
                         NORMAL    RECORD    YEAR
 MAXIMUM TEMPERATURE (F)   40        67      1998
 MINIMUM TEMPERATURE (F)   27         5      1977


SUNRISE AND SUNSET
DECEMBER  5 2014......SUNRISE   735 AM EST   SUNSET   458 PM EST
DECEMBER  6 2014......SUNRISE   736 AM EST   SUNSET   458 PM EST


-  INDICATES NEGATIVE NUMBERS.
R  INDICATES RECORD WAS SET OR TIED.
MM INDICATES DATA IS MISSING.
T  INDICATES TRACE AMOUNT.




$$
