000
CDUS41 KCLE 022216
CLICAK


CLIMATE REPORT
NATIONAL WEATHER SERVICE CLEVELAND OH
515 PM EST THU MAR 2 2017


...................................

...THE AKRON CANTON OH CLIMATE SUMMARY FOR MARCH 2 2017...
VALID TODAY AS OF 0500 PM LOCAL TIME.

CLIMATE NORMAL PERIOD 1981 TO 2010
CLIMATE RECORD PERIOD 1887 TO 2017


WEATHER ITEM   OBSERVED TIME   RECORD YEAR NORMAL DEPARTURE LAST
                VALUE   (LST)  VALUE       VALUE  FROM      YEAR
                                                  NORMAL
..................................................................
TEMPERATURE (F)
 TODAY
  MAXIMUM         39    225 PM  69    1991  41     -2       28
  MINIMUM         28    323 AM  -3    1980  24      4       21
  AVERAGE         34                        33      1       25

PRECIPITATION (IN)
  TODAY            0.01                      0.08  -0.07     0.02
  MONTH TO DATE    0.46                      0.17   0.29     0.32
  SINCE MAR 1      0.46                      0.17   0.29     0.32
  SINCE JAN 1      8.97                      5.09   3.88     4.91

SNOWFALL (IN)
  TODAY            0.1                       0.4   -0.3      0.5
  MONTH TO DATE    0.1                       0.7   -0.6      0.5
  SINCE MAR 1      0.1                       0.7   -0.6      0.5
  SINCE JUL 1     21.3                      37.2  -15.9     23.2
  SNOW DEPTH       0

DEGREE DAYS
 HEATING
  TODAY           31                        32     -1       40
  MONTH TO DATE   49                        65    -16       62
  SINCE MAR 1     49                        65    -16       62
  SINCE JUL 1   3649                      4609   -960     3709

 COOLING
  TODAY            0                         0      0        0
  MONTH TO DATE    0                         0      0        0
  SINCE MAR 1      0                         0      0        0
  SINCE JAN 1      2                         0      2        0
..................................................................


WIND (MPH)
  HIGHEST WIND SPEED    35   HIGHEST WIND DIRECTION     W (290)
  HIGHEST GUST SPEED    50   HIGHEST GUST DIRECTION     W (290)


SKY COVER
  POSSIBLE SUNSHINE  MM
  AVERAGE SKY COVER 0.9


WEATHER CONDITIONS
 THE FOLLOWING WEATHER WAS RECORDED TODAY.
  LIGHT SNOW
  HAZE
  BLOWING SNOW


RELATIVE HUMIDITY (PERCENT)
 HIGHEST    75           400 AM
 LOWEST     52           200 PM
 AVERAGE    64

..........................................................


THE AKRON CANTON OH CLIMATE NORMALS FOR TOMORROW
                         NORMAL    RECORD    YEAR
 MAXIMUM TEMPERATURE (F)   41        74      1974
 MINIMUM TEMPERATURE (F)   25        -2      1943


SUNRISE AND SUNSET
MARCH  2 2017.........SUNRISE   658 AM EST   SUNSET   618 PM EST
MARCH  3 2017.........SUNRISE   656 AM EST   SUNSET   619 PM EST


-  INDICATES NEGATIVE NUMBERS.
R  INDICATES RECORD WAS SET OR TIED.
MM INDICATES DATA IS MISSING.
T  INDICATES TRACE AMOUNT.




$$
